{"id":1106,"date":"2022-12-21T13:39:54","date_gmt":"2022-12-21T12:39:54","guid":{"rendered":"http:\/\/etanec.fr\/?post_type=product&#038;p=1106"},"modified":"2022-12-21T13:39:54","modified_gmt":"2022-12-21T12:39:54","slug":"lance-detancheite-raptor-1150","status":"publish","type":"product","link":"http:\/\/etanec.fr\/index.php\/produit\/lance-detancheite-raptor-1150\/","title":{"rendered":"Lance d\u2019\u00e9tanch\u00e9it\u00e9 Raptor 1150"},"content":{"rendered":"<p>Avec cette nouvelle\u00a0<strong>lance d\u2019\u00e9tanch\u00e9it\u00e9<\/strong>\u00a0destin\u00e9e au chalumeau Raptor, il est possible pour\u00a0<strong>l\u2019\u00e9tancheur<\/strong>\u00a0de travailler \u00ab en plein \u00bb et d\u2019aborder des chantiers de surfaces plus importantes que par le pass\u00e9, tout en profitant d\u2019une puissance hors normes.<\/p>\n<ul>\n<li><span class=\"label-attri\">Puissance (kW)<\/span> : 162<\/li>\n<li><span class=\"label-attri\">Diam\u00e8tre du br\u00fbleur (mm)<\/span> : 50<\/li>\n<li><span class=\"label-attri\">Poids (g)<\/span> : 380<\/li>\n<li><span class=\"label-attri\">Consommation gaz (Kg\/h)<\/span>\u00a0: 11,8<\/li>\n<\/ul>\n","protected":false},"excerpt":{"rendered":"<p>Avec cette nouvelle\u00a0<strong>lance d\u2019\u00e9tanch\u00e9it\u00e9<\/strong>\u00a0destin\u00e9e au chalumeau Raptor, il est possible pour\u00a0<strong>l\u2019\u00e9tancheur<\/strong>\u00a0de travailler \u00ab en plein \u00bb et d\u2019aborder des chantiers de surfaces plus importantes que par le pass\u00e9, tout en profitant d\u2019une puissance hors normes.<\/p>\n<ul>\n<li><span class=\"label-attri\">Puissance (kW)<\/span> : 162<\/li>\n<li><span class=\"label-attri\">Diam\u00e8tre du br\u00fbleur (mm)<\/span> : 50<\/li>\n<li><span class=\"label-attri\">Poids (g)<\/span> : 380<\/li>\n<li><span class=\"label-attri\">Consommation gaz (Kg\/h)<\/span>\u00a0: 11,8<\/li>\n<\/ul>\n","protected":false},"featured_media":1107,"comment_status":"open","ping_status":"closed","template":"","meta":{"_monsterinsights_skip_tracking":false,"_monsterinsights_sitenote_active":false,"_monsterinsights_sitenote_note":"","_monsterinsights_sitenote_category":0,"jetpack_publicize_message":"","jetpack_publicize_feature_enabled":true,"jetpack_social_post_already_shared":false,"jetpack_social_options":{"image_generator_settings":{"template":"highway","default_image_id":0,"font":"","enabled":false},"version":2}},"product_brand":[],"product_cat":[87],"product_tag":[],"class_list":{"0":"post-1106","1":"product","2":"type-product","3":"status-publish","6":"product_cat-accessoires-express","8":"first","9":"instock","10":"taxable","11":"shipping-taxable","12":"product-type-simple"},"yoast_head":"<!-- This site is optimized with the Yoast SEO plugin v26.6 - https:\/\/yoast.com\/wordpress\/plugins\/seo\/ -->\n<title>Lance d\u2019\u00e9tanch\u00e9it\u00e9 Raptor 1150 - ETANEC<\/title>\n<meta name=\"robots\" content=\"index, follow, max-snippet:-1, max-image-preview:large, max-video-preview:-1\" \/>\n<link rel=\"canonical\" href=\"http:\/\/etanec.fr\/index.php\/produit\/lance-detancheite-raptor-1150\/\" \/>\n<meta property=\"og:locale\" content=\"fr_FR\" \/>\n<meta property=\"og:type\" content=\"article\" \/>\n<meta property=\"og:title\" content=\"Lance d\u2019\u00e9tanch\u00e9it\u00e9 Raptor 1150 - ETANEC\" \/>\n<meta property=\"og:description\" content=\"Avec cette nouvelle\u00a0lance d\u2019\u00e9tanch\u00e9it\u00e9\u00a0destin\u00e9e au chalumeau Raptor, il est possible pour\u00a0l\u2019\u00e9tancheur\u00a0de travailler \u00ab en plein \u00bb et d\u2019aborder des chantiers de surfaces plus importantes que par le pass\u00e9, tout en profitant d\u2019une puissance hors normes.   Puissance (kW) : 162  Diam\u00e8tre du br\u00fbleur (mm) : 50  Poids (g) : 380  Consommation gaz (Kg\/h)\u00a0: 11,8\" \/>\n<meta property=\"og:url\" content=\"http:\/\/etanec.fr\/index.php\/produit\/lance-detancheite-raptor-1150\/\" \/>\n<meta property=\"og:site_name\" content=\"ETANEC\" \/>\n<meta property=\"og:image\" content=\"https:\/\/i0.wp.com\/etanec.fr\/wp-content\/uploads\/2022\/11\/1150_Lance_150kW_profil-450x168-1.jpg?fit=450%2C450\" \/>\n\t<meta property=\"og:image:width\" content=\"450\" \/>\n\t<meta property=\"og:image:height\" content=\"450\" \/>\n\t<meta property=\"og:image:type\" content=\"image\/jpeg\" \/>\n<meta name=\"twitter:card\" content=\"summary_large_image\" \/>\n<meta name=\"twitter:label1\" content=\"Dur\u00e9e de lecture estim\u00e9e\" \/>\n\t<meta name=\"twitter:data1\" content=\"1 minute\" \/>\n<script type=\"application\/ld+json\" class=\"yoast-schema-graph\">{\"@context\":\"https:\/\/schema.org\",\"@graph\":[{\"@type\":\"WebPage\",\"@id\":\"http:\/\/etanec.fr\/index.php\/produit\/lance-detancheite-raptor-1150\/\",\"url\":\"http:\/\/etanec.fr\/index.php\/produit\/lance-detancheite-raptor-1150\/\",\"name\":\"Lance d\u2019\u00e9tanch\u00e9it\u00e9 Raptor 1150 - ETANEC\",\"isPartOf\":{\"@id\":\"http:\/\/etanec.fr\/#website\"},\"primaryImageOfPage\":{\"@id\":\"http:\/\/etanec.fr\/index.php\/produit\/lance-detancheite-raptor-1150\/#primaryimage\"},\"image\":{\"@id\":\"http:\/\/etanec.fr\/index.php\/produit\/lance-detancheite-raptor-1150\/#primaryimage\"},\"thumbnailUrl\":\"https:\/\/i0.wp.com\/etanec.fr\/wp-content\/uploads\/2022\/11\/1150_Lance_150kW_profil-450x168-1.jpg?fit=450%2C450\",\"datePublished\":\"2022-12-21T12:39:54+00:00\",\"breadcrumb\":{\"@id\":\"http:\/\/etanec.fr\/index.php\/produit\/lance-detancheite-raptor-1150\/#breadcrumb\"},\"inLanguage\":\"fr-FR\",\"potentialAction\":[{\"@type\":\"ReadAction\",\"target\":[\"http:\/\/etanec.fr\/index.php\/produit\/lance-detancheite-raptor-1150\/\"]}]},{\"@type\":\"ImageObject\",\"inLanguage\":\"fr-FR\",\"@id\":\"http:\/\/etanec.fr\/index.php\/produit\/lance-detancheite-raptor-1150\/#primaryimage\",\"url\":\"https:\/\/i0.wp.com\/etanec.fr\/wp-content\/uploads\/2022\/11\/1150_Lance_150kW_profil-450x168-1.jpg?fit=450%2C450\",\"contentUrl\":\"https:\/\/i0.wp.com\/etanec.fr\/wp-content\/uploads\/2022\/11\/1150_Lance_150kW_profil-450x168-1.jpg?fit=450%2C450\",\"width\":450,\"height\":450},{\"@type\":\"BreadcrumbList\",\"@id\":\"http:\/\/etanec.fr\/index.php\/produit\/lance-detancheite-raptor-1150\/#breadcrumb\",\"itemListElement\":[{\"@type\":\"ListItem\",\"position\":1,\"name\":\"Accueil\",\"item\":\"http:\/\/etanec.fr\/\"},{\"@type\":\"ListItem\",\"position\":2,\"name\":\"Gamme de produits\",\"item\":\"http:\/\/etanec.fr\/index.php\/boutique\/\"},{\"@type\":\"ListItem\",\"position\":3,\"name\":\"Lance d\u2019\u00e9tanch\u00e9it\u00e9 Raptor 1150\"}]},{\"@type\":\"WebSite\",\"@id\":\"http:\/\/etanec.fr\/#website\",\"url\":\"http:\/\/etanec.fr\/\",\"name\":\"etanec.fr\",\"description\":\"Votre Solution en Outillage &amp; Fixation Enveloppe du batiment\",\"publisher\":{\"@id\":\"http:\/\/etanec.fr\/#organization\"},\"potentialAction\":[{\"@type\":\"SearchAction\",\"target\":{\"@type\":\"EntryPoint\",\"urlTemplate\":\"http:\/\/etanec.fr\/?s={search_term_string}\"},\"query-input\":{\"@type\":\"PropertyValueSpecification\",\"valueRequired\":true,\"valueName\":\"search_term_string\"}}],\"inLanguage\":\"fr-FR\"},{\"@type\":\"Organization\",\"@id\":\"http:\/\/etanec.fr\/#organization\",\"name\":\"etanec.fr\",\"url\":\"http:\/\/etanec.fr\/\",\"logo\":{\"@type\":\"ImageObject\",\"inLanguage\":\"fr-FR\",\"@id\":\"http:\/\/etanec.fr\/#\/schema\/logo\/image\/\",\"url\":\"https:\/\/i0.wp.com\/etanec.fr\/wp-content\/uploads\/2017\/11\/cropped-cropped-cropped-ETANEC-LOGO-2017-RVBTRANSP-HD-e1509965316759.png?fit=350%2C75\",\"contentUrl\":\"https:\/\/i0.wp.com\/etanec.fr\/wp-content\/uploads\/2017\/11\/cropped-cropped-cropped-ETANEC-LOGO-2017-RVBTRANSP-HD-e1509965316759.png?fit=350%2C75\",\"width\":350,\"height\":75,\"caption\":\"etanec.fr\"},\"image\":{\"@id\":\"http:\/\/etanec.fr\/#\/schema\/logo\/image\/\"},\"sameAs\":[\"https:\/\/www.linkedin.com\/company\/etanecgroup\/?viewAsMember=true\"]}]}<\/script>\n<!-- \/ Yoast SEO plugin. -->","yoast_head_json":{"title":"Lance d\u2019\u00e9tanch\u00e9it\u00e9 Raptor 1150 - ETANEC","robots":{"index":"index","follow":"follow","max-snippet":"max-snippet:-1","max-image-preview":"max-image-preview:large","max-video-preview":"max-video-preview:-1"},"canonical":"http:\/\/etanec.fr\/index.php\/produit\/lance-detancheite-raptor-1150\/","og_locale":"fr_FR","og_type":"article","og_title":"Lance d\u2019\u00e9tanch\u00e9it\u00e9 Raptor 1150 - ETANEC","og_description":"Avec cette nouvelle\u00a0lance d\u2019\u00e9tanch\u00e9it\u00e9\u00a0destin\u00e9e au chalumeau Raptor, il est possible pour\u00a0l\u2019\u00e9tancheur\u00a0de travailler \u00ab en plein \u00bb et d\u2019aborder des chantiers de surfaces plus importantes que par le pass\u00e9, tout en profitant d\u2019une puissance hors normes.   Puissance (kW) : 162  Diam\u00e8tre du br\u00fbleur (mm) : 50  Poids (g) : 380  Consommation gaz (Kg\/h)\u00a0: 11,8","og_url":"http:\/\/etanec.fr\/index.php\/produit\/lance-detancheite-raptor-1150\/","og_site_name":"ETANEC","og_image":[{"width":450,"height":450,"url":"https:\/\/i0.wp.com\/etanec.fr\/wp-content\/uploads\/2022\/11\/1150_Lance_150kW_profil-450x168-1.jpg?fit=450%2C450","type":"image\/jpeg"}],"twitter_card":"summary_large_image","twitter_misc":{"Dur\u00e9e de lecture estim\u00e9e":"1 minute"},"schema":{"@context":"https:\/\/schema.org","@graph":[{"@type":"WebPage","@id":"http:\/\/etanec.fr\/index.php\/produit\/lance-detancheite-raptor-1150\/","url":"http:\/\/etanec.fr\/index.php\/produit\/lance-detancheite-raptor-1150\/","name":"Lance d\u2019\u00e9tanch\u00e9it\u00e9 Raptor 1150 - ETANEC","isPartOf":{"@id":"http:\/\/etanec.fr\/#website"},"primaryImageOfPage":{"@id":"http:\/\/etanec.fr\/index.php\/produit\/lance-detancheite-raptor-1150\/#primaryimage"},"image":{"@id":"http:\/\/etanec.fr\/index.php\/produit\/lance-detancheite-raptor-1150\/#primaryimage"},"thumbnailUrl":"https:\/\/i0.wp.com\/etanec.fr\/wp-content\/uploads\/2022\/11\/1150_Lance_150kW_profil-450x168-1.jpg?fit=450%2C450","datePublished":"2022-12-21T12:39:54+00:00","breadcrumb":{"@id":"http:\/\/etanec.fr\/index.php\/produit\/lance-detancheite-raptor-1150\/#breadcrumb"},"inLanguage":"fr-FR","potentialAction":[{"@type":"ReadAction","target":["http:\/\/etanec.fr\/index.php\/produit\/lance-detancheite-raptor-1150\/"]}]},{"@type":"ImageObject","inLanguage":"fr-FR","@id":"http:\/\/etanec.fr\/index.php\/produit\/lance-detancheite-raptor-1150\/#primaryimage","url":"https:\/\/i0.wp.com\/etanec.fr\/wp-content\/uploads\/2022\/11\/1150_Lance_150kW_profil-450x168-1.jpg?fit=450%2C450","contentUrl":"https:\/\/i0.wp.com\/etanec.fr\/wp-content\/uploads\/2022\/11\/1150_Lance_150kW_profil-450x168-1.jpg?fit=450%2C450","width":450,"height":450},{"@type":"BreadcrumbList","@id":"http:\/\/etanec.fr\/index.php\/produit\/lance-detancheite-raptor-1150\/#breadcrumb","itemListElement":[{"@type":"ListItem","position":1,"name":"Accueil","item":"http:\/\/etanec.fr\/"},{"@type":"ListItem","position":2,"name":"Gamme de produits","item":"http:\/\/etanec.fr\/index.php\/boutique\/"},{"@type":"ListItem","position":3,"name":"Lance d\u2019\u00e9tanch\u00e9it\u00e9 Raptor 1150"}]},{"@type":"WebSite","@id":"http:\/\/etanec.fr\/#website","url":"http:\/\/etanec.fr\/","name":"etanec.fr","description":"Votre Solution en Outillage &amp; Fixation Enveloppe du batiment","publisher":{"@id":"http:\/\/etanec.fr\/#organization"},"potentialAction":[{"@type":"SearchAction","target":{"@type":"EntryPoint","urlTemplate":"http:\/\/etanec.fr\/?s={search_term_string}"},"query-input":{"@type":"PropertyValueSpecification","valueRequired":true,"valueName":"search_term_string"}}],"inLanguage":"fr-FR"},{"@type":"Organization","@id":"http:\/\/etanec.fr\/#organization","name":"etanec.fr","url":"http:\/\/etanec.fr\/","logo":{"@type":"ImageObject","inLanguage":"fr-FR","@id":"http:\/\/etanec.fr\/#\/schema\/logo\/image\/","url":"https:\/\/i0.wp.com\/etanec.fr\/wp-content\/uploads\/2017\/11\/cropped-cropped-cropped-ETANEC-LOGO-2017-RVBTRANSP-HD-e1509965316759.png?fit=350%2C75","contentUrl":"https:\/\/i0.wp.com\/etanec.fr\/wp-content\/uploads\/2017\/11\/cropped-cropped-cropped-ETANEC-LOGO-2017-RVBTRANSP-HD-e1509965316759.png?fit=350%2C75","width":350,"height":75,"caption":"etanec.fr"},"image":{"@id":"http:\/\/etanec.fr\/#\/schema\/logo\/image\/"},"sameAs":["https:\/\/www.linkedin.com\/company\/etanecgroup\/?viewAsMember=true"]}]}},"jetpack_publicize_connections":[],"jetpack_sharing_enabled":true,"_links":{"self":[{"href":"http:\/\/etanec.fr\/index.php\/wp-json\/wp\/v2\/product\/1106","targetHints":{"allow":["GET"]}}],"collection":[{"href":"http:\/\/etanec.fr\/index.php\/wp-json\/wp\/v2\/product"}],"about":[{"href":"http:\/\/etanec.fr\/index.php\/wp-json\/wp\/v2\/types\/product"}],"replies":[{"embeddable":true,"href":"http:\/\/etanec.fr\/index.php\/wp-json\/wp\/v2\/comments?post=1106"}],"version-history":[{"count":1,"href":"http:\/\/etanec.fr\/index.php\/wp-json\/wp\/v2\/product\/1106\/revisions"}],"predecessor-version":[{"id":1108,"href":"http:\/\/etanec.fr\/index.php\/wp-json\/wp\/v2\/product\/1106\/revisions\/1108"}],"wp:featuredmedia":[{"embeddable":true,"href":"http:\/\/etanec.fr\/index.php\/wp-json\/wp\/v2\/media\/1107"}],"wp:attachment":[{"href":"http:\/\/etanec.fr\/index.php\/wp-json\/wp\/v2\/media?parent=1106"}],"wp:term":[{"taxonomy":"product_brand","embeddable":true,"href":"http:\/\/etanec.fr\/index.php\/wp-json\/wp\/v2\/product_brand?post=1106"},{"taxonomy":"product_cat","embeddable":true,"href":"http:\/\/etanec.fr\/index.php\/wp-json\/wp\/v2\/product_cat?post=1106"},{"taxonomy":"product_tag","embeddable":true,"href":"http:\/\/etanec.fr\/index.php\/wp-json\/wp\/v2\/product_tag?post=1106"}],"curies":[{"name":"wp","href":"https:\/\/api.w.org\/{rel}","templated":true}]}}