{"id":2804,"date":"2023-03-31T13:29:56","date_gmt":"2023-03-31T11:29:56","guid":{"rendered":"http:\/\/etanec.fr\/?post_type=product&#038;p=2804"},"modified":"2023-03-31T13:29:56","modified_gmt":"2023-03-31T11:29:56","slug":"tuyau-tricoflex-15-bars","status":"publish","type":"product","link":"http:\/\/etanec.fr\/index.php\/produit\/tuyau-tricoflex-15-bars\/","title":{"rendered":"Tuyau Tricoflex 15 bars"},"content":{"rendered":"<p>Tuyau tr\u00e8s polyvalent Tricoclair renforc\u00e9, adapt\u00e9 \u00e0 de nombreux usages et \u00e0 plusieurs secteurs d&rsquo;activit\u00e9. Permet d&rsquo;alimenter vos machines et outillages en air comprim\u00e9, de faire passer du\u00a0gaz industriel\u00a0ou des produits alimentaires\u00a0ou encore de transf\u00e9rer certains produits chimiques.<\/p>\n<p>Dot\u00e9 d&rsquo;une\u00a0protection anti-UV sup\u00e9rieure\u00a0pour conserver sa\u00a0grande transparence\u00a0et peut supporter des cycles longs et fr\u00e9quents d&rsquo;impulsion de pression.<\/p>\n","protected":false},"excerpt":{"rendered":"<p>Tuyau tr\u00e8s polyvalent Tricoclair renforc\u00e9, adapt\u00e9 \u00e0 de nombreux usages et \u00e0 plusieurs secteurs d&rsquo;activit\u00e9. Permet d&rsquo;alimenter vos machines et outillages en air comprim\u00e9, de faire passer du\u00a0gaz industriel\u00a0ou des produits alimentaires\u00a0ou encore de transf\u00e9rer certains produits chimiques.<\/p>\n<p>Dot\u00e9 d&rsquo;une\u00a0protection anti-UV sup\u00e9rieure\u00a0pour conserver sa\u00a0grande transparence\u00a0et peut supporter des cycles longs et fr\u00e9quents d&rsquo;impulsion de pression.<\/p>\n","protected":false},"featured_media":2805,"comment_status":"open","ping_status":"closed","template":"","meta":{"_monsterinsights_skip_tracking":false,"_monsterinsights_sitenote_active":false,"_monsterinsights_sitenote_note":"","_monsterinsights_sitenote_category":0,"jetpack_publicize_message":"","jetpack_publicize_feature_enabled":true,"jetpack_social_post_already_shared":false,"jetpack_social_options":{"image_generator_settings":{"template":"highway","default_image_id":0,"font":"","enabled":false},"version":2}},"product_brand":[],"product_cat":[75],"product_tag":[],"class_list":{"0":"post-2804","1":"product","2":"type-product","3":"status-publish","6":"product_cat-atelier-chantier","8":"first","9":"instock","10":"taxable","11":"shipping-taxable","12":"purchasable","13":"product-type-variable"},"yoast_head":"<!-- This site is optimized with the Yoast SEO plugin v26.6 - https:\/\/yoast.com\/wordpress\/plugins\/seo\/ -->\n<title>Tuyau Tricoflex 15 bars - ETANEC<\/title>\n<meta name=\"robots\" content=\"index, follow, max-snippet:-1, max-image-preview:large, max-video-preview:-1\" \/>\n<link rel=\"canonical\" href=\"http:\/\/etanec.fr\/index.php\/produit\/tuyau-tricoflex-15-bars\/\" \/>\n<meta property=\"og:locale\" content=\"fr_FR\" \/>\n<meta property=\"og:type\" content=\"article\" \/>\n<meta property=\"og:title\" content=\"Tuyau Tricoflex 15 bars - ETANEC\" \/>\n<meta property=\"og:description\" content=\"Tuyau tr\u00e8s polyvalent Tricoclair renforc\u00e9, adapt\u00e9 \u00e0 de nombreux usages et \u00e0 plusieurs secteurs d&#039;activit\u00e9. Permet d&#039;alimenter vos machines et outillages en air comprim\u00e9, de faire passer du\u00a0gaz industriel\u00a0ou des produits alimentaires\u00a0ou encore de transf\u00e9rer certains produits chimiques.  Dot\u00e9 d&#039;une\u00a0protection anti-UV sup\u00e9rieure\u00a0pour conserver sa\u00a0grande transparence\u00a0et peut supporter des cycles longs et fr\u00e9quents d&#039;impulsion de pression.\" \/>\n<meta property=\"og:url\" content=\"http:\/\/etanec.fr\/index.php\/produit\/tuyau-tricoflex-15-bars\/\" \/>\n<meta property=\"og:site_name\" content=\"ETANEC\" \/>\n<meta property=\"og:image\" content=\"https:\/\/i0.wp.com\/etanec.fr\/wp-content\/uploads\/2022\/12\/125_610x610.jpg?fit=610%2C610\" \/>\n\t<meta property=\"og:image:width\" content=\"610\" \/>\n\t<meta property=\"og:image:height\" content=\"610\" \/>\n\t<meta property=\"og:image:type\" content=\"image\/jpeg\" \/>\n<meta name=\"twitter:card\" content=\"summary_large_image\" \/>\n<meta name=\"twitter:label1\" content=\"Dur\u00e9e de lecture estim\u00e9e\" \/>\n\t<meta name=\"twitter:data1\" content=\"1 minute\" \/>\n<script type=\"application\/ld+json\" class=\"yoast-schema-graph\">{\"@context\":\"https:\/\/schema.org\",\"@graph\":[{\"@type\":\"WebPage\",\"@id\":\"http:\/\/etanec.fr\/index.php\/produit\/tuyau-tricoflex-15-bars\/\",\"url\":\"http:\/\/etanec.fr\/index.php\/produit\/tuyau-tricoflex-15-bars\/\",\"name\":\"Tuyau Tricoflex 15 bars - ETANEC\",\"isPartOf\":{\"@id\":\"https:\/\/etanec.fr\/#website\"},\"primaryImageOfPage\":{\"@id\":\"http:\/\/etanec.fr\/index.php\/produit\/tuyau-tricoflex-15-bars\/#primaryimage\"},\"image\":{\"@id\":\"http:\/\/etanec.fr\/index.php\/produit\/tuyau-tricoflex-15-bars\/#primaryimage\"},\"thumbnailUrl\":\"https:\/\/i0.wp.com\/etanec.fr\/wp-content\/uploads\/2022\/12\/125_610x610.jpg?fit=610%2C610\",\"datePublished\":\"2023-03-31T11:29:56+00:00\",\"breadcrumb\":{\"@id\":\"http:\/\/etanec.fr\/index.php\/produit\/tuyau-tricoflex-15-bars\/#breadcrumb\"},\"inLanguage\":\"fr-FR\",\"potentialAction\":[{\"@type\":\"ReadAction\",\"target\":[\"http:\/\/etanec.fr\/index.php\/produit\/tuyau-tricoflex-15-bars\/\"]}]},{\"@type\":\"ImageObject\",\"inLanguage\":\"fr-FR\",\"@id\":\"http:\/\/etanec.fr\/index.php\/produit\/tuyau-tricoflex-15-bars\/#primaryimage\",\"url\":\"https:\/\/i0.wp.com\/etanec.fr\/wp-content\/uploads\/2022\/12\/125_610x610.jpg?fit=610%2C610\",\"contentUrl\":\"https:\/\/i0.wp.com\/etanec.fr\/wp-content\/uploads\/2022\/12\/125_610x610.jpg?fit=610%2C610\",\"width\":610,\"height\":610},{\"@type\":\"BreadcrumbList\",\"@id\":\"http:\/\/etanec.fr\/index.php\/produit\/tuyau-tricoflex-15-bars\/#breadcrumb\",\"itemListElement\":[{\"@type\":\"ListItem\",\"position\":1,\"name\":\"Accueil\",\"item\":\"https:\/\/etanec.fr\/\"},{\"@type\":\"ListItem\",\"position\":2,\"name\":\"Gamme de produits\",\"item\":\"https:\/\/etanec.fr\/index.php\/boutique\/\"},{\"@type\":\"ListItem\",\"position\":3,\"name\":\"Tuyau Tricoflex 15 bars\"}]},{\"@type\":\"WebSite\",\"@id\":\"https:\/\/etanec.fr\/#website\",\"url\":\"https:\/\/etanec.fr\/\",\"name\":\"etanec.fr\",\"description\":\"Votre Solution en Outillage &amp; Fixation Enveloppe du batiment\",\"publisher\":{\"@id\":\"https:\/\/etanec.fr\/#organization\"},\"potentialAction\":[{\"@type\":\"SearchAction\",\"target\":{\"@type\":\"EntryPoint\",\"urlTemplate\":\"https:\/\/etanec.fr\/?s={search_term_string}\"},\"query-input\":{\"@type\":\"PropertyValueSpecification\",\"valueRequired\":true,\"valueName\":\"search_term_string\"}}],\"inLanguage\":\"fr-FR\"},{\"@type\":\"Organization\",\"@id\":\"https:\/\/etanec.fr\/#organization\",\"name\":\"etanec.fr\",\"url\":\"https:\/\/etanec.fr\/\",\"logo\":{\"@type\":\"ImageObject\",\"inLanguage\":\"fr-FR\",\"@id\":\"https:\/\/etanec.fr\/#\/schema\/logo\/image\/\",\"url\":\"https:\/\/i0.wp.com\/etanec.fr\/wp-content\/uploads\/2017\/11\/cropped-cropped-cropped-ETANEC-LOGO-2017-RVBTRANSP-HD-e1509965316759.png?fit=350%2C75\",\"contentUrl\":\"https:\/\/i0.wp.com\/etanec.fr\/wp-content\/uploads\/2017\/11\/cropped-cropped-cropped-ETANEC-LOGO-2017-RVBTRANSP-HD-e1509965316759.png?fit=350%2C75\",\"width\":350,\"height\":75,\"caption\":\"etanec.fr\"},\"image\":{\"@id\":\"https:\/\/etanec.fr\/#\/schema\/logo\/image\/\"},\"sameAs\":[\"https:\/\/www.linkedin.com\/company\/etanecgroup\/?viewAsMember=true\"]}]}<\/script>\n<!-- \/ Yoast SEO plugin. -->","yoast_head_json":{"title":"Tuyau Tricoflex 15 bars - ETANEC","robots":{"index":"index","follow":"follow","max-snippet":"max-snippet:-1","max-image-preview":"max-image-preview:large","max-video-preview":"max-video-preview:-1"},"canonical":"http:\/\/etanec.fr\/index.php\/produit\/tuyau-tricoflex-15-bars\/","og_locale":"fr_FR","og_type":"article","og_title":"Tuyau Tricoflex 15 bars - ETANEC","og_description":"Tuyau tr\u00e8s polyvalent Tricoclair renforc\u00e9, adapt\u00e9 \u00e0 de nombreux usages et \u00e0 plusieurs secteurs d'activit\u00e9. Permet d'alimenter vos machines et outillages en air comprim\u00e9, de faire passer du\u00a0gaz industriel\u00a0ou des produits alimentaires\u00a0ou encore de transf\u00e9rer certains produits chimiques.  Dot\u00e9 d'une\u00a0protection anti-UV sup\u00e9rieure\u00a0pour conserver sa\u00a0grande transparence\u00a0et peut supporter des cycles longs et fr\u00e9quents d'impulsion de pression.","og_url":"http:\/\/etanec.fr\/index.php\/produit\/tuyau-tricoflex-15-bars\/","og_site_name":"ETANEC","og_image":[{"width":610,"height":610,"url":"https:\/\/i0.wp.com\/etanec.fr\/wp-content\/uploads\/2022\/12\/125_610x610.jpg?fit=610%2C610","type":"image\/jpeg"}],"twitter_card":"summary_large_image","twitter_misc":{"Dur\u00e9e de lecture estim\u00e9e":"1 minute"},"schema":{"@context":"https:\/\/schema.org","@graph":[{"@type":"WebPage","@id":"http:\/\/etanec.fr\/index.php\/produit\/tuyau-tricoflex-15-bars\/","url":"http:\/\/etanec.fr\/index.php\/produit\/tuyau-tricoflex-15-bars\/","name":"Tuyau Tricoflex 15 bars - ETANEC","isPartOf":{"@id":"https:\/\/etanec.fr\/#website"},"primaryImageOfPage":{"@id":"http:\/\/etanec.fr\/index.php\/produit\/tuyau-tricoflex-15-bars\/#primaryimage"},"image":{"@id":"http:\/\/etanec.fr\/index.php\/produit\/tuyau-tricoflex-15-bars\/#primaryimage"},"thumbnailUrl":"https:\/\/i0.wp.com\/etanec.fr\/wp-content\/uploads\/2022\/12\/125_610x610.jpg?fit=610%2C610","datePublished":"2023-03-31T11:29:56+00:00","breadcrumb":{"@id":"http:\/\/etanec.fr\/index.php\/produit\/tuyau-tricoflex-15-bars\/#breadcrumb"},"inLanguage":"fr-FR","potentialAction":[{"@type":"ReadAction","target":["http:\/\/etanec.fr\/index.php\/produit\/tuyau-tricoflex-15-bars\/"]}]},{"@type":"ImageObject","inLanguage":"fr-FR","@id":"http:\/\/etanec.fr\/index.php\/produit\/tuyau-tricoflex-15-bars\/#primaryimage","url":"https:\/\/i0.wp.com\/etanec.fr\/wp-content\/uploads\/2022\/12\/125_610x610.jpg?fit=610%2C610","contentUrl":"https:\/\/i0.wp.com\/etanec.fr\/wp-content\/uploads\/2022\/12\/125_610x610.jpg?fit=610%2C610","width":610,"height":610},{"@type":"BreadcrumbList","@id":"http:\/\/etanec.fr\/index.php\/produit\/tuyau-tricoflex-15-bars\/#breadcrumb","itemListElement":[{"@type":"ListItem","position":1,"name":"Accueil","item":"https:\/\/etanec.fr\/"},{"@type":"ListItem","position":2,"name":"Gamme de produits","item":"https:\/\/etanec.fr\/index.php\/boutique\/"},{"@type":"ListItem","position":3,"name":"Tuyau Tricoflex 15 bars"}]},{"@type":"WebSite","@id":"https:\/\/etanec.fr\/#website","url":"https:\/\/etanec.fr\/","name":"etanec.fr","description":"Votre Solution en Outillage &amp; Fixation Enveloppe du batiment","publisher":{"@id":"https:\/\/etanec.fr\/#organization"},"potentialAction":[{"@type":"SearchAction","target":{"@type":"EntryPoint","urlTemplate":"https:\/\/etanec.fr\/?s={search_term_string}"},"query-input":{"@type":"PropertyValueSpecification","valueRequired":true,"valueName":"search_term_string"}}],"inLanguage":"fr-FR"},{"@type":"Organization","@id":"https:\/\/etanec.fr\/#organization","name":"etanec.fr","url":"https:\/\/etanec.fr\/","logo":{"@type":"ImageObject","inLanguage":"fr-FR","@id":"https:\/\/etanec.fr\/#\/schema\/logo\/image\/","url":"https:\/\/i0.wp.com\/etanec.fr\/wp-content\/uploads\/2017\/11\/cropped-cropped-cropped-ETANEC-LOGO-2017-RVBTRANSP-HD-e1509965316759.png?fit=350%2C75","contentUrl":"https:\/\/i0.wp.com\/etanec.fr\/wp-content\/uploads\/2017\/11\/cropped-cropped-cropped-ETANEC-LOGO-2017-RVBTRANSP-HD-e1509965316759.png?fit=350%2C75","width":350,"height":75,"caption":"etanec.fr"},"image":{"@id":"https:\/\/etanec.fr\/#\/schema\/logo\/image\/"},"sameAs":["https:\/\/www.linkedin.com\/company\/etanecgroup\/?viewAsMember=true"]}]}},"jetpack_publicize_connections":[],"jetpack_sharing_enabled":true,"_links":{"self":[{"href":"http:\/\/etanec.fr\/index.php\/wp-json\/wp\/v2\/product\/2804","targetHints":{"allow":["GET"]}}],"collection":[{"href":"http:\/\/etanec.fr\/index.php\/wp-json\/wp\/v2\/product"}],"about":[{"href":"http:\/\/etanec.fr\/index.php\/wp-json\/wp\/v2\/types\/product"}],"replies":[{"embeddable":true,"href":"http:\/\/etanec.fr\/index.php\/wp-json\/wp\/v2\/comments?post=2804"}],"version-history":[{"count":2,"href":"http:\/\/etanec.fr\/index.php\/wp-json\/wp\/v2\/product\/2804\/revisions"}],"predecessor-version":[{"id":6491,"href":"http:\/\/etanec.fr\/index.php\/wp-json\/wp\/v2\/product\/2804\/revisions\/6491"}],"wp:featuredmedia":[{"embeddable":true,"href":"http:\/\/etanec.fr\/index.php\/wp-json\/wp\/v2\/media\/2805"}],"wp:attachment":[{"href":"http:\/\/etanec.fr\/index.php\/wp-json\/wp\/v2\/media?parent=2804"}],"wp:term":[{"taxonomy":"product_brand","embeddable":true,"href":"http:\/\/etanec.fr\/index.php\/wp-json\/wp\/v2\/product_brand?post=2804"},{"taxonomy":"product_cat","embeddable":true,"href":"http:\/\/etanec.fr\/index.php\/wp-json\/wp\/v2\/product_cat?post=2804"},{"taxonomy":"product_tag","embeddable":true,"href":"http:\/\/etanec.fr\/index.php\/wp-json\/wp\/v2\/product_tag?post=2804"}],"curies":[{"name":"wp","href":"https:\/\/api.w.org\/{rel}","templated":true}]}}