{"id":2941,"date":"2023-04-11T16:02:20","date_gmt":"2023-04-11T14:02:20","guid":{"rendered":"http:\/\/etanec.fr\/?post_type=product&#038;p=2941"},"modified":"2023-04-11T16:02:20","modified_gmt":"2023-04-11T14:02:20","slug":"fixation-murale-pour-echelle","status":"publish","type":"product","link":"http:\/\/etanec.fr\/index.php\/produit\/fixation-murale-pour-echelle\/","title":{"rendered":"Fixation murale pour \u00e9chelle"},"content":{"rendered":"<p>Porte-cadenas\u00a0indiqu\u00e9 pour une installation sur des grilles Gr\u00e2ce \u00e0 sa forme en U, le\u00a0porte-cadenas\u00a0est id\u00e9al pour la fermeture de grilles \u00e0 mouvement horizontal, comme celles que l\u2019on peut trouver dans de nombreux magasins. Il est \u00e9galement dot\u00e9 de deux possibles positions pour l\u2019anneau, en fonction des besoins de l\u2019utilisateur.<\/p>\n<p>Le\u00a0collier de grille\u00a0(ou cravate de grille)\u00a0 est un syst\u00e8me de\u00a0verrouillage efficace et rapide pour portails m\u00e9talliques. L&rsquo;anneau en forme de U permet d&rsquo;entourer les deux montants verticaux. La clavette, r\u00e9glable sur deux positions, accepte un cadenas dont l&rsquo;anse peut aller jusqu&rsquo;\u00e0 13 mm de diam\u00e8tre : id\u00e9al pour l&rsquo;utilisation d&rsquo;un cadenas haute s\u00e9curit\u00e9.<\/p>\n","protected":false},"excerpt":{"rendered":"<p>Porte-cadenas\u00a0indiqu\u00e9 pour une installation sur des grilles Gr\u00e2ce \u00e0 sa forme en U, le\u00a0porte-cadenas\u00a0est id\u00e9al pour la fermeture de grilles \u00e0 mouvement horizontal, comme celles que l\u2019on peut trouver dans de nombreux magasins. Il est \u00e9galement dot\u00e9 de deux possibles positions pour l\u2019anneau, en fonction des besoins de l\u2019utilisateur.<\/p>\n<p>Le\u00a0collier de grille\u00a0(ou cravate de grille)\u00a0 est un syst\u00e8me de\u00a0verrouillage efficace et rapide pour portails m\u00e9talliques. L&rsquo;anneau en forme de U permet d&rsquo;entourer les deux montants verticaux. La clavette, r\u00e9glable sur deux positions, accepte un cadenas dont l&rsquo;anse peut aller jusqu&rsquo;\u00e0 13 mm de diam\u00e8tre : id\u00e9al pour l&rsquo;utilisation d&rsquo;un cadenas haute s\u00e9curit\u00e9.<\/p>\n","protected":false},"featured_media":2942,"comment_status":"open","ping_status":"closed","template":"","meta":{"_monsterinsights_skip_tracking":false,"_monsterinsights_sitenote_active":false,"_monsterinsights_sitenote_note":"","_monsterinsights_sitenote_category":0,"jetpack_publicize_message":"","jetpack_publicize_feature_enabled":true,"jetpack_social_post_already_shared":false,"jetpack_social_options":{"image_generator_settings":{"template":"highway","default_image_id":0,"font":"","enabled":false},"version":2}},"product_brand":[],"product_cat":[75],"product_tag":[],"class_list":{"0":"post-2941","1":"product","2":"type-product","3":"status-publish","6":"product_cat-atelier-chantier","8":"first","9":"instock","10":"taxable","11":"shipping-taxable","12":"product-type-simple"},"yoast_head":"<!-- This site is optimized with the Yoast SEO plugin v26.6 - https:\/\/yoast.com\/wordpress\/plugins\/seo\/ -->\n<title>Fixation murale pour \u00e9chelle - ETANEC<\/title>\n<meta name=\"robots\" content=\"index, follow, max-snippet:-1, max-image-preview:large, max-video-preview:-1\" \/>\n<link rel=\"canonical\" href=\"http:\/\/etanec.fr\/index.php\/produit\/fixation-murale-pour-echelle\/\" \/>\n<meta property=\"og:locale\" content=\"fr_FR\" \/>\n<meta property=\"og:type\" content=\"article\" \/>\n<meta property=\"og:title\" content=\"Fixation murale pour \u00e9chelle - ETANEC\" \/>\n<meta property=\"og:description\" content=\"Porte-cadenas\u00a0indiqu\u00e9 pour une installation sur des grilles Gr\u00e2ce \u00e0 sa forme en U, le\u00a0porte-cadenas\u00a0est id\u00e9al pour la fermeture de grilles \u00e0 mouvement horizontal, comme celles que l\u2019on peut trouver dans de nombreux magasins. Il est \u00e9galement dot\u00e9 de deux possibles positions pour l\u2019anneau, en fonction des besoins de l\u2019utilisateur.  Le\u00a0collier de grille\u00a0(ou cravate de grille)\u00a0 est un syst\u00e8me de\u00a0verrouillage efficace et rapide pour portails m\u00e9talliques. L&#039;anneau en forme de U permet d&#039;entourer les deux montants verticaux. La clavette, r\u00e9glable sur deux positions, accepte un cadenas dont l&#039;anse peut aller jusqu&#039;\u00e0 13 mm de diam\u00e8tre : id\u00e9al pour l&#039;utilisation d&#039;un cadenas haute s\u00e9curit\u00e9.\" \/>\n<meta property=\"og:url\" content=\"http:\/\/etanec.fr\/index.php\/produit\/fixation-murale-pour-echelle\/\" \/>\n<meta property=\"og:site_name\" content=\"ETANEC\" \/>\n<meta property=\"og:image\" content=\"https:\/\/i0.wp.com\/etanec.fr\/wp-content\/uploads\/2022\/12\/r151003_610x610.jpeg?fit=610%2C610\" \/>\n\t<meta property=\"og:image:width\" content=\"610\" \/>\n\t<meta property=\"og:image:height\" content=\"610\" \/>\n\t<meta property=\"og:image:type\" content=\"image\/jpeg\" \/>\n<meta name=\"twitter:card\" content=\"summary_large_image\" \/>\n<meta name=\"twitter:label1\" content=\"Dur\u00e9e de lecture estim\u00e9e\" \/>\n\t<meta name=\"twitter:data1\" content=\"1 minute\" \/>\n<script type=\"application\/ld+json\" class=\"yoast-schema-graph\">{\"@context\":\"https:\/\/schema.org\",\"@graph\":[{\"@type\":\"WebPage\",\"@id\":\"http:\/\/etanec.fr\/index.php\/produit\/fixation-murale-pour-echelle\/\",\"url\":\"http:\/\/etanec.fr\/index.php\/produit\/fixation-murale-pour-echelle\/\",\"name\":\"Fixation murale pour \u00e9chelle - ETANEC\",\"isPartOf\":{\"@id\":\"http:\/\/etanec.fr\/#website\"},\"primaryImageOfPage\":{\"@id\":\"http:\/\/etanec.fr\/index.php\/produit\/fixation-murale-pour-echelle\/#primaryimage\"},\"image\":{\"@id\":\"http:\/\/etanec.fr\/index.php\/produit\/fixation-murale-pour-echelle\/#primaryimage\"},\"thumbnailUrl\":\"https:\/\/i0.wp.com\/etanec.fr\/wp-content\/uploads\/2022\/12\/r151003_610x610.jpeg?fit=610%2C610\",\"datePublished\":\"2023-04-11T14:02:20+00:00\",\"breadcrumb\":{\"@id\":\"http:\/\/etanec.fr\/index.php\/produit\/fixation-murale-pour-echelle\/#breadcrumb\"},\"inLanguage\":\"fr-FR\",\"potentialAction\":[{\"@type\":\"ReadAction\",\"target\":[\"http:\/\/etanec.fr\/index.php\/produit\/fixation-murale-pour-echelle\/\"]}]},{\"@type\":\"ImageObject\",\"inLanguage\":\"fr-FR\",\"@id\":\"http:\/\/etanec.fr\/index.php\/produit\/fixation-murale-pour-echelle\/#primaryimage\",\"url\":\"https:\/\/i0.wp.com\/etanec.fr\/wp-content\/uploads\/2022\/12\/r151003_610x610.jpeg?fit=610%2C610\",\"contentUrl\":\"https:\/\/i0.wp.com\/etanec.fr\/wp-content\/uploads\/2022\/12\/r151003_610x610.jpeg?fit=610%2C610\",\"width\":610,\"height\":610},{\"@type\":\"BreadcrumbList\",\"@id\":\"http:\/\/etanec.fr\/index.php\/produit\/fixation-murale-pour-echelle\/#breadcrumb\",\"itemListElement\":[{\"@type\":\"ListItem\",\"position\":1,\"name\":\"Accueil\",\"item\":\"http:\/\/etanec.fr\/\"},{\"@type\":\"ListItem\",\"position\":2,\"name\":\"Gamme de produits\",\"item\":\"https:\/\/etanec.fr\/index.php\/boutique\/\"},{\"@type\":\"ListItem\",\"position\":3,\"name\":\"Fixation murale pour \u00e9chelle\"}]},{\"@type\":\"WebSite\",\"@id\":\"http:\/\/etanec.fr\/#website\",\"url\":\"http:\/\/etanec.fr\/\",\"name\":\"etanec.fr\",\"description\":\"Votre Solution en Outillage &amp; Fixation Enveloppe du batiment\",\"publisher\":{\"@id\":\"http:\/\/etanec.fr\/#organization\"},\"potentialAction\":[{\"@type\":\"SearchAction\",\"target\":{\"@type\":\"EntryPoint\",\"urlTemplate\":\"http:\/\/etanec.fr\/?s={search_term_string}\"},\"query-input\":{\"@type\":\"PropertyValueSpecification\",\"valueRequired\":true,\"valueName\":\"search_term_string\"}}],\"inLanguage\":\"fr-FR\"},{\"@type\":\"Organization\",\"@id\":\"http:\/\/etanec.fr\/#organization\",\"name\":\"etanec.fr\",\"url\":\"http:\/\/etanec.fr\/\",\"logo\":{\"@type\":\"ImageObject\",\"inLanguage\":\"fr-FR\",\"@id\":\"http:\/\/etanec.fr\/#\/schema\/logo\/image\/\",\"url\":\"https:\/\/i0.wp.com\/etanec.fr\/wp-content\/uploads\/2017\/11\/cropped-cropped-cropped-ETANEC-LOGO-2017-RVBTRANSP-HD-e1509965316759.png?fit=350%2C75\",\"contentUrl\":\"https:\/\/i0.wp.com\/etanec.fr\/wp-content\/uploads\/2017\/11\/cropped-cropped-cropped-ETANEC-LOGO-2017-RVBTRANSP-HD-e1509965316759.png?fit=350%2C75\",\"width\":350,\"height\":75,\"caption\":\"etanec.fr\"},\"image\":{\"@id\":\"http:\/\/etanec.fr\/#\/schema\/logo\/image\/\"},\"sameAs\":[\"https:\/\/www.linkedin.com\/company\/etanecgroup\/?viewAsMember=true\"]}]}<\/script>\n<!-- \/ Yoast SEO plugin. -->","yoast_head_json":{"title":"Fixation murale pour \u00e9chelle - ETANEC","robots":{"index":"index","follow":"follow","max-snippet":"max-snippet:-1","max-image-preview":"max-image-preview:large","max-video-preview":"max-video-preview:-1"},"canonical":"http:\/\/etanec.fr\/index.php\/produit\/fixation-murale-pour-echelle\/","og_locale":"fr_FR","og_type":"article","og_title":"Fixation murale pour \u00e9chelle - ETANEC","og_description":"Porte-cadenas\u00a0indiqu\u00e9 pour une installation sur des grilles Gr\u00e2ce \u00e0 sa forme en U, le\u00a0porte-cadenas\u00a0est id\u00e9al pour la fermeture de grilles \u00e0 mouvement horizontal, comme celles que l\u2019on peut trouver dans de nombreux magasins. Il est \u00e9galement dot\u00e9 de deux possibles positions pour l\u2019anneau, en fonction des besoins de l\u2019utilisateur.  Le\u00a0collier de grille\u00a0(ou cravate de grille)\u00a0 est un syst\u00e8me de\u00a0verrouillage efficace et rapide pour portails m\u00e9talliques. L'anneau en forme de U permet d'entourer les deux montants verticaux. La clavette, r\u00e9glable sur deux positions, accepte un cadenas dont l'anse peut aller jusqu'\u00e0 13 mm de diam\u00e8tre : id\u00e9al pour l'utilisation d'un cadenas haute s\u00e9curit\u00e9.","og_url":"http:\/\/etanec.fr\/index.php\/produit\/fixation-murale-pour-echelle\/","og_site_name":"ETANEC","og_image":[{"width":610,"height":610,"url":"https:\/\/i0.wp.com\/etanec.fr\/wp-content\/uploads\/2022\/12\/r151003_610x610.jpeg?fit=610%2C610","type":"image\/jpeg"}],"twitter_card":"summary_large_image","twitter_misc":{"Dur\u00e9e de lecture estim\u00e9e":"1 minute"},"schema":{"@context":"https:\/\/schema.org","@graph":[{"@type":"WebPage","@id":"http:\/\/etanec.fr\/index.php\/produit\/fixation-murale-pour-echelle\/","url":"http:\/\/etanec.fr\/index.php\/produit\/fixation-murale-pour-echelle\/","name":"Fixation murale pour \u00e9chelle - ETANEC","isPartOf":{"@id":"http:\/\/etanec.fr\/#website"},"primaryImageOfPage":{"@id":"http:\/\/etanec.fr\/index.php\/produit\/fixation-murale-pour-echelle\/#primaryimage"},"image":{"@id":"http:\/\/etanec.fr\/index.php\/produit\/fixation-murale-pour-echelle\/#primaryimage"},"thumbnailUrl":"https:\/\/i0.wp.com\/etanec.fr\/wp-content\/uploads\/2022\/12\/r151003_610x610.jpeg?fit=610%2C610","datePublished":"2023-04-11T14:02:20+00:00","breadcrumb":{"@id":"http:\/\/etanec.fr\/index.php\/produit\/fixation-murale-pour-echelle\/#breadcrumb"},"inLanguage":"fr-FR","potentialAction":[{"@type":"ReadAction","target":["http:\/\/etanec.fr\/index.php\/produit\/fixation-murale-pour-echelle\/"]}]},{"@type":"ImageObject","inLanguage":"fr-FR","@id":"http:\/\/etanec.fr\/index.php\/produit\/fixation-murale-pour-echelle\/#primaryimage","url":"https:\/\/i0.wp.com\/etanec.fr\/wp-content\/uploads\/2022\/12\/r151003_610x610.jpeg?fit=610%2C610","contentUrl":"https:\/\/i0.wp.com\/etanec.fr\/wp-content\/uploads\/2022\/12\/r151003_610x610.jpeg?fit=610%2C610","width":610,"height":610},{"@type":"BreadcrumbList","@id":"http:\/\/etanec.fr\/index.php\/produit\/fixation-murale-pour-echelle\/#breadcrumb","itemListElement":[{"@type":"ListItem","position":1,"name":"Accueil","item":"http:\/\/etanec.fr\/"},{"@type":"ListItem","position":2,"name":"Gamme de produits","item":"https:\/\/etanec.fr\/index.php\/boutique\/"},{"@type":"ListItem","position":3,"name":"Fixation murale pour \u00e9chelle"}]},{"@type":"WebSite","@id":"http:\/\/etanec.fr\/#website","url":"http:\/\/etanec.fr\/","name":"etanec.fr","description":"Votre Solution en Outillage &amp; Fixation Enveloppe du batiment","publisher":{"@id":"http:\/\/etanec.fr\/#organization"},"potentialAction":[{"@type":"SearchAction","target":{"@type":"EntryPoint","urlTemplate":"http:\/\/etanec.fr\/?s={search_term_string}"},"query-input":{"@type":"PropertyValueSpecification","valueRequired":true,"valueName":"search_term_string"}}],"inLanguage":"fr-FR"},{"@type":"Organization","@id":"http:\/\/etanec.fr\/#organization","name":"etanec.fr","url":"http:\/\/etanec.fr\/","logo":{"@type":"ImageObject","inLanguage":"fr-FR","@id":"http:\/\/etanec.fr\/#\/schema\/logo\/image\/","url":"https:\/\/i0.wp.com\/etanec.fr\/wp-content\/uploads\/2017\/11\/cropped-cropped-cropped-ETANEC-LOGO-2017-RVBTRANSP-HD-e1509965316759.png?fit=350%2C75","contentUrl":"https:\/\/i0.wp.com\/etanec.fr\/wp-content\/uploads\/2017\/11\/cropped-cropped-cropped-ETANEC-LOGO-2017-RVBTRANSP-HD-e1509965316759.png?fit=350%2C75","width":350,"height":75,"caption":"etanec.fr"},"image":{"@id":"http:\/\/etanec.fr\/#\/schema\/logo\/image\/"},"sameAs":["https:\/\/www.linkedin.com\/company\/etanecgroup\/?viewAsMember=true"]}]}},"jetpack_publicize_connections":[],"jetpack_sharing_enabled":true,"_links":{"self":[{"href":"http:\/\/etanec.fr\/index.php\/wp-json\/wp\/v2\/product\/2941","targetHints":{"allow":["GET"]}}],"collection":[{"href":"http:\/\/etanec.fr\/index.php\/wp-json\/wp\/v2\/product"}],"about":[{"href":"http:\/\/etanec.fr\/index.php\/wp-json\/wp\/v2\/types\/product"}],"replies":[{"embeddable":true,"href":"http:\/\/etanec.fr\/index.php\/wp-json\/wp\/v2\/comments?post=2941"}],"version-history":[{"count":1,"href":"http:\/\/etanec.fr\/index.php\/wp-json\/wp\/v2\/product\/2941\/revisions"}],"predecessor-version":[{"id":2943,"href":"http:\/\/etanec.fr\/index.php\/wp-json\/wp\/v2\/product\/2941\/revisions\/2943"}],"wp:featuredmedia":[{"embeddable":true,"href":"http:\/\/etanec.fr\/index.php\/wp-json\/wp\/v2\/media\/2942"}],"wp:attachment":[{"href":"http:\/\/etanec.fr\/index.php\/wp-json\/wp\/v2\/media?parent=2941"}],"wp:term":[{"taxonomy":"product_brand","embeddable":true,"href":"http:\/\/etanec.fr\/index.php\/wp-json\/wp\/v2\/product_brand?post=2941"},{"taxonomy":"product_cat","embeddable":true,"href":"http:\/\/etanec.fr\/index.php\/wp-json\/wp\/v2\/product_cat?post=2941"},{"taxonomy":"product_tag","embeddable":true,"href":"http:\/\/etanec.fr\/index.php\/wp-json\/wp\/v2\/product_tag?post=2941"}],"curies":[{"name":"wp","href":"https:\/\/api.w.org\/{rel}","templated":true}]}}