{"id":3455,"date":"2022-12-08T14:53:56","date_gmt":"2022-12-08T13:53:56","guid":{"rendered":"http:\/\/etanec.fr\/?post_type=product&#038;p=3455"},"modified":"2023-05-15T14:00:28","modified_gmt":"2023-05-15T12:00:28","slug":"lunette-fumee-tech","status":"publish","type":"product","link":"http:\/\/etanec.fr\/index.php\/produit\/lunette-fumee-tech\/","title":{"rendered":"Lunette fum\u00e9e TECH"},"content":{"rendered":"<p>Lunettes de s\u00e9curit\u00e9 di\u00e9lectriques innovantes et l\u00e9g\u00e8res avec charni\u00e8res sans m\u00e9tal, dot\u00e9es d&rsquo;un design robuste et moderne avec un double mat\u00e9riau sur les branches lat\u00e9rales. Les trous lat\u00e9raux offrent une ventilation accrue pour un confort optimal. Ultra l\u00e9ger pour des utilisations longues. Bras souples pour plus de confort. Branches souples pour un confort ultra. 100% sans m\u00e9tal. A\u00e9rations lat\u00e9rales pour plus de confort. Bras lat\u00e9raux bi-mati\u00e8re. Protection UV \u00e0 99%. Certifi\u00e9 CE. Traitement anti-rayures pour plus de dur\u00e9e. Emballage au d\u00e9tail qui facilite la pr\u00e9sentation pour les ventes au d\u00e9tail. Emball\u00e9 individuellement pour les distributeurs automatiques. Mati\u00e8re : Polycarbonate, Nylon. Normes : EN 166 1 FT, EN 170 2C-1.2 ,EN 172 5-1.7, EN 172 5-3.1, ANSI\/ISEA Z87 1 +, ANSI\/ISEA Z87 1 + U6 L3<\/p>\n","protected":false},"excerpt":{"rendered":"<p>Lunettes de s\u00e9curit\u00e9 di\u00e9lectriques innovantes et l\u00e9g\u00e8res avec charni\u00e8res sans m\u00e9tal, dot\u00e9es d&rsquo;un design robuste et moderne avec un double mat\u00e9riau sur les branches lat\u00e9rales. Les trous lat\u00e9raux offrent une ventilation accrue pour un confort optimal.<\/p>\n<p>Ultra l\u00e9ger pour des utilisations longues<br \/>\nBras souples pour plus de confort<br \/>\nBranches souples pour un confort ultra<br \/>\n100% sans m\u00e9tal<br \/>\nA\u00e9rations lat\u00e9rales pour plus de confort<br \/>\nBras lat\u00e9raux bi-mati\u00e8re<br \/>\nProtection UV \u00e0 99%<br \/>\nCertifi\u00e9 CE<br \/>\nTraitement anti-rayures pour plus de dur\u00e9e<br \/>\nEmballage au d\u00e9tail qui facilite la pr\u00e9sentation pour les ventes au d\u00e9tail<br \/>\nEmball\u00e9 individuellement pour les distributeurs automatiques<\/p>\n<p>Mati\u00e8re\u00a0: Polycarbonate, Nylon<br \/>\nNormes\u00a0: EN 166 1 FT<br \/>\nEN 170 2C-1.2<br \/>\nEN 172 5-1.7<br \/>\nEN 172 5-3.1<br \/>\nANSI\/ISEA Z87 1 +<br \/>\nANSI\/ISEA Z87 1 + U6 L3<\/p>\n","protected":false},"featured_media":3456,"comment_status":"open","ping_status":"closed","template":"","meta":{"_monsterinsights_skip_tracking":false,"_monsterinsights_sitenote_active":false,"_monsterinsights_sitenote_note":"","_monsterinsights_sitenote_category":0,"jetpack_publicize_message":"","jetpack_publicize_feature_enabled":true,"jetpack_social_post_already_shared":false,"jetpack_social_options":{"image_generator_settings":{"template":"highway","default_image_id":0,"font":"","enabled":false},"version":2}},"product_brand":[],"product_cat":[40],"product_tag":[],"class_list":{"0":"post-3455","1":"product","2":"type-product","3":"status-publish","6":"product_cat-epi","8":"first","9":"instock","10":"taxable","11":"shipping-taxable","12":"product-type-simple"},"yoast_head":"<!-- This site is optimized with the Yoast SEO plugin v26.6 - https:\/\/yoast.com\/wordpress\/plugins\/seo\/ -->\n<title>Lunette fum\u00e9e TECH - ETANEC<\/title>\n<meta name=\"robots\" content=\"index, follow, max-snippet:-1, max-image-preview:large, max-video-preview:-1\" \/>\n<link rel=\"canonical\" href=\"https:\/\/etanec.fr\/index.php\/produit\/lunette-fumee-tech\/\" \/>\n<meta property=\"og:locale\" content=\"fr_FR\" \/>\n<meta property=\"og:type\" content=\"article\" \/>\n<meta property=\"og:title\" content=\"Lunette fum\u00e9e TECH - ETANEC\" \/>\n<meta property=\"og:description\" content=\"Lunettes de s\u00e9curit\u00e9 di\u00e9lectriques innovantes et l\u00e9g\u00e8res avec charni\u00e8res sans m\u00e9tal, dot\u00e9es d&#039;un design robuste et moderne avec un double mat\u00e9riau sur les branches lat\u00e9rales. Les trous lat\u00e9raux offrent une ventilation accrue pour un confort optimal.  Ultra l\u00e9ger pour des utilisations longues Bras souples pour plus de confort Branches souples pour un confort ultra 100% sans m\u00e9tal A\u00e9rations lat\u00e9rales pour plus de confort Bras lat\u00e9raux bi-mati\u00e8re Protection UV \u00e0 99% Certifi\u00e9 CE Traitement anti-rayures pour plus de dur\u00e9e Emballage au d\u00e9tail qui facilite la pr\u00e9sentation pour les ventes au d\u00e9tail Emball\u00e9 individuellement pour les distributeurs automatiques  Mati\u00e8re\u00a0: Polycarbonate, Nylon Normes\u00a0: EN 166 1 FT EN 170 2C-1.2 EN 172 5-1.7 EN 172 5-3.1 ANSI\/ISEA Z87 1 + ANSI\/ISEA Z87 1 + U6 L3\" \/>\n<meta property=\"og:url\" content=\"https:\/\/etanec.fr\/index.php\/produit\/lunette-fumee-tech\/\" \/>\n<meta property=\"og:site_name\" content=\"ETANEC\" \/>\n<meta property=\"article:modified_time\" content=\"2023-05-15T12:00:28+00:00\" \/>\n<meta property=\"og:image\" content=\"https:\/\/i0.wp.com\/etanec.fr\/wp-content\/uploads\/2022\/12\/r015006_610x610.jpg?fit=610%2C610&ssl=1\" \/>\n\t<meta property=\"og:image:width\" content=\"610\" \/>\n\t<meta property=\"og:image:height\" content=\"610\" \/>\n\t<meta property=\"og:image:type\" content=\"image\/jpeg\" \/>\n<meta name=\"twitter:card\" content=\"summary_large_image\" \/>\n<meta name=\"twitter:label1\" content=\"Dur\u00e9e de lecture estim\u00e9e\" \/>\n\t<meta name=\"twitter:data1\" content=\"1 minute\" \/>\n<script type=\"application\/ld+json\" class=\"yoast-schema-graph\">{\"@context\":\"https:\/\/schema.org\",\"@graph\":[{\"@type\":\"WebPage\",\"@id\":\"https:\/\/etanec.fr\/index.php\/produit\/lunette-fumee-tech\/\",\"url\":\"https:\/\/etanec.fr\/index.php\/produit\/lunette-fumee-tech\/\",\"name\":\"Lunette fum\u00e9e TECH - ETANEC\",\"isPartOf\":{\"@id\":\"http:\/\/etanec.fr\/#website\"},\"primaryImageOfPage\":{\"@id\":\"https:\/\/etanec.fr\/index.php\/produit\/lunette-fumee-tech\/#primaryimage\"},\"image\":{\"@id\":\"https:\/\/etanec.fr\/index.php\/produit\/lunette-fumee-tech\/#primaryimage\"},\"thumbnailUrl\":\"https:\/\/i0.wp.com\/etanec.fr\/wp-content\/uploads\/2022\/12\/r015006_610x610.jpg?fit=610%2C610\",\"datePublished\":\"2022-12-08T13:53:56+00:00\",\"dateModified\":\"2023-05-15T12:00:28+00:00\",\"breadcrumb\":{\"@id\":\"https:\/\/etanec.fr\/index.php\/produit\/lunette-fumee-tech\/#breadcrumb\"},\"inLanguage\":\"fr-FR\",\"potentialAction\":[{\"@type\":\"ReadAction\",\"target\":[\"https:\/\/etanec.fr\/index.php\/produit\/lunette-fumee-tech\/\"]}]},{\"@type\":\"ImageObject\",\"inLanguage\":\"fr-FR\",\"@id\":\"https:\/\/etanec.fr\/index.php\/produit\/lunette-fumee-tech\/#primaryimage\",\"url\":\"https:\/\/i0.wp.com\/etanec.fr\/wp-content\/uploads\/2022\/12\/r015006_610x610.jpg?fit=610%2C610\",\"contentUrl\":\"https:\/\/i0.wp.com\/etanec.fr\/wp-content\/uploads\/2022\/12\/r015006_610x610.jpg?fit=610%2C610\",\"width\":610,\"height\":610},{\"@type\":\"BreadcrumbList\",\"@id\":\"https:\/\/etanec.fr\/index.php\/produit\/lunette-fumee-tech\/#breadcrumb\",\"itemListElement\":[{\"@type\":\"ListItem\",\"position\":1,\"name\":\"Accueil\",\"item\":\"http:\/\/etanec.fr\/\"},{\"@type\":\"ListItem\",\"position\":2,\"name\":\"Gamme de produits\",\"item\":\"http:\/\/etanec.fr\/index.php\/boutique\/\"},{\"@type\":\"ListItem\",\"position\":3,\"name\":\"Lunette fum\u00e9e TECH\"}]},{\"@type\":\"WebSite\",\"@id\":\"http:\/\/etanec.fr\/#website\",\"url\":\"http:\/\/etanec.fr\/\",\"name\":\"etanec.fr\",\"description\":\"Votre Solution en Outillage &amp; Fixation Enveloppe du batiment\",\"publisher\":{\"@id\":\"http:\/\/etanec.fr\/#organization\"},\"potentialAction\":[{\"@type\":\"SearchAction\",\"target\":{\"@type\":\"EntryPoint\",\"urlTemplate\":\"http:\/\/etanec.fr\/?s={search_term_string}\"},\"query-input\":{\"@type\":\"PropertyValueSpecification\",\"valueRequired\":true,\"valueName\":\"search_term_string\"}}],\"inLanguage\":\"fr-FR\"},{\"@type\":\"Organization\",\"@id\":\"http:\/\/etanec.fr\/#organization\",\"name\":\"etanec.fr\",\"url\":\"http:\/\/etanec.fr\/\",\"logo\":{\"@type\":\"ImageObject\",\"inLanguage\":\"fr-FR\",\"@id\":\"http:\/\/etanec.fr\/#\/schema\/logo\/image\/\",\"url\":\"https:\/\/i0.wp.com\/etanec.fr\/wp-content\/uploads\/2017\/11\/cropped-cropped-cropped-ETANEC-LOGO-2017-RVBTRANSP-HD-e1509965316759.png?fit=350%2C75\",\"contentUrl\":\"https:\/\/i0.wp.com\/etanec.fr\/wp-content\/uploads\/2017\/11\/cropped-cropped-cropped-ETANEC-LOGO-2017-RVBTRANSP-HD-e1509965316759.png?fit=350%2C75\",\"width\":350,\"height\":75,\"caption\":\"etanec.fr\"},\"image\":{\"@id\":\"http:\/\/etanec.fr\/#\/schema\/logo\/image\/\"},\"sameAs\":[\"https:\/\/www.linkedin.com\/company\/etanecgroup\/?viewAsMember=true\"]}]}<\/script>\n<!-- \/ Yoast SEO plugin. -->","yoast_head_json":{"title":"Lunette fum\u00e9e TECH - ETANEC","robots":{"index":"index","follow":"follow","max-snippet":"max-snippet:-1","max-image-preview":"max-image-preview:large","max-video-preview":"max-video-preview:-1"},"canonical":"https:\/\/etanec.fr\/index.php\/produit\/lunette-fumee-tech\/","og_locale":"fr_FR","og_type":"article","og_title":"Lunette fum\u00e9e TECH - ETANEC","og_description":"Lunettes de s\u00e9curit\u00e9 di\u00e9lectriques innovantes et l\u00e9g\u00e8res avec charni\u00e8res sans m\u00e9tal, dot\u00e9es d'un design robuste et moderne avec un double mat\u00e9riau sur les branches lat\u00e9rales. Les trous lat\u00e9raux offrent une ventilation accrue pour un confort optimal.  Ultra l\u00e9ger pour des utilisations longues Bras souples pour plus de confort Branches souples pour un confort ultra 100% sans m\u00e9tal A\u00e9rations lat\u00e9rales pour plus de confort Bras lat\u00e9raux bi-mati\u00e8re Protection UV \u00e0 99% Certifi\u00e9 CE Traitement anti-rayures pour plus de dur\u00e9e Emballage au d\u00e9tail qui facilite la pr\u00e9sentation pour les ventes au d\u00e9tail Emball\u00e9 individuellement pour les distributeurs automatiques  Mati\u00e8re\u00a0: Polycarbonate, Nylon Normes\u00a0: EN 166 1 FT EN 170 2C-1.2 EN 172 5-1.7 EN 172 5-3.1 ANSI\/ISEA Z87 1 + ANSI\/ISEA Z87 1 + U6 L3","og_url":"https:\/\/etanec.fr\/index.php\/produit\/lunette-fumee-tech\/","og_site_name":"ETANEC","article_modified_time":"2023-05-15T12:00:28+00:00","og_image":[{"width":610,"height":610,"url":"https:\/\/i0.wp.com\/etanec.fr\/wp-content\/uploads\/2022\/12\/r015006_610x610.jpg?fit=610%2C610&ssl=1","type":"image\/jpeg"}],"twitter_card":"summary_large_image","twitter_misc":{"Dur\u00e9e de lecture estim\u00e9e":"1 minute"},"schema":{"@context":"https:\/\/schema.org","@graph":[{"@type":"WebPage","@id":"https:\/\/etanec.fr\/index.php\/produit\/lunette-fumee-tech\/","url":"https:\/\/etanec.fr\/index.php\/produit\/lunette-fumee-tech\/","name":"Lunette fum\u00e9e TECH - ETANEC","isPartOf":{"@id":"http:\/\/etanec.fr\/#website"},"primaryImageOfPage":{"@id":"https:\/\/etanec.fr\/index.php\/produit\/lunette-fumee-tech\/#primaryimage"},"image":{"@id":"https:\/\/etanec.fr\/index.php\/produit\/lunette-fumee-tech\/#primaryimage"},"thumbnailUrl":"https:\/\/i0.wp.com\/etanec.fr\/wp-content\/uploads\/2022\/12\/r015006_610x610.jpg?fit=610%2C610","datePublished":"2022-12-08T13:53:56+00:00","dateModified":"2023-05-15T12:00:28+00:00","breadcrumb":{"@id":"https:\/\/etanec.fr\/index.php\/produit\/lunette-fumee-tech\/#breadcrumb"},"inLanguage":"fr-FR","potentialAction":[{"@type":"ReadAction","target":["https:\/\/etanec.fr\/index.php\/produit\/lunette-fumee-tech\/"]}]},{"@type":"ImageObject","inLanguage":"fr-FR","@id":"https:\/\/etanec.fr\/index.php\/produit\/lunette-fumee-tech\/#primaryimage","url":"https:\/\/i0.wp.com\/etanec.fr\/wp-content\/uploads\/2022\/12\/r015006_610x610.jpg?fit=610%2C610","contentUrl":"https:\/\/i0.wp.com\/etanec.fr\/wp-content\/uploads\/2022\/12\/r015006_610x610.jpg?fit=610%2C610","width":610,"height":610},{"@type":"BreadcrumbList","@id":"https:\/\/etanec.fr\/index.php\/produit\/lunette-fumee-tech\/#breadcrumb","itemListElement":[{"@type":"ListItem","position":1,"name":"Accueil","item":"http:\/\/etanec.fr\/"},{"@type":"ListItem","position":2,"name":"Gamme de produits","item":"http:\/\/etanec.fr\/index.php\/boutique\/"},{"@type":"ListItem","position":3,"name":"Lunette fum\u00e9e TECH"}]},{"@type":"WebSite","@id":"http:\/\/etanec.fr\/#website","url":"http:\/\/etanec.fr\/","name":"etanec.fr","description":"Votre Solution en Outillage &amp; Fixation Enveloppe du batiment","publisher":{"@id":"http:\/\/etanec.fr\/#organization"},"potentialAction":[{"@type":"SearchAction","target":{"@type":"EntryPoint","urlTemplate":"http:\/\/etanec.fr\/?s={search_term_string}"},"query-input":{"@type":"PropertyValueSpecification","valueRequired":true,"valueName":"search_term_string"}}],"inLanguage":"fr-FR"},{"@type":"Organization","@id":"http:\/\/etanec.fr\/#organization","name":"etanec.fr","url":"http:\/\/etanec.fr\/","logo":{"@type":"ImageObject","inLanguage":"fr-FR","@id":"http:\/\/etanec.fr\/#\/schema\/logo\/image\/","url":"https:\/\/i0.wp.com\/etanec.fr\/wp-content\/uploads\/2017\/11\/cropped-cropped-cropped-ETANEC-LOGO-2017-RVBTRANSP-HD-e1509965316759.png?fit=350%2C75","contentUrl":"https:\/\/i0.wp.com\/etanec.fr\/wp-content\/uploads\/2017\/11\/cropped-cropped-cropped-ETANEC-LOGO-2017-RVBTRANSP-HD-e1509965316759.png?fit=350%2C75","width":350,"height":75,"caption":"etanec.fr"},"image":{"@id":"http:\/\/etanec.fr\/#\/schema\/logo\/image\/"},"sameAs":["https:\/\/www.linkedin.com\/company\/etanecgroup\/?viewAsMember=true"]}]}},"jetpack_publicize_connections":[],"jetpack_sharing_enabled":true,"_links":{"self":[{"href":"http:\/\/etanec.fr\/index.php\/wp-json\/wp\/v2\/product\/3455","targetHints":{"allow":["GET"]}}],"collection":[{"href":"http:\/\/etanec.fr\/index.php\/wp-json\/wp\/v2\/product"}],"about":[{"href":"http:\/\/etanec.fr\/index.php\/wp-json\/wp\/v2\/types\/product"}],"replies":[{"embeddable":true,"href":"http:\/\/etanec.fr\/index.php\/wp-json\/wp\/v2\/comments?post=3455"}],"version-history":[{"count":2,"href":"http:\/\/etanec.fr\/index.php\/wp-json\/wp\/v2\/product\/3455\/revisions"}],"predecessor-version":[{"id":6653,"href":"http:\/\/etanec.fr\/index.php\/wp-json\/wp\/v2\/product\/3455\/revisions\/6653"}],"wp:featuredmedia":[{"embeddable":true,"href":"http:\/\/etanec.fr\/index.php\/wp-json\/wp\/v2\/media\/3456"}],"wp:attachment":[{"href":"http:\/\/etanec.fr\/index.php\/wp-json\/wp\/v2\/media?parent=3455"}],"wp:term":[{"taxonomy":"product_brand","embeddable":true,"href":"http:\/\/etanec.fr\/index.php\/wp-json\/wp\/v2\/product_brand?post=3455"},{"taxonomy":"product_cat","embeddable":true,"href":"http:\/\/etanec.fr\/index.php\/wp-json\/wp\/v2\/product_cat?post=3455"},{"taxonomy":"product_tag","embeddable":true,"href":"http:\/\/etanec.fr\/index.php\/wp-json\/wp\/v2\/product_tag?post=3455"}],"curies":[{"name":"wp","href":"https:\/\/api.w.org\/{rel}","templated":true}]}}