{"id":3579,"date":"2023-06-01T11:34:35","date_gmt":"2023-06-01T09:34:35","guid":{"rendered":"http:\/\/etanec.fr\/?post_type=product&#038;p=3579"},"modified":"2023-06-01T11:34:36","modified_gmt":"2023-06-01T09:34:36","slug":"gants-froid-avalancha","status":"publish","type":"product","link":"http:\/\/etanec.fr\/index.php\/produit\/gants-froid-avalancha\/","title":{"rendered":"Gants froid AVALANCHA"},"content":{"rendered":"<p>Gant hiver Avalancha enduit nitrile noir, c&rsquo;est\u00a0travailler en milieu sec et humide dans des conditions froides, extr\u00eames(-50\u00b0C). Tr\u00e8s agr\u00e9able \u00e0 porter car l\u2019int\u00e9rieur est en acrylique 7 jauge avec une doublure molletonn\u00e9e. Ce mod\u00e8le est en nylon bleu, fourr\u00e9, enduit 3\/4 en nitrile noir avec une finition sableuse, il offre donc un grand confort et une bonne imperm\u00e9abilit\u00e9.\u00a0Ce gant est tellement performant qu\u2019il donne la possibilit\u00e9 de travailler \u00e0 des temp\u00e9ratures allant jusqu\u2019\u00e0 -50\u00b0C. Le poignet est \u00e9lastiqu\u00e9 pour un bon maintien \u00e0 la base du gant.<\/p>\n<p>CARACTERISTIQUE TECHNIQUE<\/p>\n<p>Indices : Abrasion : 3\/4, Coupure : 2\/4, D\u00e9chirure : 3\/4, Perforation : 2\/4. Tous travaux du bois, en carri\u00e8re, du b\u00e2timent, du verre, dans les espaces verts ou encore dans les exploitations foresti\u00e8res. Toutes activit\u00e9s en milieu humide et huile.<\/p>\n<p>Taille : 9 &#8211; 10 &#8211; 11<\/p>\n<p>Normes : EN 388, EN 511.<\/p>\n","protected":false},"excerpt":{"rendered":"<p>Gant hiver Avalancha enduit nitrile noir, c&rsquo;est travailler en milieu sec et humide dans des conditions froides, extr\u00eames(-50\u00b0C)<\/p>\n<p>Tr\u00e8s agr\u00e9able \u00e0 porter car l\u2019int\u00e9rieur est en acrylique 7 jauge avec une doublure molletonn\u00e9e<\/p>\n<p>Ce mod\u00e8le est en nylon bleu, fourr\u00e9, enduit 3\/4 en nitrile noir avec une finition sableuse<\/p>\n<p>Il offre donc un grand confort et une bonne imperm\u00e9abilit\u00e9<\/p>\n<p>Le poignet est \u00e9lastiqu\u00e9 pour un bon maintien \u00e0 la base du gant<\/p>\n<p>CARACTERISTIQUE TECHNIQUE<\/p>\n<p>Indices : Abrasion : 3\/4, Coupure : 2\/4, D\u00e9chirure : 3\/4, Perforation : 2\/4.<\/p>\n<p>Tous travaux du bois, en carri\u00e8re, du b\u00e2timent, du verre, dans les espaces verts ou encore dans les exploitations foresti\u00e8res<\/p>\n<p>Toutes activit\u00e9s en milieu humide et huile<\/p>\n<p>Taille : 10 \/11<\/p>\n<p>Normes : EN 388, EN 511<\/p>\n","protected":false},"featured_media":3580,"comment_status":"open","ping_status":"closed","template":"","meta":{"_monsterinsights_skip_tracking":false,"_monsterinsights_sitenote_active":false,"_monsterinsights_sitenote_note":"","_monsterinsights_sitenote_category":0,"jetpack_publicize_message":"","jetpack_publicize_feature_enabled":true,"jetpack_social_post_already_shared":false,"jetpack_social_options":{"image_generator_settings":{"template":"highway","default_image_id":0,"font":"","enabled":false},"version":2}},"product_brand":[],"product_cat":[40],"product_tag":[],"class_list":{"0":"post-3579","1":"product","2":"type-product","3":"status-publish","6":"product_cat-epi","8":"first","9":"instock","10":"taxable","11":"shipping-taxable","12":"product-type-simple"},"yoast_head":"<!-- This site is optimized with the Yoast SEO plugin v26.6 - https:\/\/yoast.com\/wordpress\/plugins\/seo\/ -->\n<title>Gants froid AVALANCHA - ETANEC<\/title>\n<meta name=\"robots\" content=\"index, follow, max-snippet:-1, max-image-preview:large, max-video-preview:-1\" \/>\n<link rel=\"canonical\" href=\"http:\/\/etanec.fr\/index.php\/produit\/gants-froid-avalancha\/\" \/>\n<meta property=\"og:locale\" content=\"fr_FR\" \/>\n<meta property=\"og:type\" content=\"article\" \/>\n<meta property=\"og:title\" content=\"Gants froid AVALANCHA - ETANEC\" \/>\n<meta property=\"og:description\" content=\"Gant hiver Avalancha enduit nitrile noir, c&#039;est travailler en milieu sec et humide dans des conditions froides, extr\u00eames(-50\u00b0C)  Tr\u00e8s agr\u00e9able \u00e0 porter car l\u2019int\u00e9rieur est en acrylique 7 jauge avec une doublure molletonn\u00e9e  Ce mod\u00e8le est en nylon bleu, fourr\u00e9, enduit 3\/4 en nitrile noir avec une finition sableuse  Il offre donc un grand confort et une bonne imperm\u00e9abilit\u00e9  Le poignet est \u00e9lastiqu\u00e9 pour un bon maintien \u00e0 la base du gant  CARACTERISTIQUE TECHNIQUE  Indices : Abrasion : 3\/4, Coupure : 2\/4, D\u00e9chirure : 3\/4, Perforation : 2\/4.  Tous travaux du bois, en carri\u00e8re, du b\u00e2timent, du verre, dans les espaces verts ou encore dans les exploitations foresti\u00e8res  Toutes activit\u00e9s en milieu humide et huile  Taille : 10 \/11  Normes : EN 388, EN 511\" \/>\n<meta property=\"og:url\" content=\"http:\/\/etanec.fr\/index.php\/produit\/gants-froid-avalancha\/\" \/>\n<meta property=\"og:site_name\" content=\"ETANEC\" \/>\n<meta property=\"article:modified_time\" content=\"2023-06-01T09:34:36+00:00\" \/>\n<meta property=\"og:image\" content=\"https:\/\/i0.wp.com\/etanec.fr\/wp-content\/uploads\/2022\/12\/1198_610x610.jpg?fit=610%2C610\" \/>\n\t<meta property=\"og:image:width\" content=\"610\" \/>\n\t<meta property=\"og:image:height\" content=\"610\" \/>\n\t<meta property=\"og:image:type\" content=\"image\/jpeg\" \/>\n<meta name=\"twitter:card\" content=\"summary_large_image\" \/>\n<meta name=\"twitter:label1\" content=\"Dur\u00e9e de lecture estim\u00e9e\" \/>\n\t<meta name=\"twitter:data1\" content=\"1 minute\" \/>\n<script type=\"application\/ld+json\" class=\"yoast-schema-graph\">{\"@context\":\"https:\/\/schema.org\",\"@graph\":[{\"@type\":\"WebPage\",\"@id\":\"http:\/\/etanec.fr\/index.php\/produit\/gants-froid-avalancha\/\",\"url\":\"http:\/\/etanec.fr\/index.php\/produit\/gants-froid-avalancha\/\",\"name\":\"Gants froid AVALANCHA - ETANEC\",\"isPartOf\":{\"@id\":\"https:\/\/etanec.fr\/#website\"},\"primaryImageOfPage\":{\"@id\":\"http:\/\/etanec.fr\/index.php\/produit\/gants-froid-avalancha\/#primaryimage\"},\"image\":{\"@id\":\"http:\/\/etanec.fr\/index.php\/produit\/gants-froid-avalancha\/#primaryimage\"},\"thumbnailUrl\":\"https:\/\/i0.wp.com\/etanec.fr\/wp-content\/uploads\/2022\/12\/1198_610x610.jpg?fit=610%2C610\",\"datePublished\":\"2023-06-01T09:34:35+00:00\",\"dateModified\":\"2023-06-01T09:34:36+00:00\",\"breadcrumb\":{\"@id\":\"http:\/\/etanec.fr\/index.php\/produit\/gants-froid-avalancha\/#breadcrumb\"},\"inLanguage\":\"fr-FR\",\"potentialAction\":[{\"@type\":\"ReadAction\",\"target\":[\"http:\/\/etanec.fr\/index.php\/produit\/gants-froid-avalancha\/\"]}]},{\"@type\":\"ImageObject\",\"inLanguage\":\"fr-FR\",\"@id\":\"http:\/\/etanec.fr\/index.php\/produit\/gants-froid-avalancha\/#primaryimage\",\"url\":\"https:\/\/i0.wp.com\/etanec.fr\/wp-content\/uploads\/2022\/12\/1198_610x610.jpg?fit=610%2C610\",\"contentUrl\":\"https:\/\/i0.wp.com\/etanec.fr\/wp-content\/uploads\/2022\/12\/1198_610x610.jpg?fit=610%2C610\",\"width\":610,\"height\":610},{\"@type\":\"BreadcrumbList\",\"@id\":\"http:\/\/etanec.fr\/index.php\/produit\/gants-froid-avalancha\/#breadcrumb\",\"itemListElement\":[{\"@type\":\"ListItem\",\"position\":1,\"name\":\"Accueil\",\"item\":\"https:\/\/etanec.fr\/\"},{\"@type\":\"ListItem\",\"position\":2,\"name\":\"Gamme de produits\",\"item\":\"https:\/\/etanec.fr\/index.php\/boutique\/\"},{\"@type\":\"ListItem\",\"position\":3,\"name\":\"Gants froid AVALANCHA\"}]},{\"@type\":\"WebSite\",\"@id\":\"https:\/\/etanec.fr\/#website\",\"url\":\"https:\/\/etanec.fr\/\",\"name\":\"etanec.fr\",\"description\":\"Votre Solution en Outillage &amp; Fixation Enveloppe du batiment\",\"publisher\":{\"@id\":\"https:\/\/etanec.fr\/#organization\"},\"potentialAction\":[{\"@type\":\"SearchAction\",\"target\":{\"@type\":\"EntryPoint\",\"urlTemplate\":\"https:\/\/etanec.fr\/?s={search_term_string}\"},\"query-input\":{\"@type\":\"PropertyValueSpecification\",\"valueRequired\":true,\"valueName\":\"search_term_string\"}}],\"inLanguage\":\"fr-FR\"},{\"@type\":\"Organization\",\"@id\":\"https:\/\/etanec.fr\/#organization\",\"name\":\"etanec.fr\",\"url\":\"https:\/\/etanec.fr\/\",\"logo\":{\"@type\":\"ImageObject\",\"inLanguage\":\"fr-FR\",\"@id\":\"https:\/\/etanec.fr\/#\/schema\/logo\/image\/\",\"url\":\"https:\/\/i0.wp.com\/etanec.fr\/wp-content\/uploads\/2017\/11\/cropped-cropped-cropped-ETANEC-LOGO-2017-RVBTRANSP-HD-e1509965316759.png?fit=350%2C75\",\"contentUrl\":\"https:\/\/i0.wp.com\/etanec.fr\/wp-content\/uploads\/2017\/11\/cropped-cropped-cropped-ETANEC-LOGO-2017-RVBTRANSP-HD-e1509965316759.png?fit=350%2C75\",\"width\":350,\"height\":75,\"caption\":\"etanec.fr\"},\"image\":{\"@id\":\"https:\/\/etanec.fr\/#\/schema\/logo\/image\/\"},\"sameAs\":[\"https:\/\/www.linkedin.com\/company\/etanecgroup\/?viewAsMember=true\"]}]}<\/script>\n<!-- \/ Yoast SEO plugin. -->","yoast_head_json":{"title":"Gants froid AVALANCHA - ETANEC","robots":{"index":"index","follow":"follow","max-snippet":"max-snippet:-1","max-image-preview":"max-image-preview:large","max-video-preview":"max-video-preview:-1"},"canonical":"http:\/\/etanec.fr\/index.php\/produit\/gants-froid-avalancha\/","og_locale":"fr_FR","og_type":"article","og_title":"Gants froid AVALANCHA - ETANEC","og_description":"Gant hiver Avalancha enduit nitrile noir, c'est travailler en milieu sec et humide dans des conditions froides, extr\u00eames(-50\u00b0C)  Tr\u00e8s agr\u00e9able \u00e0 porter car l\u2019int\u00e9rieur est en acrylique 7 jauge avec une doublure molletonn\u00e9e  Ce mod\u00e8le est en nylon bleu, fourr\u00e9, enduit 3\/4 en nitrile noir avec une finition sableuse  Il offre donc un grand confort et une bonne imperm\u00e9abilit\u00e9  Le poignet est \u00e9lastiqu\u00e9 pour un bon maintien \u00e0 la base du gant  CARACTERISTIQUE TECHNIQUE  Indices : Abrasion : 3\/4, Coupure : 2\/4, D\u00e9chirure : 3\/4, Perforation : 2\/4.  Tous travaux du bois, en carri\u00e8re, du b\u00e2timent, du verre, dans les espaces verts ou encore dans les exploitations foresti\u00e8res  Toutes activit\u00e9s en milieu humide et huile  Taille : 10 \/11  Normes : EN 388, EN 511","og_url":"http:\/\/etanec.fr\/index.php\/produit\/gants-froid-avalancha\/","og_site_name":"ETANEC","article_modified_time":"2023-06-01T09:34:36+00:00","og_image":[{"width":610,"height":610,"url":"https:\/\/i0.wp.com\/etanec.fr\/wp-content\/uploads\/2022\/12\/1198_610x610.jpg?fit=610%2C610","type":"image\/jpeg"}],"twitter_card":"summary_large_image","twitter_misc":{"Dur\u00e9e de lecture estim\u00e9e":"1 minute"},"schema":{"@context":"https:\/\/schema.org","@graph":[{"@type":"WebPage","@id":"http:\/\/etanec.fr\/index.php\/produit\/gants-froid-avalancha\/","url":"http:\/\/etanec.fr\/index.php\/produit\/gants-froid-avalancha\/","name":"Gants froid AVALANCHA - ETANEC","isPartOf":{"@id":"https:\/\/etanec.fr\/#website"},"primaryImageOfPage":{"@id":"http:\/\/etanec.fr\/index.php\/produit\/gants-froid-avalancha\/#primaryimage"},"image":{"@id":"http:\/\/etanec.fr\/index.php\/produit\/gants-froid-avalancha\/#primaryimage"},"thumbnailUrl":"https:\/\/i0.wp.com\/etanec.fr\/wp-content\/uploads\/2022\/12\/1198_610x610.jpg?fit=610%2C610","datePublished":"2023-06-01T09:34:35+00:00","dateModified":"2023-06-01T09:34:36+00:00","breadcrumb":{"@id":"http:\/\/etanec.fr\/index.php\/produit\/gants-froid-avalancha\/#breadcrumb"},"inLanguage":"fr-FR","potentialAction":[{"@type":"ReadAction","target":["http:\/\/etanec.fr\/index.php\/produit\/gants-froid-avalancha\/"]}]},{"@type":"ImageObject","inLanguage":"fr-FR","@id":"http:\/\/etanec.fr\/index.php\/produit\/gants-froid-avalancha\/#primaryimage","url":"https:\/\/i0.wp.com\/etanec.fr\/wp-content\/uploads\/2022\/12\/1198_610x610.jpg?fit=610%2C610","contentUrl":"https:\/\/i0.wp.com\/etanec.fr\/wp-content\/uploads\/2022\/12\/1198_610x610.jpg?fit=610%2C610","width":610,"height":610},{"@type":"BreadcrumbList","@id":"http:\/\/etanec.fr\/index.php\/produit\/gants-froid-avalancha\/#breadcrumb","itemListElement":[{"@type":"ListItem","position":1,"name":"Accueil","item":"https:\/\/etanec.fr\/"},{"@type":"ListItem","position":2,"name":"Gamme de produits","item":"https:\/\/etanec.fr\/index.php\/boutique\/"},{"@type":"ListItem","position":3,"name":"Gants froid AVALANCHA"}]},{"@type":"WebSite","@id":"https:\/\/etanec.fr\/#website","url":"https:\/\/etanec.fr\/","name":"etanec.fr","description":"Votre Solution en Outillage &amp; Fixation Enveloppe du batiment","publisher":{"@id":"https:\/\/etanec.fr\/#organization"},"potentialAction":[{"@type":"SearchAction","target":{"@type":"EntryPoint","urlTemplate":"https:\/\/etanec.fr\/?s={search_term_string}"},"query-input":{"@type":"PropertyValueSpecification","valueRequired":true,"valueName":"search_term_string"}}],"inLanguage":"fr-FR"},{"@type":"Organization","@id":"https:\/\/etanec.fr\/#organization","name":"etanec.fr","url":"https:\/\/etanec.fr\/","logo":{"@type":"ImageObject","inLanguage":"fr-FR","@id":"https:\/\/etanec.fr\/#\/schema\/logo\/image\/","url":"https:\/\/i0.wp.com\/etanec.fr\/wp-content\/uploads\/2017\/11\/cropped-cropped-cropped-ETANEC-LOGO-2017-RVBTRANSP-HD-e1509965316759.png?fit=350%2C75","contentUrl":"https:\/\/i0.wp.com\/etanec.fr\/wp-content\/uploads\/2017\/11\/cropped-cropped-cropped-ETANEC-LOGO-2017-RVBTRANSP-HD-e1509965316759.png?fit=350%2C75","width":350,"height":75,"caption":"etanec.fr"},"image":{"@id":"https:\/\/etanec.fr\/#\/schema\/logo\/image\/"},"sameAs":["https:\/\/www.linkedin.com\/company\/etanecgroup\/?viewAsMember=true"]}]}},"jetpack_publicize_connections":[],"jetpack_sharing_enabled":true,"_links":{"self":[{"href":"http:\/\/etanec.fr\/index.php\/wp-json\/wp\/v2\/product\/3579","targetHints":{"allow":["GET"]}}],"collection":[{"href":"http:\/\/etanec.fr\/index.php\/wp-json\/wp\/v2\/product"}],"about":[{"href":"http:\/\/etanec.fr\/index.php\/wp-json\/wp\/v2\/types\/product"}],"replies":[{"embeddable":true,"href":"http:\/\/etanec.fr\/index.php\/wp-json\/wp\/v2\/comments?post=3579"}],"version-history":[{"count":4,"href":"http:\/\/etanec.fr\/index.php\/wp-json\/wp\/v2\/product\/3579\/revisions"}],"predecessor-version":[{"id":6681,"href":"http:\/\/etanec.fr\/index.php\/wp-json\/wp\/v2\/product\/3579\/revisions\/6681"}],"wp:featuredmedia":[{"embeddable":true,"href":"http:\/\/etanec.fr\/index.php\/wp-json\/wp\/v2\/media\/3580"}],"wp:attachment":[{"href":"http:\/\/etanec.fr\/index.php\/wp-json\/wp\/v2\/media?parent=3579"}],"wp:term":[{"taxonomy":"product_brand","embeddable":true,"href":"http:\/\/etanec.fr\/index.php\/wp-json\/wp\/v2\/product_brand?post=3579"},{"taxonomy":"product_cat","embeddable":true,"href":"http:\/\/etanec.fr\/index.php\/wp-json\/wp\/v2\/product_cat?post=3579"},{"taxonomy":"product_tag","embeddable":true,"href":"http:\/\/etanec.fr\/index.php\/wp-json\/wp\/v2\/product_tag?post=3579"}],"curies":[{"name":"wp","href":"https:\/\/api.w.org\/{rel}","templated":true}]}}