{"id":3785,"date":"2023-06-19T12:01:46","date_gmt":"2023-06-19T10:01:46","guid":{"rendered":"http:\/\/etanec.fr\/?post_type=product&#038;p=3785"},"modified":"2023-06-19T12:01:46","modified_gmt":"2023-06-19T10:01:46","slug":"veste-fox-gris-meteorite","status":"publish","type":"product","link":"http:\/\/etanec.fr\/index.php\/produit\/veste-fox-gris-meteorite\/","title":{"rendered":"Veste FOX GRIS METEORITE"},"content":{"rendered":"<p>La veste de travail Fox est id\u00e9ale pour toutes les saisons: l\u00e9g\u00e8re, polyvalente pour la saison douce, douce, confortable, coupe-vent pour les plus rigides! Il est compos\u00e9 d&rsquo;un m\u00e9lange 65% coton et 35% polyester, 245 gr \/ m2, certifi\u00e9 Oeko-Tex\u00ae, exempt de substances nocives pour la sant\u00e9, hypoallerg\u00e9niques et antibact\u00e9riennes; sur le devant il y a 2 poches poitrine, dont un support pour t\u00e9l\u00e9phone portable, 2 grandes poches pour les mains; taille et poignets r\u00e9glables avec bouton-pression.<\/p>\n<p>Taille disponible : M\/L\/XL\/XXL<\/p>\n","protected":false},"excerpt":{"rendered":"<p>La veste de travail Fox est id\u00e9ale pour toutes les saisons: l\u00e9g\u00e8re, polyvalente pour la saison douce, douce, confortable, coupe-vent pour les plus rigides !<\/p>\n<p>Il est compos\u00e9 d&rsquo;un m\u00e9lange 65% coton et 35% polyester, 245 gr \/ m2<\/p>\n<p>Certifi\u00e9 Oeko-Tex\u00ae, exempt de substances nocives pour la sant\u00e9, hypoallerg\u00e9niques et antibact\u00e9riennes<\/p>\n<p>Sur le devant il y a 2 poches poitrine, dont un support pour t\u00e9l\u00e9phone portable, 2 grandes poches pour les mains<\/p>\n<p>Taille et poignets r\u00e9glables avec bouton-pression<\/p>\n<p>Taille disponible : M\/L\/XL\/XXL<\/p>\n","protected":false},"featured_media":3787,"comment_status":"open","ping_status":"closed","template":"","meta":{"_monsterinsights_skip_tracking":false,"_monsterinsights_sitenote_active":false,"_monsterinsights_sitenote_note":"","_monsterinsights_sitenote_category":0,"jetpack_publicize_message":"","jetpack_publicize_feature_enabled":true,"jetpack_social_post_already_shared":false,"jetpack_social_options":{"image_generator_settings":{"template":"highway","default_image_id":0,"font":"","enabled":false},"version":2}},"product_brand":[],"product_cat":[40],"product_tag":[],"class_list":{"0":"post-3785","1":"product","2":"type-product","3":"status-publish","6":"product_cat-epi","8":"first","9":"instock","10":"taxable","11":"shipping-taxable","12":"product-type-simple"},"yoast_head":"<!-- This site is optimized with the Yoast SEO plugin v26.6 - https:\/\/yoast.com\/wordpress\/plugins\/seo\/ -->\n<title>Veste FOX GRIS METEORITE - ETANEC<\/title>\n<meta name=\"robots\" content=\"index, follow, max-snippet:-1, max-image-preview:large, max-video-preview:-1\" \/>\n<link rel=\"canonical\" href=\"http:\/\/etanec.fr\/index.php\/produit\/veste-fox-gris-meteorite\/\" \/>\n<meta property=\"og:locale\" content=\"fr_FR\" \/>\n<meta property=\"og:type\" content=\"article\" \/>\n<meta property=\"og:title\" content=\"Veste FOX GRIS METEORITE - ETANEC\" \/>\n<meta property=\"og:description\" content=\"La veste de travail Fox est id\u00e9ale pour toutes les saisons: l\u00e9g\u00e8re, polyvalente pour la saison douce, douce, confortable, coupe-vent pour les plus rigides !  Il est compos\u00e9 d&#039;un m\u00e9lange 65% coton et 35% polyester, 245 gr \/ m2  Certifi\u00e9 Oeko-Tex\u00ae, exempt de substances nocives pour la sant\u00e9, hypoallerg\u00e9niques et antibact\u00e9riennes  Sur le devant il y a 2 poches poitrine, dont un support pour t\u00e9l\u00e9phone portable, 2 grandes poches pour les mains  Taille et poignets r\u00e9glables avec bouton-pression  Taille disponible : M\/L\/XL\/XXL\" \/>\n<meta property=\"og:url\" content=\"http:\/\/etanec.fr\/index.php\/produit\/veste-fox-gris-meteorite\/\" \/>\n<meta property=\"og:site_name\" content=\"ETANEC\" \/>\n<meta property=\"og:image\" content=\"https:\/\/i0.wp.com\/etanec.fr\/wp-content\/uploads\/2022\/12\/1247_610x610.jpeg?fit=610%2C610\" \/>\n\t<meta property=\"og:image:width\" content=\"610\" \/>\n\t<meta property=\"og:image:height\" content=\"610\" \/>\n\t<meta property=\"og:image:type\" content=\"image\/jpeg\" \/>\n<meta name=\"twitter:card\" content=\"summary_large_image\" \/>\n<meta name=\"twitter:label1\" content=\"Dur\u00e9e de lecture estim\u00e9e\" \/>\n\t<meta name=\"twitter:data1\" content=\"1 minute\" \/>\n<script type=\"application\/ld+json\" class=\"yoast-schema-graph\">{\"@context\":\"https:\/\/schema.org\",\"@graph\":[{\"@type\":\"WebPage\",\"@id\":\"http:\/\/etanec.fr\/index.php\/produit\/veste-fox-gris-meteorite\/\",\"url\":\"http:\/\/etanec.fr\/index.php\/produit\/veste-fox-gris-meteorite\/\",\"name\":\"Veste FOX GRIS METEORITE - ETANEC\",\"isPartOf\":{\"@id\":\"https:\/\/etanec.fr\/#website\"},\"primaryImageOfPage\":{\"@id\":\"http:\/\/etanec.fr\/index.php\/produit\/veste-fox-gris-meteorite\/#primaryimage\"},\"image\":{\"@id\":\"http:\/\/etanec.fr\/index.php\/produit\/veste-fox-gris-meteorite\/#primaryimage\"},\"thumbnailUrl\":\"https:\/\/i0.wp.com\/etanec.fr\/wp-content\/uploads\/2022\/12\/1247_610x610.jpeg?fit=610%2C610\",\"datePublished\":\"2023-06-19T10:01:46+00:00\",\"breadcrumb\":{\"@id\":\"http:\/\/etanec.fr\/index.php\/produit\/veste-fox-gris-meteorite\/#breadcrumb\"},\"inLanguage\":\"fr-FR\",\"potentialAction\":[{\"@type\":\"ReadAction\",\"target\":[\"http:\/\/etanec.fr\/index.php\/produit\/veste-fox-gris-meteorite\/\"]}]},{\"@type\":\"ImageObject\",\"inLanguage\":\"fr-FR\",\"@id\":\"http:\/\/etanec.fr\/index.php\/produit\/veste-fox-gris-meteorite\/#primaryimage\",\"url\":\"https:\/\/i0.wp.com\/etanec.fr\/wp-content\/uploads\/2022\/12\/1247_610x610.jpeg?fit=610%2C610\",\"contentUrl\":\"https:\/\/i0.wp.com\/etanec.fr\/wp-content\/uploads\/2022\/12\/1247_610x610.jpeg?fit=610%2C610\",\"width\":610,\"height\":610},{\"@type\":\"BreadcrumbList\",\"@id\":\"http:\/\/etanec.fr\/index.php\/produit\/veste-fox-gris-meteorite\/#breadcrumb\",\"itemListElement\":[{\"@type\":\"ListItem\",\"position\":1,\"name\":\"Accueil\",\"item\":\"https:\/\/etanec.fr\/\"},{\"@type\":\"ListItem\",\"position\":2,\"name\":\"Gamme de produits\",\"item\":\"https:\/\/etanec.fr\/index.php\/boutique\/\"},{\"@type\":\"ListItem\",\"position\":3,\"name\":\"Veste FOX GRIS METEORITE\"}]},{\"@type\":\"WebSite\",\"@id\":\"https:\/\/etanec.fr\/#website\",\"url\":\"https:\/\/etanec.fr\/\",\"name\":\"etanec.fr\",\"description\":\"Votre Solution en Outillage &amp; Fixation Enveloppe du batiment\",\"publisher\":{\"@id\":\"https:\/\/etanec.fr\/#organization\"},\"potentialAction\":[{\"@type\":\"SearchAction\",\"target\":{\"@type\":\"EntryPoint\",\"urlTemplate\":\"https:\/\/etanec.fr\/?s={search_term_string}\"},\"query-input\":{\"@type\":\"PropertyValueSpecification\",\"valueRequired\":true,\"valueName\":\"search_term_string\"}}],\"inLanguage\":\"fr-FR\"},{\"@type\":\"Organization\",\"@id\":\"https:\/\/etanec.fr\/#organization\",\"name\":\"etanec.fr\",\"url\":\"https:\/\/etanec.fr\/\",\"logo\":{\"@type\":\"ImageObject\",\"inLanguage\":\"fr-FR\",\"@id\":\"https:\/\/etanec.fr\/#\/schema\/logo\/image\/\",\"url\":\"https:\/\/i0.wp.com\/etanec.fr\/wp-content\/uploads\/2017\/11\/cropped-cropped-cropped-ETANEC-LOGO-2017-RVBTRANSP-HD-e1509965316759.png?fit=350%2C75\",\"contentUrl\":\"https:\/\/i0.wp.com\/etanec.fr\/wp-content\/uploads\/2017\/11\/cropped-cropped-cropped-ETANEC-LOGO-2017-RVBTRANSP-HD-e1509965316759.png?fit=350%2C75\",\"width\":350,\"height\":75,\"caption\":\"etanec.fr\"},\"image\":{\"@id\":\"https:\/\/etanec.fr\/#\/schema\/logo\/image\/\"},\"sameAs\":[\"https:\/\/www.linkedin.com\/company\/etanecgroup\/?viewAsMember=true\"]}]}<\/script>\n<!-- \/ Yoast SEO plugin. -->","yoast_head_json":{"title":"Veste FOX GRIS METEORITE - ETANEC","robots":{"index":"index","follow":"follow","max-snippet":"max-snippet:-1","max-image-preview":"max-image-preview:large","max-video-preview":"max-video-preview:-1"},"canonical":"http:\/\/etanec.fr\/index.php\/produit\/veste-fox-gris-meteorite\/","og_locale":"fr_FR","og_type":"article","og_title":"Veste FOX GRIS METEORITE - ETANEC","og_description":"La veste de travail Fox est id\u00e9ale pour toutes les saisons: l\u00e9g\u00e8re, polyvalente pour la saison douce, douce, confortable, coupe-vent pour les plus rigides !  Il est compos\u00e9 d'un m\u00e9lange 65% coton et 35% polyester, 245 gr \/ m2  Certifi\u00e9 Oeko-Tex\u00ae, exempt de substances nocives pour la sant\u00e9, hypoallerg\u00e9niques et antibact\u00e9riennes  Sur le devant il y a 2 poches poitrine, dont un support pour t\u00e9l\u00e9phone portable, 2 grandes poches pour les mains  Taille et poignets r\u00e9glables avec bouton-pression  Taille disponible : M\/L\/XL\/XXL","og_url":"http:\/\/etanec.fr\/index.php\/produit\/veste-fox-gris-meteorite\/","og_site_name":"ETANEC","og_image":[{"width":610,"height":610,"url":"https:\/\/i0.wp.com\/etanec.fr\/wp-content\/uploads\/2022\/12\/1247_610x610.jpeg?fit=610%2C610","type":"image\/jpeg"}],"twitter_card":"summary_large_image","twitter_misc":{"Dur\u00e9e de lecture estim\u00e9e":"1 minute"},"schema":{"@context":"https:\/\/schema.org","@graph":[{"@type":"WebPage","@id":"http:\/\/etanec.fr\/index.php\/produit\/veste-fox-gris-meteorite\/","url":"http:\/\/etanec.fr\/index.php\/produit\/veste-fox-gris-meteorite\/","name":"Veste FOX GRIS METEORITE - ETANEC","isPartOf":{"@id":"https:\/\/etanec.fr\/#website"},"primaryImageOfPage":{"@id":"http:\/\/etanec.fr\/index.php\/produit\/veste-fox-gris-meteorite\/#primaryimage"},"image":{"@id":"http:\/\/etanec.fr\/index.php\/produit\/veste-fox-gris-meteorite\/#primaryimage"},"thumbnailUrl":"https:\/\/i0.wp.com\/etanec.fr\/wp-content\/uploads\/2022\/12\/1247_610x610.jpeg?fit=610%2C610","datePublished":"2023-06-19T10:01:46+00:00","breadcrumb":{"@id":"http:\/\/etanec.fr\/index.php\/produit\/veste-fox-gris-meteorite\/#breadcrumb"},"inLanguage":"fr-FR","potentialAction":[{"@type":"ReadAction","target":["http:\/\/etanec.fr\/index.php\/produit\/veste-fox-gris-meteorite\/"]}]},{"@type":"ImageObject","inLanguage":"fr-FR","@id":"http:\/\/etanec.fr\/index.php\/produit\/veste-fox-gris-meteorite\/#primaryimage","url":"https:\/\/i0.wp.com\/etanec.fr\/wp-content\/uploads\/2022\/12\/1247_610x610.jpeg?fit=610%2C610","contentUrl":"https:\/\/i0.wp.com\/etanec.fr\/wp-content\/uploads\/2022\/12\/1247_610x610.jpeg?fit=610%2C610","width":610,"height":610},{"@type":"BreadcrumbList","@id":"http:\/\/etanec.fr\/index.php\/produit\/veste-fox-gris-meteorite\/#breadcrumb","itemListElement":[{"@type":"ListItem","position":1,"name":"Accueil","item":"https:\/\/etanec.fr\/"},{"@type":"ListItem","position":2,"name":"Gamme de produits","item":"https:\/\/etanec.fr\/index.php\/boutique\/"},{"@type":"ListItem","position":3,"name":"Veste FOX GRIS METEORITE"}]},{"@type":"WebSite","@id":"https:\/\/etanec.fr\/#website","url":"https:\/\/etanec.fr\/","name":"etanec.fr","description":"Votre Solution en Outillage &amp; Fixation Enveloppe du batiment","publisher":{"@id":"https:\/\/etanec.fr\/#organization"},"potentialAction":[{"@type":"SearchAction","target":{"@type":"EntryPoint","urlTemplate":"https:\/\/etanec.fr\/?s={search_term_string}"},"query-input":{"@type":"PropertyValueSpecification","valueRequired":true,"valueName":"search_term_string"}}],"inLanguage":"fr-FR"},{"@type":"Organization","@id":"https:\/\/etanec.fr\/#organization","name":"etanec.fr","url":"https:\/\/etanec.fr\/","logo":{"@type":"ImageObject","inLanguage":"fr-FR","@id":"https:\/\/etanec.fr\/#\/schema\/logo\/image\/","url":"https:\/\/i0.wp.com\/etanec.fr\/wp-content\/uploads\/2017\/11\/cropped-cropped-cropped-ETANEC-LOGO-2017-RVBTRANSP-HD-e1509965316759.png?fit=350%2C75","contentUrl":"https:\/\/i0.wp.com\/etanec.fr\/wp-content\/uploads\/2017\/11\/cropped-cropped-cropped-ETANEC-LOGO-2017-RVBTRANSP-HD-e1509965316759.png?fit=350%2C75","width":350,"height":75,"caption":"etanec.fr"},"image":{"@id":"https:\/\/etanec.fr\/#\/schema\/logo\/image\/"},"sameAs":["https:\/\/www.linkedin.com\/company\/etanecgroup\/?viewAsMember=true"]}]}},"jetpack_publicize_connections":[],"jetpack_sharing_enabled":true,"_links":{"self":[{"href":"http:\/\/etanec.fr\/index.php\/wp-json\/wp\/v2\/product\/3785","targetHints":{"allow":["GET"]}}],"collection":[{"href":"http:\/\/etanec.fr\/index.php\/wp-json\/wp\/v2\/product"}],"about":[{"href":"http:\/\/etanec.fr\/index.php\/wp-json\/wp\/v2\/types\/product"}],"replies":[{"embeddable":true,"href":"http:\/\/etanec.fr\/index.php\/wp-json\/wp\/v2\/comments?post=3785"}],"version-history":[{"count":2,"href":"http:\/\/etanec.fr\/index.php\/wp-json\/wp\/v2\/product\/3785\/revisions"}],"predecessor-version":[{"id":6749,"href":"http:\/\/etanec.fr\/index.php\/wp-json\/wp\/v2\/product\/3785\/revisions\/6749"}],"wp:featuredmedia":[{"embeddable":true,"href":"http:\/\/etanec.fr\/index.php\/wp-json\/wp\/v2\/media\/3787"}],"wp:attachment":[{"href":"http:\/\/etanec.fr\/index.php\/wp-json\/wp\/v2\/media?parent=3785"}],"wp:term":[{"taxonomy":"product_brand","embeddable":true,"href":"http:\/\/etanec.fr\/index.php\/wp-json\/wp\/v2\/product_brand?post=3785"},{"taxonomy":"product_cat","embeddable":true,"href":"http:\/\/etanec.fr\/index.php\/wp-json\/wp\/v2\/product_cat?post=3785"},{"taxonomy":"product_tag","embeddable":true,"href":"http:\/\/etanec.fr\/index.php\/wp-json\/wp\/v2\/product_tag?post=3785"}],"curies":[{"name":"wp","href":"https:\/\/api.w.org\/{rel}","templated":true}]}}