{"id":3822,"date":"2023-06-22T13:54:23","date_gmt":"2023-06-22T11:54:23","guid":{"rendered":"http:\/\/etanec.fr\/?post_type=product&#038;p=3822"},"modified":"2023-06-22T13:56:16","modified_gmt":"2023-06-22T11:56:16","slug":"peinture-de-finition-400ml-pro","status":"publish","type":"product","link":"http:\/\/etanec.fr\/index.php\/produit\/peinture-de-finition-400ml-pro\/","title":{"rendered":"Peinture de finition 400ml PRO"},"content":{"rendered":"<p>Difficile de synth\u00e9tiser les potentialit\u00e9s de cet a\u00e9rosol ETANPRO. De finition brillante, pour int\u00e9rieurs et ext\u00e9rieurs et applicable sur les surfaces les plus vari\u00e9es, il s\u00e8che tr\u00e8s rapidement&#8230; Que demander de plus ? Il est disponible en de multiples teintes. Peinture Acrylique multi supports. Sec au toucher en 15 minutes et \u00e0 coeur en 45 minutes environ. S&rsquo;applique sur bois, m\u00e9tal, verre, c\u00e9ramique, pl\u00e2tre, portes, chaises, meubles, cadres, bibelots, radiateurs, etc&#8230; Finition brillant (mat et satin\u00e9 pour certaines teintes).<\/p>\n","protected":false},"excerpt":{"rendered":"<p>Difficile de synth\u00e9tiser les potentialit\u00e9s de cet a\u00e9rosol ETANPRO.<br \/>\nDe finition brillante, pour int\u00e9rieurs et ext\u00e9rieurs et applicable sur les surfaces les plus vari\u00e9es, il s\u00e8che tr\u00e8s rapidement&#8230; Que demander de plus ? Il est disponible en de multiples teintes.<br \/>\nPeinture Acrylique multi supports<br \/>\nSec au toucher en 15 minutes et \u00e0 coeur en 45 minutes environ. S&rsquo;applique sur bois, m\u00e9tal, verre, c\u00e9ramique, pl\u00e2tre, portes, chaises, meubles, cadres, bibelots, radiateurs, etc&#8230;<br \/>\nFinition brillant (mat et satin\u00e9 pour certaines teintes).<\/p>\n","protected":false},"featured_media":3823,"comment_status":"open","ping_status":"closed","template":"","meta":{"_monsterinsights_skip_tracking":false,"_monsterinsights_sitenote_active":false,"_monsterinsights_sitenote_note":"","_monsterinsights_sitenote_category":0,"jetpack_publicize_message":"","jetpack_publicize_feature_enabled":true,"jetpack_social_post_already_shared":false,"jetpack_social_options":{"image_generator_settings":{"template":"highway","default_image_id":0,"font":"","enabled":false},"version":2}},"product_brand":[],"product_cat":[77],"product_tag":[],"class_list":{"0":"post-3822","1":"product","2":"type-product","3":"status-publish","6":"product_cat-consommable","8":"first","9":"instock","10":"taxable","11":"shipping-taxable","12":"purchasable","13":"product-type-variable"},"yoast_head":"<!-- This site is optimized with the Yoast SEO plugin v26.6 - https:\/\/yoast.com\/wordpress\/plugins\/seo\/ -->\n<title>Peinture de finition 400ml PRO - ETANEC<\/title>\n<meta name=\"robots\" content=\"index, follow, max-snippet:-1, max-image-preview:large, max-video-preview:-1\" \/>\n<link rel=\"canonical\" href=\"http:\/\/etanec.fr\/index.php\/produit\/peinture-de-finition-400ml-pro\/\" \/>\n<meta property=\"og:locale\" content=\"fr_FR\" \/>\n<meta property=\"og:type\" content=\"article\" \/>\n<meta property=\"og:title\" content=\"Peinture de finition 400ml PRO - ETANEC\" \/>\n<meta property=\"og:description\" content=\"Difficile de synth\u00e9tiser les potentialit\u00e9s de cet a\u00e9rosol ETANPRO. De finition brillante, pour int\u00e9rieurs et ext\u00e9rieurs et applicable sur les surfaces les plus vari\u00e9es, il s\u00e8che tr\u00e8s rapidement... Que demander de plus ? Il est disponible en de multiples teintes. Peinture Acrylique multi supports Sec au toucher en 15 minutes et \u00e0 coeur en 45 minutes environ. S&#039;applique sur bois, m\u00e9tal, verre, c\u00e9ramique, pl\u00e2tre, portes, chaises, meubles, cadres, bibelots, radiateurs, etc... Finition brillant (mat et satin\u00e9 pour certaines teintes).\" \/>\n<meta property=\"og:url\" content=\"http:\/\/etanec.fr\/index.php\/produit\/peinture-de-finition-400ml-pro\/\" \/>\n<meta property=\"og:site_name\" content=\"ETANEC\" \/>\n<meta property=\"article:modified_time\" content=\"2023-06-22T11:56:16+00:00\" \/>\n<meta property=\"og:image\" content=\"https:\/\/i0.wp.com\/etanec.fr\/wp-content\/uploads\/2022\/12\/1208_610x610.jpg?fit=610%2C610\" \/>\n\t<meta property=\"og:image:width\" content=\"610\" \/>\n\t<meta property=\"og:image:height\" content=\"610\" \/>\n\t<meta property=\"og:image:type\" content=\"image\/jpeg\" \/>\n<meta name=\"twitter:card\" content=\"summary_large_image\" \/>\n<meta name=\"twitter:label1\" content=\"Dur\u00e9e de lecture estim\u00e9e\" \/>\n\t<meta name=\"twitter:data1\" content=\"1 minute\" \/>\n<script type=\"application\/ld+json\" class=\"yoast-schema-graph\">{\"@context\":\"https:\/\/schema.org\",\"@graph\":[{\"@type\":\"WebPage\",\"@id\":\"http:\/\/etanec.fr\/index.php\/produit\/peinture-de-finition-400ml-pro\/\",\"url\":\"http:\/\/etanec.fr\/index.php\/produit\/peinture-de-finition-400ml-pro\/\",\"name\":\"Peinture de finition 400ml PRO - ETANEC\",\"isPartOf\":{\"@id\":\"http:\/\/etanec.fr\/#website\"},\"primaryImageOfPage\":{\"@id\":\"http:\/\/etanec.fr\/index.php\/produit\/peinture-de-finition-400ml-pro\/#primaryimage\"},\"image\":{\"@id\":\"http:\/\/etanec.fr\/index.php\/produit\/peinture-de-finition-400ml-pro\/#primaryimage\"},\"thumbnailUrl\":\"https:\/\/i0.wp.com\/etanec.fr\/wp-content\/uploads\/2022\/12\/1208_610x610.jpg?fit=610%2C610\",\"datePublished\":\"2023-06-22T11:54:23+00:00\",\"dateModified\":\"2023-06-22T11:56:16+00:00\",\"breadcrumb\":{\"@id\":\"http:\/\/etanec.fr\/index.php\/produit\/peinture-de-finition-400ml-pro\/#breadcrumb\"},\"inLanguage\":\"fr-FR\",\"potentialAction\":[{\"@type\":\"ReadAction\",\"target\":[\"http:\/\/etanec.fr\/index.php\/produit\/peinture-de-finition-400ml-pro\/\"]}]},{\"@type\":\"ImageObject\",\"inLanguage\":\"fr-FR\",\"@id\":\"http:\/\/etanec.fr\/index.php\/produit\/peinture-de-finition-400ml-pro\/#primaryimage\",\"url\":\"https:\/\/i0.wp.com\/etanec.fr\/wp-content\/uploads\/2022\/12\/1208_610x610.jpg?fit=610%2C610\",\"contentUrl\":\"https:\/\/i0.wp.com\/etanec.fr\/wp-content\/uploads\/2022\/12\/1208_610x610.jpg?fit=610%2C610\",\"width\":610,\"height\":610},{\"@type\":\"BreadcrumbList\",\"@id\":\"http:\/\/etanec.fr\/index.php\/produit\/peinture-de-finition-400ml-pro\/#breadcrumb\",\"itemListElement\":[{\"@type\":\"ListItem\",\"position\":1,\"name\":\"Accueil\",\"item\":\"http:\/\/etanec.fr\/\"},{\"@type\":\"ListItem\",\"position\":2,\"name\":\"Gamme de produits\",\"item\":\"http:\/\/etanec.fr\/index.php\/boutique\/\"},{\"@type\":\"ListItem\",\"position\":3,\"name\":\"Peinture de finition 400ml PRO\"}]},{\"@type\":\"WebSite\",\"@id\":\"http:\/\/etanec.fr\/#website\",\"url\":\"http:\/\/etanec.fr\/\",\"name\":\"etanec.fr\",\"description\":\"Votre Solution en Outillage &amp; Fixation Enveloppe du batiment\",\"publisher\":{\"@id\":\"http:\/\/etanec.fr\/#organization\"},\"potentialAction\":[{\"@type\":\"SearchAction\",\"target\":{\"@type\":\"EntryPoint\",\"urlTemplate\":\"http:\/\/etanec.fr\/?s={search_term_string}\"},\"query-input\":{\"@type\":\"PropertyValueSpecification\",\"valueRequired\":true,\"valueName\":\"search_term_string\"}}],\"inLanguage\":\"fr-FR\"},{\"@type\":\"Organization\",\"@id\":\"http:\/\/etanec.fr\/#organization\",\"name\":\"etanec.fr\",\"url\":\"http:\/\/etanec.fr\/\",\"logo\":{\"@type\":\"ImageObject\",\"inLanguage\":\"fr-FR\",\"@id\":\"http:\/\/etanec.fr\/#\/schema\/logo\/image\/\",\"url\":\"https:\/\/i0.wp.com\/etanec.fr\/wp-content\/uploads\/2017\/11\/cropped-cropped-cropped-ETANEC-LOGO-2017-RVBTRANSP-HD-e1509965316759.png?fit=350%2C75\",\"contentUrl\":\"https:\/\/i0.wp.com\/etanec.fr\/wp-content\/uploads\/2017\/11\/cropped-cropped-cropped-ETANEC-LOGO-2017-RVBTRANSP-HD-e1509965316759.png?fit=350%2C75\",\"width\":350,\"height\":75,\"caption\":\"etanec.fr\"},\"image\":{\"@id\":\"http:\/\/etanec.fr\/#\/schema\/logo\/image\/\"},\"sameAs\":[\"https:\/\/www.linkedin.com\/company\/etanecgroup\/?viewAsMember=true\"]}]}<\/script>\n<!-- \/ Yoast SEO plugin. -->","yoast_head_json":{"title":"Peinture de finition 400ml PRO - ETANEC","robots":{"index":"index","follow":"follow","max-snippet":"max-snippet:-1","max-image-preview":"max-image-preview:large","max-video-preview":"max-video-preview:-1"},"canonical":"http:\/\/etanec.fr\/index.php\/produit\/peinture-de-finition-400ml-pro\/","og_locale":"fr_FR","og_type":"article","og_title":"Peinture de finition 400ml PRO - ETANEC","og_description":"Difficile de synth\u00e9tiser les potentialit\u00e9s de cet a\u00e9rosol ETANPRO. De finition brillante, pour int\u00e9rieurs et ext\u00e9rieurs et applicable sur les surfaces les plus vari\u00e9es, il s\u00e8che tr\u00e8s rapidement... Que demander de plus ? Il est disponible en de multiples teintes. Peinture Acrylique multi supports Sec au toucher en 15 minutes et \u00e0 coeur en 45 minutes environ. S'applique sur bois, m\u00e9tal, verre, c\u00e9ramique, pl\u00e2tre, portes, chaises, meubles, cadres, bibelots, radiateurs, etc... Finition brillant (mat et satin\u00e9 pour certaines teintes).","og_url":"http:\/\/etanec.fr\/index.php\/produit\/peinture-de-finition-400ml-pro\/","og_site_name":"ETANEC","article_modified_time":"2023-06-22T11:56:16+00:00","og_image":[{"width":610,"height":610,"url":"https:\/\/i0.wp.com\/etanec.fr\/wp-content\/uploads\/2022\/12\/1208_610x610.jpg?fit=610%2C610","type":"image\/jpeg"}],"twitter_card":"summary_large_image","twitter_misc":{"Dur\u00e9e de lecture estim\u00e9e":"1 minute"},"schema":{"@context":"https:\/\/schema.org","@graph":[{"@type":"WebPage","@id":"http:\/\/etanec.fr\/index.php\/produit\/peinture-de-finition-400ml-pro\/","url":"http:\/\/etanec.fr\/index.php\/produit\/peinture-de-finition-400ml-pro\/","name":"Peinture de finition 400ml PRO - ETANEC","isPartOf":{"@id":"http:\/\/etanec.fr\/#website"},"primaryImageOfPage":{"@id":"http:\/\/etanec.fr\/index.php\/produit\/peinture-de-finition-400ml-pro\/#primaryimage"},"image":{"@id":"http:\/\/etanec.fr\/index.php\/produit\/peinture-de-finition-400ml-pro\/#primaryimage"},"thumbnailUrl":"https:\/\/i0.wp.com\/etanec.fr\/wp-content\/uploads\/2022\/12\/1208_610x610.jpg?fit=610%2C610","datePublished":"2023-06-22T11:54:23+00:00","dateModified":"2023-06-22T11:56:16+00:00","breadcrumb":{"@id":"http:\/\/etanec.fr\/index.php\/produit\/peinture-de-finition-400ml-pro\/#breadcrumb"},"inLanguage":"fr-FR","potentialAction":[{"@type":"ReadAction","target":["http:\/\/etanec.fr\/index.php\/produit\/peinture-de-finition-400ml-pro\/"]}]},{"@type":"ImageObject","inLanguage":"fr-FR","@id":"http:\/\/etanec.fr\/index.php\/produit\/peinture-de-finition-400ml-pro\/#primaryimage","url":"https:\/\/i0.wp.com\/etanec.fr\/wp-content\/uploads\/2022\/12\/1208_610x610.jpg?fit=610%2C610","contentUrl":"https:\/\/i0.wp.com\/etanec.fr\/wp-content\/uploads\/2022\/12\/1208_610x610.jpg?fit=610%2C610","width":610,"height":610},{"@type":"BreadcrumbList","@id":"http:\/\/etanec.fr\/index.php\/produit\/peinture-de-finition-400ml-pro\/#breadcrumb","itemListElement":[{"@type":"ListItem","position":1,"name":"Accueil","item":"http:\/\/etanec.fr\/"},{"@type":"ListItem","position":2,"name":"Gamme de produits","item":"http:\/\/etanec.fr\/index.php\/boutique\/"},{"@type":"ListItem","position":3,"name":"Peinture de finition 400ml PRO"}]},{"@type":"WebSite","@id":"http:\/\/etanec.fr\/#website","url":"http:\/\/etanec.fr\/","name":"etanec.fr","description":"Votre Solution en Outillage &amp; Fixation Enveloppe du batiment","publisher":{"@id":"http:\/\/etanec.fr\/#organization"},"potentialAction":[{"@type":"SearchAction","target":{"@type":"EntryPoint","urlTemplate":"http:\/\/etanec.fr\/?s={search_term_string}"},"query-input":{"@type":"PropertyValueSpecification","valueRequired":true,"valueName":"search_term_string"}}],"inLanguage":"fr-FR"},{"@type":"Organization","@id":"http:\/\/etanec.fr\/#organization","name":"etanec.fr","url":"http:\/\/etanec.fr\/","logo":{"@type":"ImageObject","inLanguage":"fr-FR","@id":"http:\/\/etanec.fr\/#\/schema\/logo\/image\/","url":"https:\/\/i0.wp.com\/etanec.fr\/wp-content\/uploads\/2017\/11\/cropped-cropped-cropped-ETANEC-LOGO-2017-RVBTRANSP-HD-e1509965316759.png?fit=350%2C75","contentUrl":"https:\/\/i0.wp.com\/etanec.fr\/wp-content\/uploads\/2017\/11\/cropped-cropped-cropped-ETANEC-LOGO-2017-RVBTRANSP-HD-e1509965316759.png?fit=350%2C75","width":350,"height":75,"caption":"etanec.fr"},"image":{"@id":"http:\/\/etanec.fr\/#\/schema\/logo\/image\/"},"sameAs":["https:\/\/www.linkedin.com\/company\/etanecgroup\/?viewAsMember=true"]}]}},"jetpack_publicize_connections":[],"jetpack_sharing_enabled":true,"_links":{"self":[{"href":"http:\/\/etanec.fr\/index.php\/wp-json\/wp\/v2\/product\/3822","targetHints":{"allow":["GET"]}}],"collection":[{"href":"http:\/\/etanec.fr\/index.php\/wp-json\/wp\/v2\/product"}],"about":[{"href":"http:\/\/etanec.fr\/index.php\/wp-json\/wp\/v2\/types\/product"}],"replies":[{"embeddable":true,"href":"http:\/\/etanec.fr\/index.php\/wp-json\/wp\/v2\/comments?post=3822"}],"version-history":[{"count":3,"href":"http:\/\/etanec.fr\/index.php\/wp-json\/wp\/v2\/product\/3822\/revisions"}],"predecessor-version":[{"id":6770,"href":"http:\/\/etanec.fr\/index.php\/wp-json\/wp\/v2\/product\/3822\/revisions\/6770"}],"wp:featuredmedia":[{"embeddable":true,"href":"http:\/\/etanec.fr\/index.php\/wp-json\/wp\/v2\/media\/3823"}],"wp:attachment":[{"href":"http:\/\/etanec.fr\/index.php\/wp-json\/wp\/v2\/media?parent=3822"}],"wp:term":[{"taxonomy":"product_brand","embeddable":true,"href":"http:\/\/etanec.fr\/index.php\/wp-json\/wp\/v2\/product_brand?post=3822"},{"taxonomy":"product_cat","embeddable":true,"href":"http:\/\/etanec.fr\/index.php\/wp-json\/wp\/v2\/product_cat?post=3822"},{"taxonomy":"product_tag","embeddable":true,"href":"http:\/\/etanec.fr\/index.php\/wp-json\/wp\/v2\/product_tag?post=3822"}],"curies":[{"name":"wp","href":"https:\/\/api.w.org\/{rel}","templated":true}]}}