{"id":3996,"date":"2023-06-26T13:40:20","date_gmt":"2023-06-26T11:40:20","guid":{"rendered":"http:\/\/etanec.fr\/?post_type=product&#038;p=3996"},"modified":"2023-06-26T13:40:20","modified_gmt":"2023-06-26T11:40:20","slug":"huile-de-coupe-500ml","status":"publish","type":"product","link":"http:\/\/etanec.fr\/index.php\/produit\/huile-de-coupe-500ml\/","title":{"rendered":"Huile de coupe 500ml"},"content":{"rendered":"<p>Huile pour travaux d&rsquo;usinage des m\u00e9taux. Puissant lubrifiant, r\u00e9duction de friction. Renfermement des additifs d&rsquo;extr\u00eame pression. Am\u00e9liore le glissement des pi\u00e8ces m\u00e9talliques. Convient aussi bien sur m\u00e9taux ferreux, aciers, aciers inoxydables ou r\u00e9fractaires. Facilite le poin\u00e7onnage \u00e0 cadence rapide. Prolonge la dur\u00e9e de vie de l&rsquo;outillage en diminuant les risques d&rsquo;arrachement. Application: taraudage, per\u00e7age, filetage, d\u00e9coupage, perforation&#8230; Conditionnement: A\u00e9rosol 500ml<\/p>\n","protected":false},"excerpt":{"rendered":"<p>Huile pour travaux d&rsquo;usinage des m\u00e9taux<br \/>\nPuissant lubrifiant, r\u00e9duction de friction<br \/>\nRenfermement des additifs d&rsquo;extr\u00eame pression<br \/>\nAm\u00e9liore le glissement des pi\u00e8ces m\u00e9talliques<br \/>\nConvient aussi bien sur m\u00e9taux ferreux, aciers, aciers inoxydables ou r\u00e9fractaires<br \/>\nFacilite le poin\u00e7onnage \u00e0 cadence rapide<br \/>\nProlonge la dur\u00e9e de vie de l&rsquo;outillage en diminuant les risques d&rsquo;arrachement<br \/>\nApplication: taraudage, per\u00e7age, filetage, d\u00e9coupage, perforation<br \/>\nConditionnement: A\u00e9rosol 500ml ou carton 12 a\u00e9rosol<\/p>\n","protected":false},"featured_media":3997,"comment_status":"open","ping_status":"closed","template":"","meta":{"_monsterinsights_skip_tracking":false,"_monsterinsights_sitenote_active":false,"_monsterinsights_sitenote_note":"","_monsterinsights_sitenote_category":0,"jetpack_publicize_message":"","jetpack_publicize_feature_enabled":true,"jetpack_social_post_already_shared":false,"jetpack_social_options":{"image_generator_settings":{"template":"highway","default_image_id":0,"font":"","enabled":false},"version":2}},"product_brand":[],"product_cat":[77],"product_tag":[],"class_list":{"0":"post-3996","1":"product","2":"type-product","3":"status-publish","6":"product_cat-consommable","8":"first","9":"instock","10":"taxable","11":"shipping-taxable","12":"product-type-simple"},"yoast_head":"<!-- This site is optimized with the Yoast SEO plugin v26.6 - https:\/\/yoast.com\/wordpress\/plugins\/seo\/ -->\n<title>Huile de coupe 500ml - ETANEC<\/title>\n<meta name=\"robots\" content=\"index, follow, max-snippet:-1, max-image-preview:large, max-video-preview:-1\" \/>\n<link rel=\"canonical\" href=\"http:\/\/etanec.fr\/index.php\/produit\/huile-de-coupe-500ml\/\" \/>\n<meta property=\"og:locale\" content=\"fr_FR\" \/>\n<meta property=\"og:type\" content=\"article\" \/>\n<meta property=\"og:title\" content=\"Huile de coupe 500ml - ETANEC\" \/>\n<meta property=\"og:description\" content=\"Huile pour travaux d&#039;usinage des m\u00e9taux Puissant lubrifiant, r\u00e9duction de friction Renfermement des additifs d&#039;extr\u00eame pression Am\u00e9liore le glissement des pi\u00e8ces m\u00e9talliques Convient aussi bien sur m\u00e9taux ferreux, aciers, aciers inoxydables ou r\u00e9fractaires Facilite le poin\u00e7onnage \u00e0 cadence rapide Prolonge la dur\u00e9e de vie de l&#039;outillage en diminuant les risques d&#039;arrachement Application: taraudage, per\u00e7age, filetage, d\u00e9coupage, perforation Conditionnement: A\u00e9rosol 500ml ou carton 12 a\u00e9rosol\" \/>\n<meta property=\"og:url\" content=\"http:\/\/etanec.fr\/index.php\/produit\/huile-de-coupe-500ml\/\" \/>\n<meta property=\"og:site_name\" content=\"ETANEC\" \/>\n<meta property=\"og:image\" content=\"https:\/\/i0.wp.com\/etanec.fr\/wp-content\/uploads\/2022\/12\/1115_610x610.jpg?fit=610%2C610\" \/>\n\t<meta property=\"og:image:width\" content=\"610\" \/>\n\t<meta property=\"og:image:height\" content=\"610\" \/>\n\t<meta property=\"og:image:type\" content=\"image\/jpeg\" \/>\n<meta name=\"twitter:card\" content=\"summary_large_image\" \/>\n<meta name=\"twitter:label1\" content=\"Dur\u00e9e de lecture estim\u00e9e\" \/>\n\t<meta name=\"twitter:data1\" content=\"1 minute\" \/>\n<script type=\"application\/ld+json\" class=\"yoast-schema-graph\">{\"@context\":\"https:\/\/schema.org\",\"@graph\":[{\"@type\":\"WebPage\",\"@id\":\"http:\/\/etanec.fr\/index.php\/produit\/huile-de-coupe-500ml\/\",\"url\":\"http:\/\/etanec.fr\/index.php\/produit\/huile-de-coupe-500ml\/\",\"name\":\"Huile de coupe 500ml - ETANEC\",\"isPartOf\":{\"@id\":\"http:\/\/etanec.fr\/#website\"},\"primaryImageOfPage\":{\"@id\":\"http:\/\/etanec.fr\/index.php\/produit\/huile-de-coupe-500ml\/#primaryimage\"},\"image\":{\"@id\":\"http:\/\/etanec.fr\/index.php\/produit\/huile-de-coupe-500ml\/#primaryimage\"},\"thumbnailUrl\":\"https:\/\/i0.wp.com\/etanec.fr\/wp-content\/uploads\/2022\/12\/1115_610x610.jpg?fit=610%2C610\",\"datePublished\":\"2023-06-26T11:40:20+00:00\",\"breadcrumb\":{\"@id\":\"http:\/\/etanec.fr\/index.php\/produit\/huile-de-coupe-500ml\/#breadcrumb\"},\"inLanguage\":\"fr-FR\",\"potentialAction\":[{\"@type\":\"ReadAction\",\"target\":[\"http:\/\/etanec.fr\/index.php\/produit\/huile-de-coupe-500ml\/\"]}]},{\"@type\":\"ImageObject\",\"inLanguage\":\"fr-FR\",\"@id\":\"http:\/\/etanec.fr\/index.php\/produit\/huile-de-coupe-500ml\/#primaryimage\",\"url\":\"https:\/\/i0.wp.com\/etanec.fr\/wp-content\/uploads\/2022\/12\/1115_610x610.jpg?fit=610%2C610\",\"contentUrl\":\"https:\/\/i0.wp.com\/etanec.fr\/wp-content\/uploads\/2022\/12\/1115_610x610.jpg?fit=610%2C610\",\"width\":610,\"height\":610},{\"@type\":\"BreadcrumbList\",\"@id\":\"http:\/\/etanec.fr\/index.php\/produit\/huile-de-coupe-500ml\/#breadcrumb\",\"itemListElement\":[{\"@type\":\"ListItem\",\"position\":1,\"name\":\"Accueil\",\"item\":\"http:\/\/etanec.fr\/\"},{\"@type\":\"ListItem\",\"position\":2,\"name\":\"Gamme de produits\",\"item\":\"https:\/\/etanec.fr\/index.php\/boutique\/\"},{\"@type\":\"ListItem\",\"position\":3,\"name\":\"Huile de coupe 500ml\"}]},{\"@type\":\"WebSite\",\"@id\":\"http:\/\/etanec.fr\/#website\",\"url\":\"http:\/\/etanec.fr\/\",\"name\":\"etanec.fr\",\"description\":\"Votre Solution en Outillage &amp; Fixation Enveloppe du batiment\",\"publisher\":{\"@id\":\"http:\/\/etanec.fr\/#organization\"},\"potentialAction\":[{\"@type\":\"SearchAction\",\"target\":{\"@type\":\"EntryPoint\",\"urlTemplate\":\"http:\/\/etanec.fr\/?s={search_term_string}\"},\"query-input\":{\"@type\":\"PropertyValueSpecification\",\"valueRequired\":true,\"valueName\":\"search_term_string\"}}],\"inLanguage\":\"fr-FR\"},{\"@type\":\"Organization\",\"@id\":\"http:\/\/etanec.fr\/#organization\",\"name\":\"etanec.fr\",\"url\":\"http:\/\/etanec.fr\/\",\"logo\":{\"@type\":\"ImageObject\",\"inLanguage\":\"fr-FR\",\"@id\":\"http:\/\/etanec.fr\/#\/schema\/logo\/image\/\",\"url\":\"https:\/\/i0.wp.com\/etanec.fr\/wp-content\/uploads\/2017\/11\/cropped-cropped-cropped-ETANEC-LOGO-2017-RVBTRANSP-HD-e1509965316759.png?fit=350%2C75\",\"contentUrl\":\"https:\/\/i0.wp.com\/etanec.fr\/wp-content\/uploads\/2017\/11\/cropped-cropped-cropped-ETANEC-LOGO-2017-RVBTRANSP-HD-e1509965316759.png?fit=350%2C75\",\"width\":350,\"height\":75,\"caption\":\"etanec.fr\"},\"image\":{\"@id\":\"http:\/\/etanec.fr\/#\/schema\/logo\/image\/\"},\"sameAs\":[\"https:\/\/www.linkedin.com\/company\/etanecgroup\/?viewAsMember=true\"]}]}<\/script>\n<!-- \/ Yoast SEO plugin. -->","yoast_head_json":{"title":"Huile de coupe 500ml - ETANEC","robots":{"index":"index","follow":"follow","max-snippet":"max-snippet:-1","max-image-preview":"max-image-preview:large","max-video-preview":"max-video-preview:-1"},"canonical":"http:\/\/etanec.fr\/index.php\/produit\/huile-de-coupe-500ml\/","og_locale":"fr_FR","og_type":"article","og_title":"Huile de coupe 500ml - ETANEC","og_description":"Huile pour travaux d'usinage des m\u00e9taux Puissant lubrifiant, r\u00e9duction de friction Renfermement des additifs d'extr\u00eame pression Am\u00e9liore le glissement des pi\u00e8ces m\u00e9talliques Convient aussi bien sur m\u00e9taux ferreux, aciers, aciers inoxydables ou r\u00e9fractaires Facilite le poin\u00e7onnage \u00e0 cadence rapide Prolonge la dur\u00e9e de vie de l'outillage en diminuant les risques d'arrachement Application: taraudage, per\u00e7age, filetage, d\u00e9coupage, perforation Conditionnement: A\u00e9rosol 500ml ou carton 12 a\u00e9rosol","og_url":"http:\/\/etanec.fr\/index.php\/produit\/huile-de-coupe-500ml\/","og_site_name":"ETANEC","og_image":[{"width":610,"height":610,"url":"https:\/\/i0.wp.com\/etanec.fr\/wp-content\/uploads\/2022\/12\/1115_610x610.jpg?fit=610%2C610","type":"image\/jpeg"}],"twitter_card":"summary_large_image","twitter_misc":{"Dur\u00e9e de lecture estim\u00e9e":"1 minute"},"schema":{"@context":"https:\/\/schema.org","@graph":[{"@type":"WebPage","@id":"http:\/\/etanec.fr\/index.php\/produit\/huile-de-coupe-500ml\/","url":"http:\/\/etanec.fr\/index.php\/produit\/huile-de-coupe-500ml\/","name":"Huile de coupe 500ml - ETANEC","isPartOf":{"@id":"http:\/\/etanec.fr\/#website"},"primaryImageOfPage":{"@id":"http:\/\/etanec.fr\/index.php\/produit\/huile-de-coupe-500ml\/#primaryimage"},"image":{"@id":"http:\/\/etanec.fr\/index.php\/produit\/huile-de-coupe-500ml\/#primaryimage"},"thumbnailUrl":"https:\/\/i0.wp.com\/etanec.fr\/wp-content\/uploads\/2022\/12\/1115_610x610.jpg?fit=610%2C610","datePublished":"2023-06-26T11:40:20+00:00","breadcrumb":{"@id":"http:\/\/etanec.fr\/index.php\/produit\/huile-de-coupe-500ml\/#breadcrumb"},"inLanguage":"fr-FR","potentialAction":[{"@type":"ReadAction","target":["http:\/\/etanec.fr\/index.php\/produit\/huile-de-coupe-500ml\/"]}]},{"@type":"ImageObject","inLanguage":"fr-FR","@id":"http:\/\/etanec.fr\/index.php\/produit\/huile-de-coupe-500ml\/#primaryimage","url":"https:\/\/i0.wp.com\/etanec.fr\/wp-content\/uploads\/2022\/12\/1115_610x610.jpg?fit=610%2C610","contentUrl":"https:\/\/i0.wp.com\/etanec.fr\/wp-content\/uploads\/2022\/12\/1115_610x610.jpg?fit=610%2C610","width":610,"height":610},{"@type":"BreadcrumbList","@id":"http:\/\/etanec.fr\/index.php\/produit\/huile-de-coupe-500ml\/#breadcrumb","itemListElement":[{"@type":"ListItem","position":1,"name":"Accueil","item":"http:\/\/etanec.fr\/"},{"@type":"ListItem","position":2,"name":"Gamme de produits","item":"https:\/\/etanec.fr\/index.php\/boutique\/"},{"@type":"ListItem","position":3,"name":"Huile de coupe 500ml"}]},{"@type":"WebSite","@id":"http:\/\/etanec.fr\/#website","url":"http:\/\/etanec.fr\/","name":"etanec.fr","description":"Votre Solution en Outillage &amp; Fixation Enveloppe du batiment","publisher":{"@id":"http:\/\/etanec.fr\/#organization"},"potentialAction":[{"@type":"SearchAction","target":{"@type":"EntryPoint","urlTemplate":"http:\/\/etanec.fr\/?s={search_term_string}"},"query-input":{"@type":"PropertyValueSpecification","valueRequired":true,"valueName":"search_term_string"}}],"inLanguage":"fr-FR"},{"@type":"Organization","@id":"http:\/\/etanec.fr\/#organization","name":"etanec.fr","url":"http:\/\/etanec.fr\/","logo":{"@type":"ImageObject","inLanguage":"fr-FR","@id":"http:\/\/etanec.fr\/#\/schema\/logo\/image\/","url":"https:\/\/i0.wp.com\/etanec.fr\/wp-content\/uploads\/2017\/11\/cropped-cropped-cropped-ETANEC-LOGO-2017-RVBTRANSP-HD-e1509965316759.png?fit=350%2C75","contentUrl":"https:\/\/i0.wp.com\/etanec.fr\/wp-content\/uploads\/2017\/11\/cropped-cropped-cropped-ETANEC-LOGO-2017-RVBTRANSP-HD-e1509965316759.png?fit=350%2C75","width":350,"height":75,"caption":"etanec.fr"},"image":{"@id":"http:\/\/etanec.fr\/#\/schema\/logo\/image\/"},"sameAs":["https:\/\/www.linkedin.com\/company\/etanecgroup\/?viewAsMember=true"]}]}},"jetpack_publicize_connections":[],"jetpack_sharing_enabled":true,"_links":{"self":[{"href":"http:\/\/etanec.fr\/index.php\/wp-json\/wp\/v2\/product\/3996","targetHints":{"allow":["GET"]}}],"collection":[{"href":"http:\/\/etanec.fr\/index.php\/wp-json\/wp\/v2\/product"}],"about":[{"href":"http:\/\/etanec.fr\/index.php\/wp-json\/wp\/v2\/types\/product"}],"replies":[{"embeddable":true,"href":"http:\/\/etanec.fr\/index.php\/wp-json\/wp\/v2\/comments?post=3996"}],"version-history":[{"count":3,"href":"http:\/\/etanec.fr\/index.php\/wp-json\/wp\/v2\/product\/3996\/revisions"}],"predecessor-version":[{"id":6779,"href":"http:\/\/etanec.fr\/index.php\/wp-json\/wp\/v2\/product\/3996\/revisions\/6779"}],"wp:featuredmedia":[{"embeddable":true,"href":"http:\/\/etanec.fr\/index.php\/wp-json\/wp\/v2\/media\/3997"}],"wp:attachment":[{"href":"http:\/\/etanec.fr\/index.php\/wp-json\/wp\/v2\/media?parent=3996"}],"wp:term":[{"taxonomy":"product_brand","embeddable":true,"href":"http:\/\/etanec.fr\/index.php\/wp-json\/wp\/v2\/product_brand?post=3996"},{"taxonomy":"product_cat","embeddable":true,"href":"http:\/\/etanec.fr\/index.php\/wp-json\/wp\/v2\/product_cat?post=3996"},{"taxonomy":"product_tag","embeddable":true,"href":"http:\/\/etanec.fr\/index.php\/wp-json\/wp\/v2\/product_tag?post=3996"}],"curies":[{"name":"wp","href":"https:\/\/api.w.org\/{rel}","templated":true}]}}