{"id":4004,"date":"2023-06-26T13:45:01","date_gmt":"2023-06-26T11:45:01","guid":{"rendered":"http:\/\/etanec.fr\/?post_type=product&#038;p=4004"},"modified":"2023-06-26T13:45:34","modified_gmt":"2023-06-26T11:45:34","slug":"anti-adherent-soudure-500ml","status":"publish","type":"product","link":"http:\/\/etanec.fr\/index.php\/produit\/anti-adherent-soudure-500ml\/","title":{"rendered":"Anti-adh\u00e9rent soudure 500ml"},"content":{"rendered":"<p>Produit anti-adh\u00e9rent de s\u00e9curit\u00e9 dans le domaine du soudage \u00e0 l&rsquo;arc. Supprime l&rsquo;adh\u00e9rence des \u00ab\u00a0grattons\u00a0\u00bb sur toutes les surfaces trait\u00e9es. Convient pour prot\u00e9ger les buses, les postes de soudage et les outils destin\u00e9s aux op\u00e9ration de soudage \u00e0 l&rsquo;arc. Exempt de silicone, ce produit permet d&rsquo;effectuer les travaux de soudage sur des pi\u00e8ces destin\u00e9es \u00e0 \u00eatre mise en peinture. S\u00e9chage tr\u00e8s rapide. Produit et propulseur ininflammable.<br \/>\nConditionnement: A\u00e9rosol 500ml<\/p>\n","protected":false},"excerpt":{"rendered":"<p>Produit anti-adh\u00e9rent de s\u00e9curit\u00e9 dans le domaine du soudage \u00e0 l&rsquo;arc<br \/>\nSupprime l&rsquo;adh\u00e9rence des \u00ab\u00a0grattons\u00a0\u00bb sur toutes les surfaces trait\u00e9es<br \/>\nConvient pour prot\u00e9ger les buses, les postes de soudage et les outils destin\u00e9s aux op\u00e9ration de soudage \u00e0 l&rsquo;arc<br \/>\nExempt de silicone, ce produit permet d&rsquo;effectuer les travaux de soudage sur des pi\u00e8ces destin\u00e9es \u00e0 \u00eatre mise en peinture<br \/>\nS\u00e9chage tr\u00e8s rapide<br \/>\nProduit et propulseur ininflammable<br \/>\nConditionnement: A\u00e9rosol 500ml<\/p>\n","protected":false},"featured_media":4005,"comment_status":"open","ping_status":"closed","template":"","meta":{"_monsterinsights_skip_tracking":false,"_monsterinsights_sitenote_active":false,"_monsterinsights_sitenote_note":"","_monsterinsights_sitenote_category":0,"jetpack_publicize_message":"","jetpack_publicize_feature_enabled":true,"jetpack_social_post_already_shared":false,"jetpack_social_options":{"image_generator_settings":{"template":"highway","default_image_id":0,"font":"","enabled":false},"version":2}},"product_brand":[],"product_cat":[77],"product_tag":[],"class_list":{"0":"post-4004","1":"product","2":"type-product","3":"status-publish","6":"product_cat-consommable","8":"first","9":"instock","10":"taxable","11":"shipping-taxable","12":"product-type-simple"},"yoast_head":"<!-- This site is optimized with the Yoast SEO plugin v26.6 - https:\/\/yoast.com\/wordpress\/plugins\/seo\/ -->\n<title>Anti-adh\u00e9rent soudure 500ml - ETANEC<\/title>\n<meta name=\"robots\" content=\"index, follow, max-snippet:-1, max-image-preview:large, max-video-preview:-1\" \/>\n<link rel=\"canonical\" href=\"http:\/\/etanec.fr\/index.php\/produit\/anti-adherent-soudure-500ml\/\" \/>\n<meta property=\"og:locale\" content=\"fr_FR\" \/>\n<meta property=\"og:type\" content=\"article\" \/>\n<meta property=\"og:title\" content=\"Anti-adh\u00e9rent soudure 500ml - ETANEC\" \/>\n<meta property=\"og:description\" content=\"Produit anti-adh\u00e9rent de s\u00e9curit\u00e9 dans le domaine du soudage \u00e0 l&#039;arc Supprime l&#039;adh\u00e9rence des &quot;grattons&quot; sur toutes les surfaces trait\u00e9es Convient pour prot\u00e9ger les buses, les postes de soudage et les outils destin\u00e9s aux op\u00e9ration de soudage \u00e0 l&#039;arc Exempt de silicone, ce produit permet d&#039;effectuer les travaux de soudage sur des pi\u00e8ces destin\u00e9es \u00e0 \u00eatre mise en peinture S\u00e9chage tr\u00e8s rapide Produit et propulseur ininflammable Conditionnement: A\u00e9rosol 500ml\" \/>\n<meta property=\"og:url\" content=\"http:\/\/etanec.fr\/index.php\/produit\/anti-adherent-soudure-500ml\/\" \/>\n<meta property=\"og:site_name\" content=\"ETANEC\" \/>\n<meta property=\"article:modified_time\" content=\"2023-06-26T11:45:34+00:00\" \/>\n<meta property=\"og:image\" content=\"https:\/\/i0.wp.com\/etanec.fr\/wp-content\/uploads\/2022\/12\/x711942_610x610.jpg?fit=610%2C610\" \/>\n\t<meta property=\"og:image:width\" content=\"610\" \/>\n\t<meta property=\"og:image:height\" content=\"610\" \/>\n\t<meta property=\"og:image:type\" content=\"image\/jpeg\" \/>\n<meta name=\"twitter:card\" content=\"summary_large_image\" \/>\n<meta name=\"twitter:label1\" content=\"Dur\u00e9e de lecture estim\u00e9e\" \/>\n\t<meta name=\"twitter:data1\" content=\"1 minute\" \/>\n<script type=\"application\/ld+json\" class=\"yoast-schema-graph\">{\"@context\":\"https:\/\/schema.org\",\"@graph\":[{\"@type\":\"WebPage\",\"@id\":\"http:\/\/etanec.fr\/index.php\/produit\/anti-adherent-soudure-500ml\/\",\"url\":\"http:\/\/etanec.fr\/index.php\/produit\/anti-adherent-soudure-500ml\/\",\"name\":\"Anti-adh\u00e9rent soudure 500ml - ETANEC\",\"isPartOf\":{\"@id\":\"https:\/\/etanec.fr\/#website\"},\"primaryImageOfPage\":{\"@id\":\"http:\/\/etanec.fr\/index.php\/produit\/anti-adherent-soudure-500ml\/#primaryimage\"},\"image\":{\"@id\":\"http:\/\/etanec.fr\/index.php\/produit\/anti-adherent-soudure-500ml\/#primaryimage\"},\"thumbnailUrl\":\"https:\/\/i0.wp.com\/etanec.fr\/wp-content\/uploads\/2022\/12\/x711942_610x610.jpg?fit=610%2C610\",\"datePublished\":\"2023-06-26T11:45:01+00:00\",\"dateModified\":\"2023-06-26T11:45:34+00:00\",\"breadcrumb\":{\"@id\":\"http:\/\/etanec.fr\/index.php\/produit\/anti-adherent-soudure-500ml\/#breadcrumb\"},\"inLanguage\":\"fr-FR\",\"potentialAction\":[{\"@type\":\"ReadAction\",\"target\":[\"http:\/\/etanec.fr\/index.php\/produit\/anti-adherent-soudure-500ml\/\"]}]},{\"@type\":\"ImageObject\",\"inLanguage\":\"fr-FR\",\"@id\":\"http:\/\/etanec.fr\/index.php\/produit\/anti-adherent-soudure-500ml\/#primaryimage\",\"url\":\"https:\/\/i0.wp.com\/etanec.fr\/wp-content\/uploads\/2022\/12\/x711942_610x610.jpg?fit=610%2C610\",\"contentUrl\":\"https:\/\/i0.wp.com\/etanec.fr\/wp-content\/uploads\/2022\/12\/x711942_610x610.jpg?fit=610%2C610\",\"width\":610,\"height\":610},{\"@type\":\"BreadcrumbList\",\"@id\":\"http:\/\/etanec.fr\/index.php\/produit\/anti-adherent-soudure-500ml\/#breadcrumb\",\"itemListElement\":[{\"@type\":\"ListItem\",\"position\":1,\"name\":\"Accueil\",\"item\":\"https:\/\/etanec.fr\/\"},{\"@type\":\"ListItem\",\"position\":2,\"name\":\"Gamme de produits\",\"item\":\"https:\/\/etanec.fr\/index.php\/boutique\/\"},{\"@type\":\"ListItem\",\"position\":3,\"name\":\"Anti-adh\u00e9rent soudure 500ml\"}]},{\"@type\":\"WebSite\",\"@id\":\"https:\/\/etanec.fr\/#website\",\"url\":\"https:\/\/etanec.fr\/\",\"name\":\"etanec.fr\",\"description\":\"Votre Solution en Outillage &amp; Fixation Enveloppe du batiment\",\"publisher\":{\"@id\":\"https:\/\/etanec.fr\/#organization\"},\"potentialAction\":[{\"@type\":\"SearchAction\",\"target\":{\"@type\":\"EntryPoint\",\"urlTemplate\":\"https:\/\/etanec.fr\/?s={search_term_string}\"},\"query-input\":{\"@type\":\"PropertyValueSpecification\",\"valueRequired\":true,\"valueName\":\"search_term_string\"}}],\"inLanguage\":\"fr-FR\"},{\"@type\":\"Organization\",\"@id\":\"https:\/\/etanec.fr\/#organization\",\"name\":\"etanec.fr\",\"url\":\"https:\/\/etanec.fr\/\",\"logo\":{\"@type\":\"ImageObject\",\"inLanguage\":\"fr-FR\",\"@id\":\"https:\/\/etanec.fr\/#\/schema\/logo\/image\/\",\"url\":\"https:\/\/i0.wp.com\/etanec.fr\/wp-content\/uploads\/2017\/11\/cropped-cropped-cropped-ETANEC-LOGO-2017-RVBTRANSP-HD-e1509965316759.png?fit=350%2C75\",\"contentUrl\":\"https:\/\/i0.wp.com\/etanec.fr\/wp-content\/uploads\/2017\/11\/cropped-cropped-cropped-ETANEC-LOGO-2017-RVBTRANSP-HD-e1509965316759.png?fit=350%2C75\",\"width\":350,\"height\":75,\"caption\":\"etanec.fr\"},\"image\":{\"@id\":\"https:\/\/etanec.fr\/#\/schema\/logo\/image\/\"},\"sameAs\":[\"https:\/\/www.linkedin.com\/company\/etanecgroup\/?viewAsMember=true\"]}]}<\/script>\n<!-- \/ Yoast SEO plugin. -->","yoast_head_json":{"title":"Anti-adh\u00e9rent soudure 500ml - ETANEC","robots":{"index":"index","follow":"follow","max-snippet":"max-snippet:-1","max-image-preview":"max-image-preview:large","max-video-preview":"max-video-preview:-1"},"canonical":"http:\/\/etanec.fr\/index.php\/produit\/anti-adherent-soudure-500ml\/","og_locale":"fr_FR","og_type":"article","og_title":"Anti-adh\u00e9rent soudure 500ml - ETANEC","og_description":"Produit anti-adh\u00e9rent de s\u00e9curit\u00e9 dans le domaine du soudage \u00e0 l'arc Supprime l'adh\u00e9rence des \"grattons\" sur toutes les surfaces trait\u00e9es Convient pour prot\u00e9ger les buses, les postes de soudage et les outils destin\u00e9s aux op\u00e9ration de soudage \u00e0 l'arc Exempt de silicone, ce produit permet d'effectuer les travaux de soudage sur des pi\u00e8ces destin\u00e9es \u00e0 \u00eatre mise en peinture S\u00e9chage tr\u00e8s rapide Produit et propulseur ininflammable Conditionnement: A\u00e9rosol 500ml","og_url":"http:\/\/etanec.fr\/index.php\/produit\/anti-adherent-soudure-500ml\/","og_site_name":"ETANEC","article_modified_time":"2023-06-26T11:45:34+00:00","og_image":[{"width":610,"height":610,"url":"https:\/\/i0.wp.com\/etanec.fr\/wp-content\/uploads\/2022\/12\/x711942_610x610.jpg?fit=610%2C610","type":"image\/jpeg"}],"twitter_card":"summary_large_image","twitter_misc":{"Dur\u00e9e de lecture estim\u00e9e":"1 minute"},"schema":{"@context":"https:\/\/schema.org","@graph":[{"@type":"WebPage","@id":"http:\/\/etanec.fr\/index.php\/produit\/anti-adherent-soudure-500ml\/","url":"http:\/\/etanec.fr\/index.php\/produit\/anti-adherent-soudure-500ml\/","name":"Anti-adh\u00e9rent soudure 500ml - ETANEC","isPartOf":{"@id":"https:\/\/etanec.fr\/#website"},"primaryImageOfPage":{"@id":"http:\/\/etanec.fr\/index.php\/produit\/anti-adherent-soudure-500ml\/#primaryimage"},"image":{"@id":"http:\/\/etanec.fr\/index.php\/produit\/anti-adherent-soudure-500ml\/#primaryimage"},"thumbnailUrl":"https:\/\/i0.wp.com\/etanec.fr\/wp-content\/uploads\/2022\/12\/x711942_610x610.jpg?fit=610%2C610","datePublished":"2023-06-26T11:45:01+00:00","dateModified":"2023-06-26T11:45:34+00:00","breadcrumb":{"@id":"http:\/\/etanec.fr\/index.php\/produit\/anti-adherent-soudure-500ml\/#breadcrumb"},"inLanguage":"fr-FR","potentialAction":[{"@type":"ReadAction","target":["http:\/\/etanec.fr\/index.php\/produit\/anti-adherent-soudure-500ml\/"]}]},{"@type":"ImageObject","inLanguage":"fr-FR","@id":"http:\/\/etanec.fr\/index.php\/produit\/anti-adherent-soudure-500ml\/#primaryimage","url":"https:\/\/i0.wp.com\/etanec.fr\/wp-content\/uploads\/2022\/12\/x711942_610x610.jpg?fit=610%2C610","contentUrl":"https:\/\/i0.wp.com\/etanec.fr\/wp-content\/uploads\/2022\/12\/x711942_610x610.jpg?fit=610%2C610","width":610,"height":610},{"@type":"BreadcrumbList","@id":"http:\/\/etanec.fr\/index.php\/produit\/anti-adherent-soudure-500ml\/#breadcrumb","itemListElement":[{"@type":"ListItem","position":1,"name":"Accueil","item":"https:\/\/etanec.fr\/"},{"@type":"ListItem","position":2,"name":"Gamme de produits","item":"https:\/\/etanec.fr\/index.php\/boutique\/"},{"@type":"ListItem","position":3,"name":"Anti-adh\u00e9rent soudure 500ml"}]},{"@type":"WebSite","@id":"https:\/\/etanec.fr\/#website","url":"https:\/\/etanec.fr\/","name":"etanec.fr","description":"Votre Solution en Outillage &amp; Fixation Enveloppe du batiment","publisher":{"@id":"https:\/\/etanec.fr\/#organization"},"potentialAction":[{"@type":"SearchAction","target":{"@type":"EntryPoint","urlTemplate":"https:\/\/etanec.fr\/?s={search_term_string}"},"query-input":{"@type":"PropertyValueSpecification","valueRequired":true,"valueName":"search_term_string"}}],"inLanguage":"fr-FR"},{"@type":"Organization","@id":"https:\/\/etanec.fr\/#organization","name":"etanec.fr","url":"https:\/\/etanec.fr\/","logo":{"@type":"ImageObject","inLanguage":"fr-FR","@id":"https:\/\/etanec.fr\/#\/schema\/logo\/image\/","url":"https:\/\/i0.wp.com\/etanec.fr\/wp-content\/uploads\/2017\/11\/cropped-cropped-cropped-ETANEC-LOGO-2017-RVBTRANSP-HD-e1509965316759.png?fit=350%2C75","contentUrl":"https:\/\/i0.wp.com\/etanec.fr\/wp-content\/uploads\/2017\/11\/cropped-cropped-cropped-ETANEC-LOGO-2017-RVBTRANSP-HD-e1509965316759.png?fit=350%2C75","width":350,"height":75,"caption":"etanec.fr"},"image":{"@id":"https:\/\/etanec.fr\/#\/schema\/logo\/image\/"},"sameAs":["https:\/\/www.linkedin.com\/company\/etanecgroup\/?viewAsMember=true"]}]}},"jetpack_publicize_connections":[],"jetpack_sharing_enabled":true,"_links":{"self":[{"href":"http:\/\/etanec.fr\/index.php\/wp-json\/wp\/v2\/product\/4004","targetHints":{"allow":["GET"]}}],"collection":[{"href":"http:\/\/etanec.fr\/index.php\/wp-json\/wp\/v2\/product"}],"about":[{"href":"http:\/\/etanec.fr\/index.php\/wp-json\/wp\/v2\/types\/product"}],"replies":[{"embeddable":true,"href":"http:\/\/etanec.fr\/index.php\/wp-json\/wp\/v2\/comments?post=4004"}],"version-history":[{"count":3,"href":"http:\/\/etanec.fr\/index.php\/wp-json\/wp\/v2\/product\/4004\/revisions"}],"predecessor-version":[{"id":6782,"href":"http:\/\/etanec.fr\/index.php\/wp-json\/wp\/v2\/product\/4004\/revisions\/6782"}],"wp:featuredmedia":[{"embeddable":true,"href":"http:\/\/etanec.fr\/index.php\/wp-json\/wp\/v2\/media\/4005"}],"wp:attachment":[{"href":"http:\/\/etanec.fr\/index.php\/wp-json\/wp\/v2\/media?parent=4004"}],"wp:term":[{"taxonomy":"product_brand","embeddable":true,"href":"http:\/\/etanec.fr\/index.php\/wp-json\/wp\/v2\/product_brand?post=4004"},{"taxonomy":"product_cat","embeddable":true,"href":"http:\/\/etanec.fr\/index.php\/wp-json\/wp\/v2\/product_cat?post=4004"},{"taxonomy":"product_tag","embeddable":true,"href":"http:\/\/etanec.fr\/index.php\/wp-json\/wp\/v2\/product_tag?post=4004"}],"curies":[{"name":"wp","href":"https:\/\/api.w.org\/{rel}","templated":true}]}}