{"id":295,"date":"2017-11-06T07:35:36","date_gmt":"2017-11-06T06:35:36","guid":{"rendered":"http:\/\/etanec.fr\/?page_id=295"},"modified":"2017-11-06T12:14:48","modified_gmt":"2017-11-06T11:14:48","slug":"qui-sommes-nous-2","status":"publish","type":"page","link":"https:\/\/etanec.fr\/index.php\/qui-sommes-nous-2\/","title":{"rendered":"Qui sommes-nous ?"},"content":{"rendered":"<div class=\"eltdf-wrapper\">\n<div class=\"eltdf-wrapper-inner\">\n<div class=\"eltdf-content\">\n<div class=\"eltdf-content-inner\">\n<div class=\"eltdf-container eltdf-default-page-template\">\n<div class=\"eltdf-container-inner clearfix\">\n<div class=\"vc_row wpb_row vc_row-fluid eltdf-row-type-row\">\n<div class=\"wpb_column vc_column_container vc_col-sm-12\">\n<div class=\"vc_column-inner \">\n<div class=\"wpb_wrapper\">\n<div class=\"wpb_text_column wpb_content_element \">\n<div class=\"wpb_wrapper\">\n<p>Depuis sa cr\u00e9ation, <strong><span style=\"color: #339966;\">l\u2019entreprise ETANEC<\/span>\u00a0<\/strong>ne cesse d\u2019\u00e9voluer, pour atteindre son objectif et devenir un <span style=\"color: #339966;\"><strong>acteur principal de l&rsquo;outillage et fixation pour la couverture du b\u00e2timent<\/strong>.\u00a0<\/span><\/p>\n<p>Nous sommes bas\u00e9s \u00e0 <span style=\"color: #339966;\"><b>Valence<\/b>,<\/span> et nous proposons nos services au niveau national, sur un secteur g\u00e9ographique toujours plus large, allant de <strong>Paris<\/strong> \u00e0 <strong>Marseille<\/strong>, sans oublier la\u00a0<strong>Savoie<\/strong> et la r\u00e9gion de <strong>Grenoble<\/strong>. Si vous \u00eates en dehors de cette zone, contactez-nous quand m\u00eame\u00a0! Soit votre r\u00e9gion est belle, et nous serons enchant\u00e9s de la d\u00e9couvrir, ou alors nous nous ferons un plaisir de vous conseiller un de nos partenaires en qui nous avons confiance.<\/p>\n<p><strong><span style=\"color: #339966;\">Notre mission\u00a0:<\/span><\/strong> amener un service de qualit\u00e9 chez tous ceux qui nous font confiance.<\/p>\n<\/div>\n<\/div>\n<\/div>\n<\/div>\n<\/div>\n<\/div>\n<\/div>\n<\/div>\n<\/div>\n<\/div>\n<\/div>\n<\/div>\n","protected":false},"excerpt":{"rendered":"<p>Depuis sa cr\u00e9ation, l\u2019entreprise ETANEC\u00a0ne cesse d\u2019\u00e9voluer, pour atteindre son objectif et devenir un acteur principal de l&rsquo;outillage et fixation pour la couverture du b\u00e2timent.\u00a0 Nous sommes bas\u00e9s \u00e0 Valence,<\/p>\n","protected":false},"author":1,"featured_media":0,"parent":0,"menu_order":0,"comment_status":"closed","ping_status":"closed","template":"","meta":{"_monsterinsights_skip_tracking":false,"_monsterinsights_sitenote_active":false,"_monsterinsights_sitenote_note":"","_monsterinsights_sitenote_category":0,"footnotes":""},"class_list":{"1":"page","2":"type-page","3":"status-publish","4":"hentry"},"yoast_head":"<!-- This site is optimized with the Yoast SEO plugin v26.6 - https:\/\/yoast.com\/wordpress\/plugins\/seo\/ -->\n<title>Qui sommes-nous ? - ETANEC<\/title>\n<meta name=\"robots\" content=\"index, follow, max-snippet:-1, max-image-preview:large, max-video-preview:-1\" \/>\n<link rel=\"canonical\" href=\"https:\/\/etanec.fr\/index.php\/qui-sommes-nous-2\/\" \/>\n<meta property=\"og:locale\" content=\"fr_FR\" \/>\n<meta property=\"og:type\" content=\"article\" \/>\n<meta property=\"og:title\" content=\"Qui sommes-nous ? - ETANEC\" \/>\n<meta property=\"og:description\" content=\"Depuis sa cr\u00e9ation, l\u2019entreprise ETANEC\u00a0ne cesse d\u2019\u00e9voluer, pour atteindre son objectif et devenir un acteur principal de l&rsquo;outillage et fixation pour la couverture du b\u00e2timent.\u00a0 Nous sommes bas\u00e9s \u00e0 Valence,\" \/>\n<meta property=\"og:url\" content=\"https:\/\/etanec.fr\/index.php\/qui-sommes-nous-2\/\" \/>\n<meta property=\"og:site_name\" content=\"ETANEC\" \/>\n<meta property=\"article:modified_time\" content=\"2017-11-06T11:14:48+00:00\" \/>\n<meta name=\"twitter:card\" content=\"summary_large_image\" \/>\n<meta name=\"twitter:label1\" content=\"Dur\u00e9e de lecture estim\u00e9e\" \/>\n\t<meta name=\"twitter:data1\" content=\"1 minute\" \/>\n<script type=\"application\/ld+json\" class=\"yoast-schema-graph\">{\"@context\":\"https:\/\/schema.org\",\"@graph\":[{\"@type\":\"WebPage\",\"@id\":\"https:\/\/etanec.fr\/index.php\/qui-sommes-nous-2\/\",\"url\":\"https:\/\/etanec.fr\/index.php\/qui-sommes-nous-2\/\",\"name\":\"Qui sommes-nous ? - ETANEC\",\"isPartOf\":{\"@id\":\"https:\/\/etanec.fr\/#website\"},\"datePublished\":\"2017-11-06T06:35:36+00:00\",\"dateModified\":\"2017-11-06T11:14:48+00:00\",\"breadcrumb\":{\"@id\":\"https:\/\/etanec.fr\/index.php\/qui-sommes-nous-2\/#breadcrumb\"},\"inLanguage\":\"fr-FR\",\"potentialAction\":[{\"@type\":\"ReadAction\",\"target\":[\"https:\/\/etanec.fr\/index.php\/qui-sommes-nous-2\/\"]}]},{\"@type\":\"BreadcrumbList\",\"@id\":\"https:\/\/etanec.fr\/index.php\/qui-sommes-nous-2\/#breadcrumb\",\"itemListElement\":[{\"@type\":\"ListItem\",\"position\":1,\"name\":\"Accueil\",\"item\":\"https:\/\/etanec.fr\/\"},{\"@type\":\"ListItem\",\"position\":2,\"name\":\"Qui sommes-nous ?\"}]},{\"@type\":\"WebSite\",\"@id\":\"https:\/\/etanec.fr\/#website\",\"url\":\"https:\/\/etanec.fr\/\",\"name\":\"etanec.fr\",\"description\":\"Votre Solution en Outillage &amp; Fixation Enveloppe du batiment\",\"publisher\":{\"@id\":\"https:\/\/etanec.fr\/#organization\"},\"potentialAction\":[{\"@type\":\"SearchAction\",\"target\":{\"@type\":\"EntryPoint\",\"urlTemplate\":\"https:\/\/etanec.fr\/?s={search_term_string}\"},\"query-input\":{\"@type\":\"PropertyValueSpecification\",\"valueRequired\":true,\"valueName\":\"search_term_string\"}}],\"inLanguage\":\"fr-FR\"},{\"@type\":\"Organization\",\"@id\":\"https:\/\/etanec.fr\/#organization\",\"name\":\"etanec.fr\",\"url\":\"https:\/\/etanec.fr\/\",\"logo\":{\"@type\":\"ImageObject\",\"inLanguage\":\"fr-FR\",\"@id\":\"https:\/\/etanec.fr\/#\/schema\/logo\/image\/\",\"url\":\"https:\/\/i0.wp.com\/etanec.fr\/wp-content\/uploads\/2017\/11\/cropped-cropped-cropped-ETANEC-LOGO-2017-RVBTRANSP-HD-e1509965316759.png?fit=350%2C75&ssl=1\",\"contentUrl\":\"https:\/\/i0.wp.com\/etanec.fr\/wp-content\/uploads\/2017\/11\/cropped-cropped-cropped-ETANEC-LOGO-2017-RVBTRANSP-HD-e1509965316759.png?fit=350%2C75&ssl=1\",\"width\":350,\"height\":75,\"caption\":\"etanec.fr\"},\"image\":{\"@id\":\"https:\/\/etanec.fr\/#\/schema\/logo\/image\/\"},\"sameAs\":[\"https:\/\/www.linkedin.com\/company\/etanecgroup\/?viewAsMember=true\"]}]}<\/script>\n<!-- \/ Yoast SEO plugin. -->","yoast_head_json":{"title":"Qui sommes-nous ? - ETANEC","robots":{"index":"index","follow":"follow","max-snippet":"max-snippet:-1","max-image-preview":"max-image-preview:large","max-video-preview":"max-video-preview:-1"},"canonical":"https:\/\/etanec.fr\/index.php\/qui-sommes-nous-2\/","og_locale":"fr_FR","og_type":"article","og_title":"Qui sommes-nous ? - ETANEC","og_description":"Depuis sa cr\u00e9ation, l\u2019entreprise ETANEC\u00a0ne cesse d\u2019\u00e9voluer, pour atteindre son objectif et devenir un acteur principal de l&rsquo;outillage et fixation pour la couverture du b\u00e2timent.\u00a0 Nous sommes bas\u00e9s \u00e0 Valence,","og_url":"https:\/\/etanec.fr\/index.php\/qui-sommes-nous-2\/","og_site_name":"ETANEC","article_modified_time":"2017-11-06T11:14:48+00:00","twitter_card":"summary_large_image","twitter_misc":{"Dur\u00e9e de lecture estim\u00e9e":"1 minute"},"schema":{"@context":"https:\/\/schema.org","@graph":[{"@type":"WebPage","@id":"https:\/\/etanec.fr\/index.php\/qui-sommes-nous-2\/","url":"https:\/\/etanec.fr\/index.php\/qui-sommes-nous-2\/","name":"Qui sommes-nous ? - ETANEC","isPartOf":{"@id":"https:\/\/etanec.fr\/#website"},"datePublished":"2017-11-06T06:35:36+00:00","dateModified":"2017-11-06T11:14:48+00:00","breadcrumb":{"@id":"https:\/\/etanec.fr\/index.php\/qui-sommes-nous-2\/#breadcrumb"},"inLanguage":"fr-FR","potentialAction":[{"@type":"ReadAction","target":["https:\/\/etanec.fr\/index.php\/qui-sommes-nous-2\/"]}]},{"@type":"BreadcrumbList","@id":"https:\/\/etanec.fr\/index.php\/qui-sommes-nous-2\/#breadcrumb","itemListElement":[{"@type":"ListItem","position":1,"name":"Accueil","item":"https:\/\/etanec.fr\/"},{"@type":"ListItem","position":2,"name":"Qui sommes-nous ?"}]},{"@type":"WebSite","@id":"https:\/\/etanec.fr\/#website","url":"https:\/\/etanec.fr\/","name":"etanec.fr","description":"Votre Solution en Outillage &amp; Fixation Enveloppe du batiment","publisher":{"@id":"https:\/\/etanec.fr\/#organization"},"potentialAction":[{"@type":"SearchAction","target":{"@type":"EntryPoint","urlTemplate":"https:\/\/etanec.fr\/?s={search_term_string}"},"query-input":{"@type":"PropertyValueSpecification","valueRequired":true,"valueName":"search_term_string"}}],"inLanguage":"fr-FR"},{"@type":"Organization","@id":"https:\/\/etanec.fr\/#organization","name":"etanec.fr","url":"https:\/\/etanec.fr\/","logo":{"@type":"ImageObject","inLanguage":"fr-FR","@id":"https:\/\/etanec.fr\/#\/schema\/logo\/image\/","url":"https:\/\/i0.wp.com\/etanec.fr\/wp-content\/uploads\/2017\/11\/cropped-cropped-cropped-ETANEC-LOGO-2017-RVBTRANSP-HD-e1509965316759.png?fit=350%2C75&ssl=1","contentUrl":"https:\/\/i0.wp.com\/etanec.fr\/wp-content\/uploads\/2017\/11\/cropped-cropped-cropped-ETANEC-LOGO-2017-RVBTRANSP-HD-e1509965316759.png?fit=350%2C75&ssl=1","width":350,"height":75,"caption":"etanec.fr"},"image":{"@id":"https:\/\/etanec.fr\/#\/schema\/logo\/image\/"},"sameAs":["https:\/\/www.linkedin.com\/company\/etanecgroup\/?viewAsMember=true"]}]}},"jetpack_sharing_enabled":true,"_links":{"self":[{"href":"https:\/\/etanec.fr\/index.php\/wp-json\/wp\/v2\/pages\/295","targetHints":{"allow":["GET"]}}],"collection":[{"href":"https:\/\/etanec.fr\/index.php\/wp-json\/wp\/v2\/pages"}],"about":[{"href":"https:\/\/etanec.fr\/index.php\/wp-json\/wp\/v2\/types\/page"}],"author":[{"embeddable":true,"href":"https:\/\/etanec.fr\/index.php\/wp-json\/wp\/v2\/users\/1"}],"replies":[{"embeddable":true,"href":"https:\/\/etanec.fr\/index.php\/wp-json\/wp\/v2\/comments?post=295"}],"version-history":[{"count":6,"href":"https:\/\/etanec.fr\/index.php\/wp-json\/wp\/v2\/pages\/295\/revisions"}],"predecessor-version":[{"id":6893,"href":"https:\/\/etanec.fr\/index.php\/wp-json\/wp\/v2\/pages\/295\/revisions\/6893"}],"wp:attachment":[{"href":"https:\/\/etanec.fr\/index.php\/wp-json\/wp\/v2\/media?parent=295"}],"curies":[{"name":"wp","href":"https:\/\/api.w.org\/{rel}","templated":true}]}}