{"id":3598,"date":"2023-06-02T11:37:26","date_gmt":"2023-06-02T09:37:26","guid":{"rendered":"http:\/\/etanec.fr\/?post_type=product&#038;p=3598"},"modified":"2023-06-02T11:37:26","modified_gmt":"2023-06-02T09:37:26","slug":"boite-100-gants-nitrile-en374","status":"publish","type":"product","link":"https:\/\/etanec.fr\/index.php\/produit\/boite-100-gants-nitrile-en374\/","title":{"rendered":"Boite 100 gants NITRILE EN374"},"content":{"rendered":"<p>Gants \u00e0 usage unique en nitrile. Sp\u00e9ciale pour des environnements sales. Conformes aux dispositions du r\u00e8glement(UE) n\u00b010\/2011 pour usage alimentaire. Adh\u00e9rence excellente sur surfaces humides et s\u00e8ches. Meilleures r\u00e9sistances m\u00e9caniques et chimiques que celle du latex. R\u00e9sistance \u00e0 la d\u00e9chirure. Sans prot\u00e9ines. Ambidextres, ad\u00e9quats pour les personnes allergiques au latex.\u00a0Cat\u00e9gorie: III EN374, bte 100 pi\u00e8ces. Tailles dispo: M\/L\/XL.<\/p>\n<p>Caract\u00e9ristiques techniques\u00a0:<\/p>\n<p>&nbsp;<\/p>\n<ul>\n<li>Couleur: Noir<\/li>\n<li>Mati\u00e8re: Nitrile<\/li>\n<li>Finition int\u00e9rieure: Non poudr\u00e9, Chlor\u00e9<\/li>\n<li>Normes: EN 374, EN 420<\/li>\n<li>Cat\u00e9gorie: 3<\/li>\n<li>Poids \u00e0 la pi\u00e8ce\u00a0: 3,5 g<\/li>\n<li>Longueur: 240 mm<\/li>\n<li>\u00c9paisseur du mat\u00e9riau: 0,12 mm<\/li>\n<li>Epaisseur du doigt (texture): 0,15 mm<\/li>\n<li>Epaisseur de mat\u00e9riau de la paume (textur\u00e9): 0,12 mm<\/li>\n<li>Epaisseur de mat\u00e9riau du poignet (lisse): 0,08 mm<\/li>\n<li>Tol\u00e9rance, \u00e9paisseur de mat\u00e9riau (+\/-): 0,03 mm<\/li>\n<li>Conditionnement\u00a0: Bte 100 pcs<\/li>\n<\/ul>\n","protected":false},"excerpt":{"rendered":"<p>Gants \u00e0 usage unique en nitrile. Sp\u00e9ciale pour des environnements sales<\/p>\n<p>Conformes aux dispositions du r\u00e8glement(UE) n\u00b010\/2011 pour usage alimentaire<\/p>\n<p>Adh\u00e9rence excellente sur surfaces humides et s\u00e8ches<\/p>\n<p>Meilleures r\u00e9sistances m\u00e9caniques et chimiques que celle du latex<\/p>\n<p>R\u00e9sistance \u00e0 la d\u00e9chirure<\/p>\n<p>Sans prot\u00e9ines<\/p>\n<p>Ambidextres, ad\u00e9quats pour les personnes allergiques au latex<\/p>\n<p>Cat\u00e9gorie: III EN374, bte 100 pi\u00e8ces<\/p>\n<p>Tailles dispo: M\/L\/XL.<\/p>\n<p>Caract\u00e9ristiques techniques\u00a0:<\/p>\n<ul>\n<li>Couleur: Noir<\/li>\n<li>Mati\u00e8re: Nitrile<\/li>\n<li>Finition int\u00e9rieure: Non poudr\u00e9, Chlor\u00e9<\/li>\n<li>Normes: EN 374, EN 420<\/li>\n<li>Cat\u00e9gorie: 3<\/li>\n<li>Poids \u00e0 la pi\u00e8ce\u00a0: 3,5 g<\/li>\n<li>Longueur: 240 mm<\/li>\n<li>\u00c9paisseur du mat\u00e9riau: 0,12 mm<\/li>\n<li>Epaisseur du doigt (texture): 0,15 mm<\/li>\n<li>Epaisseur de mat\u00e9riau de la paume (textur\u00e9): 0,12 mm<\/li>\n<li>Epaisseur de mat\u00e9riau du poignet (lisse): 0,08 mm<\/li>\n<li>Tol\u00e9rance, \u00e9paisseur de mat\u00e9riau (+\/-): 0,03 mm<\/li>\n<li>Conditionnement\u00a0: Bte 100 pcs<\/li>\n<\/ul>\n","protected":false},"featured_media":3600,"comment_status":"open","ping_status":"closed","template":"","meta":{"_monsterinsights_skip_tracking":false,"_monsterinsights_sitenote_active":false,"_monsterinsights_sitenote_note":"","_monsterinsights_sitenote_category":0,"jetpack_publicize_message":"","jetpack_publicize_feature_enabled":true,"jetpack_social_post_already_shared":false,"jetpack_social_options":{"image_generator_settings":{"template":"highway","default_image_id":0,"font":"","enabled":false},"version":2}},"product_brand":[],"product_cat":[40],"product_tag":[],"class_list":{"0":"post-3598","1":"product","2":"type-product","3":"status-publish","6":"product_cat-epi","8":"first","9":"instock","10":"taxable","11":"shipping-taxable","12":"product-type-simple"},"yoast_head":"<!-- This site is optimized with the Yoast SEO plugin v26.6 - https:\/\/yoast.com\/wordpress\/plugins\/seo\/ -->\n<title>Boite 100 gants NITRILE EN374 - ETANEC<\/title>\n<meta name=\"robots\" content=\"index, follow, max-snippet:-1, max-image-preview:large, max-video-preview:-1\" \/>\n<link rel=\"canonical\" href=\"https:\/\/etanec.fr\/index.php\/produit\/boite-100-gants-nitrile-en374\/\" \/>\n<meta property=\"og:locale\" content=\"fr_FR\" \/>\n<meta property=\"og:type\" content=\"article\" \/>\n<meta property=\"og:title\" content=\"Boite 100 gants NITRILE EN374 - ETANEC\" \/>\n<meta property=\"og:description\" content=\"Gants \u00e0 usage unique en nitrile. Sp\u00e9ciale pour des environnements sales  Conformes aux dispositions du r\u00e8glement(UE) n\u00b010\/2011 pour usage alimentaire  Adh\u00e9rence excellente sur surfaces humides et s\u00e8ches  Meilleures r\u00e9sistances m\u00e9caniques et chimiques que celle du latex  R\u00e9sistance \u00e0 la d\u00e9chirure  Sans prot\u00e9ines  Ambidextres, ad\u00e9quats pour les personnes allergiques au latex  Cat\u00e9gorie: III EN374, bte 100 pi\u00e8ces  Tailles dispo: M\/L\/XL.  Caract\u00e9ristiques techniques\u00a0:   Couleur: Noir  Mati\u00e8re: Nitrile  Finition int\u00e9rieure: Non poudr\u00e9, Chlor\u00e9  Normes: EN 374, EN 420  Cat\u00e9gorie: 3  Poids \u00e0 la pi\u00e8ce\u00a0: 3,5 g  Longueur: 240 mm  \u00c9paisseur du mat\u00e9riau: 0,12 mm  Epaisseur du doigt (texture): 0,15 mm  Epaisseur de mat\u00e9riau de la paume (textur\u00e9): 0,12 mm  Epaisseur de mat\u00e9riau du poignet (lisse): 0,08 mm  Tol\u00e9rance, \u00e9paisseur de mat\u00e9riau (+\/-): 0,03 mm  Conditionnement\u00a0: Bte 100 pcs\" \/>\n<meta property=\"og:url\" content=\"https:\/\/etanec.fr\/index.php\/produit\/boite-100-gants-nitrile-en374\/\" \/>\n<meta property=\"og:site_name\" content=\"ETANEC\" \/>\n<meta property=\"og:image\" content=\"https:\/\/i0.wp.com\/etanec.fr\/wp-content\/uploads\/2022\/12\/1168_610x610.jpg?fit=610%2C610&ssl=1\" \/>\n\t<meta property=\"og:image:width\" content=\"610\" \/>\n\t<meta property=\"og:image:height\" content=\"610\" \/>\n\t<meta property=\"og:image:type\" content=\"image\/jpeg\" \/>\n<meta name=\"twitter:card\" content=\"summary_large_image\" \/>\n<meta name=\"twitter:label1\" content=\"Dur\u00e9e de lecture estim\u00e9e\" \/>\n\t<meta name=\"twitter:data1\" content=\"1 minute\" \/>\n<script type=\"application\/ld+json\" class=\"yoast-schema-graph\">{\"@context\":\"https:\/\/schema.org\",\"@graph\":[{\"@type\":\"WebPage\",\"@id\":\"https:\/\/etanec.fr\/index.php\/produit\/boite-100-gants-nitrile-en374\/\",\"url\":\"https:\/\/etanec.fr\/index.php\/produit\/boite-100-gants-nitrile-en374\/\",\"name\":\"Boite 100 gants NITRILE EN374 - ETANEC\",\"isPartOf\":{\"@id\":\"https:\/\/etanec.fr\/#website\"},\"primaryImageOfPage\":{\"@id\":\"https:\/\/etanec.fr\/index.php\/produit\/boite-100-gants-nitrile-en374\/#primaryimage\"},\"image\":{\"@id\":\"https:\/\/etanec.fr\/index.php\/produit\/boite-100-gants-nitrile-en374\/#primaryimage\"},\"thumbnailUrl\":\"https:\/\/i0.wp.com\/etanec.fr\/wp-content\/uploads\/2022\/12\/1168_610x610.jpg?fit=610%2C610&ssl=1\",\"datePublished\":\"2023-06-02T09:37:26+00:00\",\"breadcrumb\":{\"@id\":\"https:\/\/etanec.fr\/index.php\/produit\/boite-100-gants-nitrile-en374\/#breadcrumb\"},\"inLanguage\":\"fr-FR\",\"potentialAction\":[{\"@type\":\"ReadAction\",\"target\":[\"https:\/\/etanec.fr\/index.php\/produit\/boite-100-gants-nitrile-en374\/\"]}]},{\"@type\":\"ImageObject\",\"inLanguage\":\"fr-FR\",\"@id\":\"https:\/\/etanec.fr\/index.php\/produit\/boite-100-gants-nitrile-en374\/#primaryimage\",\"url\":\"https:\/\/i0.wp.com\/etanec.fr\/wp-content\/uploads\/2022\/12\/1168_610x610.jpg?fit=610%2C610&ssl=1\",\"contentUrl\":\"https:\/\/i0.wp.com\/etanec.fr\/wp-content\/uploads\/2022\/12\/1168_610x610.jpg?fit=610%2C610&ssl=1\",\"width\":610,\"height\":610},{\"@type\":\"BreadcrumbList\",\"@id\":\"https:\/\/etanec.fr\/index.php\/produit\/boite-100-gants-nitrile-en374\/#breadcrumb\",\"itemListElement\":[{\"@type\":\"ListItem\",\"position\":1,\"name\":\"Accueil\",\"item\":\"https:\/\/etanec.fr\/\"},{\"@type\":\"ListItem\",\"position\":2,\"name\":\"Gamme de produits\",\"item\":\"https:\/\/etanec.fr\/index.php\/boutique\/\"},{\"@type\":\"ListItem\",\"position\":3,\"name\":\"Boite 100 gants NITRILE EN374\"}]},{\"@type\":\"WebSite\",\"@id\":\"https:\/\/etanec.fr\/#website\",\"url\":\"https:\/\/etanec.fr\/\",\"name\":\"etanec.fr\",\"description\":\"Votre Solution en Outillage &amp; Fixation Enveloppe du batiment\",\"publisher\":{\"@id\":\"https:\/\/etanec.fr\/#organization\"},\"potentialAction\":[{\"@type\":\"SearchAction\",\"target\":{\"@type\":\"EntryPoint\",\"urlTemplate\":\"https:\/\/etanec.fr\/?s={search_term_string}\"},\"query-input\":{\"@type\":\"PropertyValueSpecification\",\"valueRequired\":true,\"valueName\":\"search_term_string\"}}],\"inLanguage\":\"fr-FR\"},{\"@type\":\"Organization\",\"@id\":\"https:\/\/etanec.fr\/#organization\",\"name\":\"etanec.fr\",\"url\":\"https:\/\/etanec.fr\/\",\"logo\":{\"@type\":\"ImageObject\",\"inLanguage\":\"fr-FR\",\"@id\":\"https:\/\/etanec.fr\/#\/schema\/logo\/image\/\",\"url\":\"https:\/\/i0.wp.com\/etanec.fr\/wp-content\/uploads\/2017\/11\/cropped-cropped-cropped-ETANEC-LOGO-2017-RVBTRANSP-HD-e1509965316759.png?fit=350%2C75&ssl=1\",\"contentUrl\":\"https:\/\/i0.wp.com\/etanec.fr\/wp-content\/uploads\/2017\/11\/cropped-cropped-cropped-ETANEC-LOGO-2017-RVBTRANSP-HD-e1509965316759.png?fit=350%2C75&ssl=1\",\"width\":350,\"height\":75,\"caption\":\"etanec.fr\"},\"image\":{\"@id\":\"https:\/\/etanec.fr\/#\/schema\/logo\/image\/\"},\"sameAs\":[\"https:\/\/www.linkedin.com\/company\/etanecgroup\/?viewAsMember=true\"]}]}<\/script>\n<!-- \/ Yoast SEO plugin. -->","yoast_head_json":{"title":"Boite 100 gants NITRILE EN374 - ETANEC","robots":{"index":"index","follow":"follow","max-snippet":"max-snippet:-1","max-image-preview":"max-image-preview:large","max-video-preview":"max-video-preview:-1"},"canonical":"https:\/\/etanec.fr\/index.php\/produit\/boite-100-gants-nitrile-en374\/","og_locale":"fr_FR","og_type":"article","og_title":"Boite 100 gants NITRILE EN374 - ETANEC","og_description":"Gants \u00e0 usage unique en nitrile. Sp\u00e9ciale pour des environnements sales  Conformes aux dispositions du r\u00e8glement(UE) n\u00b010\/2011 pour usage alimentaire  Adh\u00e9rence excellente sur surfaces humides et s\u00e8ches  Meilleures r\u00e9sistances m\u00e9caniques et chimiques que celle du latex  R\u00e9sistance \u00e0 la d\u00e9chirure  Sans prot\u00e9ines  Ambidextres, ad\u00e9quats pour les personnes allergiques au latex  Cat\u00e9gorie: III EN374, bte 100 pi\u00e8ces  Tailles dispo: M\/L\/XL.  Caract\u00e9ristiques techniques\u00a0:   Couleur: Noir  Mati\u00e8re: Nitrile  Finition int\u00e9rieure: Non poudr\u00e9, Chlor\u00e9  Normes: EN 374, EN 420  Cat\u00e9gorie: 3  Poids \u00e0 la pi\u00e8ce\u00a0: 3,5 g  Longueur: 240 mm  \u00c9paisseur du mat\u00e9riau: 0,12 mm  Epaisseur du doigt (texture): 0,15 mm  Epaisseur de mat\u00e9riau de la paume (textur\u00e9): 0,12 mm  Epaisseur de mat\u00e9riau du poignet (lisse): 0,08 mm  Tol\u00e9rance, \u00e9paisseur de mat\u00e9riau (+\/-): 0,03 mm  Conditionnement\u00a0: Bte 100 pcs","og_url":"https:\/\/etanec.fr\/index.php\/produit\/boite-100-gants-nitrile-en374\/","og_site_name":"ETANEC","og_image":[{"width":610,"height":610,"url":"https:\/\/i0.wp.com\/etanec.fr\/wp-content\/uploads\/2022\/12\/1168_610x610.jpg?fit=610%2C610&ssl=1","type":"image\/jpeg"}],"twitter_card":"summary_large_image","twitter_misc":{"Dur\u00e9e de lecture estim\u00e9e":"1 minute"},"schema":{"@context":"https:\/\/schema.org","@graph":[{"@type":"WebPage","@id":"https:\/\/etanec.fr\/index.php\/produit\/boite-100-gants-nitrile-en374\/","url":"https:\/\/etanec.fr\/index.php\/produit\/boite-100-gants-nitrile-en374\/","name":"Boite 100 gants NITRILE EN374 - ETANEC","isPartOf":{"@id":"https:\/\/etanec.fr\/#website"},"primaryImageOfPage":{"@id":"https:\/\/etanec.fr\/index.php\/produit\/boite-100-gants-nitrile-en374\/#primaryimage"},"image":{"@id":"https:\/\/etanec.fr\/index.php\/produit\/boite-100-gants-nitrile-en374\/#primaryimage"},"thumbnailUrl":"https:\/\/i0.wp.com\/etanec.fr\/wp-content\/uploads\/2022\/12\/1168_610x610.jpg?fit=610%2C610&ssl=1","datePublished":"2023-06-02T09:37:26+00:00","breadcrumb":{"@id":"https:\/\/etanec.fr\/index.php\/produit\/boite-100-gants-nitrile-en374\/#breadcrumb"},"inLanguage":"fr-FR","potentialAction":[{"@type":"ReadAction","target":["https:\/\/etanec.fr\/index.php\/produit\/boite-100-gants-nitrile-en374\/"]}]},{"@type":"ImageObject","inLanguage":"fr-FR","@id":"https:\/\/etanec.fr\/index.php\/produit\/boite-100-gants-nitrile-en374\/#primaryimage","url":"https:\/\/i0.wp.com\/etanec.fr\/wp-content\/uploads\/2022\/12\/1168_610x610.jpg?fit=610%2C610&ssl=1","contentUrl":"https:\/\/i0.wp.com\/etanec.fr\/wp-content\/uploads\/2022\/12\/1168_610x610.jpg?fit=610%2C610&ssl=1","width":610,"height":610},{"@type":"BreadcrumbList","@id":"https:\/\/etanec.fr\/index.php\/produit\/boite-100-gants-nitrile-en374\/#breadcrumb","itemListElement":[{"@type":"ListItem","position":1,"name":"Accueil","item":"https:\/\/etanec.fr\/"},{"@type":"ListItem","position":2,"name":"Gamme de produits","item":"https:\/\/etanec.fr\/index.php\/boutique\/"},{"@type":"ListItem","position":3,"name":"Boite 100 gants NITRILE EN374"}]},{"@type":"WebSite","@id":"https:\/\/etanec.fr\/#website","url":"https:\/\/etanec.fr\/","name":"etanec.fr","description":"Votre Solution en Outillage &amp; Fixation Enveloppe du batiment","publisher":{"@id":"https:\/\/etanec.fr\/#organization"},"potentialAction":[{"@type":"SearchAction","target":{"@type":"EntryPoint","urlTemplate":"https:\/\/etanec.fr\/?s={search_term_string}"},"query-input":{"@type":"PropertyValueSpecification","valueRequired":true,"valueName":"search_term_string"}}],"inLanguage":"fr-FR"},{"@type":"Organization","@id":"https:\/\/etanec.fr\/#organization","name":"etanec.fr","url":"https:\/\/etanec.fr\/","logo":{"@type":"ImageObject","inLanguage":"fr-FR","@id":"https:\/\/etanec.fr\/#\/schema\/logo\/image\/","url":"https:\/\/i0.wp.com\/etanec.fr\/wp-content\/uploads\/2017\/11\/cropped-cropped-cropped-ETANEC-LOGO-2017-RVBTRANSP-HD-e1509965316759.png?fit=350%2C75&ssl=1","contentUrl":"https:\/\/i0.wp.com\/etanec.fr\/wp-content\/uploads\/2017\/11\/cropped-cropped-cropped-ETANEC-LOGO-2017-RVBTRANSP-HD-e1509965316759.png?fit=350%2C75&ssl=1","width":350,"height":75,"caption":"etanec.fr"},"image":{"@id":"https:\/\/etanec.fr\/#\/schema\/logo\/image\/"},"sameAs":["https:\/\/www.linkedin.com\/company\/etanecgroup\/?viewAsMember=true"]}]}},"jetpack_publicize_connections":[],"jetpack_sharing_enabled":true,"_links":{"self":[{"href":"https:\/\/etanec.fr\/index.php\/wp-json\/wp\/v2\/product\/3598","targetHints":{"allow":["GET"]}}],"collection":[{"href":"https:\/\/etanec.fr\/index.php\/wp-json\/wp\/v2\/product"}],"about":[{"href":"https:\/\/etanec.fr\/index.php\/wp-json\/wp\/v2\/types\/product"}],"replies":[{"embeddable":true,"href":"https:\/\/etanec.fr\/index.php\/wp-json\/wp\/v2\/comments?post=3598"}],"version-history":[{"count":2,"href":"https:\/\/etanec.fr\/index.php\/wp-json\/wp\/v2\/product\/3598\/revisions"}],"predecessor-version":[{"id":6687,"href":"https:\/\/etanec.fr\/index.php\/wp-json\/wp\/v2\/product\/3598\/revisions\/6687"}],"wp:featuredmedia":[{"embeddable":true,"href":"https:\/\/etanec.fr\/index.php\/wp-json\/wp\/v2\/media\/3600"}],"wp:attachment":[{"href":"https:\/\/etanec.fr\/index.php\/wp-json\/wp\/v2\/media?parent=3598"}],"wp:term":[{"taxonomy":"product_brand","embeddable":true,"href":"https:\/\/etanec.fr\/index.php\/wp-json\/wp\/v2\/product_brand?post=3598"},{"taxonomy":"product_cat","embeddable":true,"href":"https:\/\/etanec.fr\/index.php\/wp-json\/wp\/v2\/product_cat?post=3598"},{"taxonomy":"product_tag","embeddable":true,"href":"https:\/\/etanec.fr\/index.php\/wp-json\/wp\/v2\/product_tag?post=3598"}],"curies":[{"name":"wp","href":"https:\/\/api.w.org\/{rel}","templated":true}]}}