{"id":3674,"date":"2023-06-14T16:18:43","date_gmt":"2023-06-14T14:18:43","guid":{"rendered":"http:\/\/etanec.fr\/?post_type=product&#038;p=3674"},"modified":"2023-06-14T16:18:44","modified_gmt":"2023-06-14T14:18:44","slug":"point-dancrage-alu-2-trous","status":"publish","type":"product","link":"https:\/\/etanec.fr\/index.php\/produit\/point-dancrage-alu-2-trous\/","title":{"rendered":"Point d&rsquo;ancrage alu 2 trous"},"content":{"rendered":"<p>Point d&rsquo;ancrage sol ou mur qui assure une protection individuelle permanente sur tous lieux de travail en hauteur \u2022\u00a0Point d&rsquo;ancrage alu ind\u00e9formable, ne n\u00e9cessitant pas d&rsquo;entretien \u2022\u00a0Id\u00e9al pour des travaux sur toiture ou en fa\u00e7ade \u2022\u00a0Ancrage pr\u00e9conis\u00e9: chevilles chimiques \u00d812\/Tige filet. \u00d810. Anneau de passage de \u00d8 28mm Livr\u00e9 sans fixation Dimensions platine\u00a0: 73x116mm<\/p>\n","protected":false},"excerpt":{"rendered":"<p>Point d&rsquo;ancrage sol ou mur qui assure une protection individuelle permanente sur tous lieux de travail en hauteur<\/p>\n<p>\u2022\u00a0Point d&rsquo;ancrage alu ind\u00e9formable, ne n\u00e9cessitant pas d&rsquo;entretien<\/p>\n<p>\u2022\u00a0Id\u00e9al pour des travaux sur toiture ou en fa\u00e7ade<\/p>\n<p>\u2022 Ancrage pr\u00e9conis\u00e9: chevilles chimiques \u00d812\/Tige filet. \u00d810<\/p>\n<p>Anneau de passage de \u00d8 28mm Livr\u00e9 sans fixation Dimensions platine\u00a0: 73x116mm<\/p>\n","protected":false},"featured_media":3675,"comment_status":"open","ping_status":"closed","template":"","meta":{"_monsterinsights_skip_tracking":false,"_monsterinsights_sitenote_active":false,"_monsterinsights_sitenote_note":"","_monsterinsights_sitenote_category":0,"jetpack_publicize_message":"","jetpack_publicize_feature_enabled":true,"jetpack_social_post_already_shared":false,"jetpack_social_options":{"image_generator_settings":{"template":"highway","default_image_id":0,"font":"","enabled":false},"version":2}},"product_brand":[],"product_cat":[40],"product_tag":[],"class_list":{"0":"post-3674","1":"product","2":"type-product","3":"status-publish","6":"product_cat-epi","8":"first","9":"instock","10":"taxable","11":"shipping-taxable","12":"product-type-simple"},"yoast_head":"<!-- This site is optimized with the Yoast SEO plugin v26.6 - https:\/\/yoast.com\/wordpress\/plugins\/seo\/ -->\n<title>Point d&#039;ancrage alu 2 trous - ETANEC<\/title>\n<meta name=\"robots\" content=\"index, follow, max-snippet:-1, max-image-preview:large, max-video-preview:-1\" \/>\n<link rel=\"canonical\" href=\"http:\/\/etanec.fr\/index.php\/produit\/point-dancrage-alu-2-trous\/\" \/>\n<meta property=\"og:locale\" content=\"fr_FR\" \/>\n<meta property=\"og:type\" content=\"article\" \/>\n<meta property=\"og:title\" content=\"Point d&#039;ancrage alu 2 trous - ETANEC\" \/>\n<meta property=\"og:description\" content=\"Point d&#039;ancrage sol ou mur qui assure une protection individuelle permanente sur tous lieux de travail en hauteur  \u2022\u00a0Point d&#039;ancrage alu ind\u00e9formable, ne n\u00e9cessitant pas d&#039;entretien  \u2022\u00a0Id\u00e9al pour des travaux sur toiture ou en fa\u00e7ade  \u2022 Ancrage pr\u00e9conis\u00e9: chevilles chimiques \u00d812\/Tige filet. \u00d810  Anneau de passage de \u00d8 28mm Livr\u00e9 sans fixation Dimensions platine\u00a0: 73x116mm\" \/>\n<meta property=\"og:url\" content=\"http:\/\/etanec.fr\/index.php\/produit\/point-dancrage-alu-2-trous\/\" \/>\n<meta property=\"og:site_name\" content=\"ETANEC\" \/>\n<meta property=\"article:modified_time\" content=\"2023-06-14T14:18:44+00:00\" \/>\n<meta property=\"og:image\" content=\"https:\/\/i0.wp.com\/etanec.fr\/wp-content\/uploads\/2022\/12\/r301221_610x610.jpg?fit=610%2C610\" \/>\n\t<meta property=\"og:image:width\" content=\"610\" \/>\n\t<meta property=\"og:image:height\" content=\"610\" \/>\n\t<meta property=\"og:image:type\" content=\"image\/jpeg\" \/>\n<meta name=\"twitter:card\" content=\"summary_large_image\" \/>\n<meta name=\"twitter:label1\" content=\"Dur\u00e9e de lecture estim\u00e9e\" \/>\n\t<meta name=\"twitter:data1\" content=\"1 minute\" \/>\n<script type=\"application\/ld+json\" class=\"yoast-schema-graph\">{\"@context\":\"https:\/\/schema.org\",\"@graph\":[{\"@type\":\"WebPage\",\"@id\":\"http:\/\/etanec.fr\/index.php\/produit\/point-dancrage-alu-2-trous\/\",\"url\":\"http:\/\/etanec.fr\/index.php\/produit\/point-dancrage-alu-2-trous\/\",\"name\":\"Point d'ancrage alu 2 trous - ETANEC\",\"isPartOf\":{\"@id\":\"https:\/\/etanec.fr\/#website\"},\"primaryImageOfPage\":{\"@id\":\"http:\/\/etanec.fr\/index.php\/produit\/point-dancrage-alu-2-trous\/#primaryimage\"},\"image\":{\"@id\":\"http:\/\/etanec.fr\/index.php\/produit\/point-dancrage-alu-2-trous\/#primaryimage\"},\"thumbnailUrl\":\"https:\/\/i0.wp.com\/etanec.fr\/wp-content\/uploads\/2022\/12\/r301221_610x610.jpg?fit=610%2C610&ssl=1\",\"datePublished\":\"2023-06-14T14:18:43+00:00\",\"dateModified\":\"2023-06-14T14:18:44+00:00\",\"breadcrumb\":{\"@id\":\"http:\/\/etanec.fr\/index.php\/produit\/point-dancrage-alu-2-trous\/#breadcrumb\"},\"inLanguage\":\"fr-FR\",\"potentialAction\":[{\"@type\":\"ReadAction\",\"target\":[\"http:\/\/etanec.fr\/index.php\/produit\/point-dancrage-alu-2-trous\/\"]}]},{\"@type\":\"ImageObject\",\"inLanguage\":\"fr-FR\",\"@id\":\"http:\/\/etanec.fr\/index.php\/produit\/point-dancrage-alu-2-trous\/#primaryimage\",\"url\":\"https:\/\/i0.wp.com\/etanec.fr\/wp-content\/uploads\/2022\/12\/r301221_610x610.jpg?fit=610%2C610&ssl=1\",\"contentUrl\":\"https:\/\/i0.wp.com\/etanec.fr\/wp-content\/uploads\/2022\/12\/r301221_610x610.jpg?fit=610%2C610&ssl=1\",\"width\":610,\"height\":610},{\"@type\":\"BreadcrumbList\",\"@id\":\"http:\/\/etanec.fr\/index.php\/produit\/point-dancrage-alu-2-trous\/#breadcrumb\",\"itemListElement\":[{\"@type\":\"ListItem\",\"position\":1,\"name\":\"Accueil\",\"item\":\"https:\/\/etanec.fr\/\"},{\"@type\":\"ListItem\",\"position\":2,\"name\":\"Gamme de produits\",\"item\":\"https:\/\/etanec.fr\/index.php\/boutique\/\"},{\"@type\":\"ListItem\",\"position\":3,\"name\":\"Point d&rsquo;ancrage alu 2 trous\"}]},{\"@type\":\"WebSite\",\"@id\":\"https:\/\/etanec.fr\/#website\",\"url\":\"https:\/\/etanec.fr\/\",\"name\":\"etanec.fr\",\"description\":\"Votre Solution en Outillage &amp; Fixation Enveloppe du batiment\",\"publisher\":{\"@id\":\"https:\/\/etanec.fr\/#organization\"},\"potentialAction\":[{\"@type\":\"SearchAction\",\"target\":{\"@type\":\"EntryPoint\",\"urlTemplate\":\"https:\/\/etanec.fr\/?s={search_term_string}\"},\"query-input\":{\"@type\":\"PropertyValueSpecification\",\"valueRequired\":true,\"valueName\":\"search_term_string\"}}],\"inLanguage\":\"fr-FR\"},{\"@type\":\"Organization\",\"@id\":\"https:\/\/etanec.fr\/#organization\",\"name\":\"etanec.fr\",\"url\":\"https:\/\/etanec.fr\/\",\"logo\":{\"@type\":\"ImageObject\",\"inLanguage\":\"fr-FR\",\"@id\":\"https:\/\/etanec.fr\/#\/schema\/logo\/image\/\",\"url\":\"https:\/\/i0.wp.com\/etanec.fr\/wp-content\/uploads\/2017\/11\/cropped-cropped-cropped-ETANEC-LOGO-2017-RVBTRANSP-HD-e1509965316759.png?fit=350%2C75&ssl=1\",\"contentUrl\":\"https:\/\/i0.wp.com\/etanec.fr\/wp-content\/uploads\/2017\/11\/cropped-cropped-cropped-ETANEC-LOGO-2017-RVBTRANSP-HD-e1509965316759.png?fit=350%2C75&ssl=1\",\"width\":350,\"height\":75,\"caption\":\"etanec.fr\"},\"image\":{\"@id\":\"https:\/\/etanec.fr\/#\/schema\/logo\/image\/\"},\"sameAs\":[\"https:\/\/www.linkedin.com\/company\/etanecgroup\/?viewAsMember=true\"]}]}<\/script>\n<!-- \/ Yoast SEO plugin. -->","yoast_head_json":{"title":"Point d'ancrage alu 2 trous - ETANEC","robots":{"index":"index","follow":"follow","max-snippet":"max-snippet:-1","max-image-preview":"max-image-preview:large","max-video-preview":"max-video-preview:-1"},"canonical":"http:\/\/etanec.fr\/index.php\/produit\/point-dancrage-alu-2-trous\/","og_locale":"fr_FR","og_type":"article","og_title":"Point d'ancrage alu 2 trous - ETANEC","og_description":"Point d'ancrage sol ou mur qui assure une protection individuelle permanente sur tous lieux de travail en hauteur  \u2022\u00a0Point d'ancrage alu ind\u00e9formable, ne n\u00e9cessitant pas d'entretien  \u2022\u00a0Id\u00e9al pour des travaux sur toiture ou en fa\u00e7ade  \u2022 Ancrage pr\u00e9conis\u00e9: chevilles chimiques \u00d812\/Tige filet. \u00d810  Anneau de passage de \u00d8 28mm Livr\u00e9 sans fixation Dimensions platine\u00a0: 73x116mm","og_url":"http:\/\/etanec.fr\/index.php\/produit\/point-dancrage-alu-2-trous\/","og_site_name":"ETANEC","article_modified_time":"2023-06-14T14:18:44+00:00","og_image":[{"width":610,"height":610,"url":"https:\/\/i0.wp.com\/etanec.fr\/wp-content\/uploads\/2022\/12\/r301221_610x610.jpg?fit=610%2C610","type":"image\/jpeg"}],"twitter_card":"summary_large_image","twitter_misc":{"Dur\u00e9e de lecture estim\u00e9e":"1 minute"},"schema":{"@context":"https:\/\/schema.org","@graph":[{"@type":"WebPage","@id":"http:\/\/etanec.fr\/index.php\/produit\/point-dancrage-alu-2-trous\/","url":"http:\/\/etanec.fr\/index.php\/produit\/point-dancrage-alu-2-trous\/","name":"Point d'ancrage alu 2 trous - ETANEC","isPartOf":{"@id":"https:\/\/etanec.fr\/#website"},"primaryImageOfPage":{"@id":"http:\/\/etanec.fr\/index.php\/produit\/point-dancrage-alu-2-trous\/#primaryimage"},"image":{"@id":"http:\/\/etanec.fr\/index.php\/produit\/point-dancrage-alu-2-trous\/#primaryimage"},"thumbnailUrl":"https:\/\/i0.wp.com\/etanec.fr\/wp-content\/uploads\/2022\/12\/r301221_610x610.jpg?fit=610%2C610&ssl=1","datePublished":"2023-06-14T14:18:43+00:00","dateModified":"2023-06-14T14:18:44+00:00","breadcrumb":{"@id":"http:\/\/etanec.fr\/index.php\/produit\/point-dancrage-alu-2-trous\/#breadcrumb"},"inLanguage":"fr-FR","potentialAction":[{"@type":"ReadAction","target":["http:\/\/etanec.fr\/index.php\/produit\/point-dancrage-alu-2-trous\/"]}]},{"@type":"ImageObject","inLanguage":"fr-FR","@id":"http:\/\/etanec.fr\/index.php\/produit\/point-dancrage-alu-2-trous\/#primaryimage","url":"https:\/\/i0.wp.com\/etanec.fr\/wp-content\/uploads\/2022\/12\/r301221_610x610.jpg?fit=610%2C610&ssl=1","contentUrl":"https:\/\/i0.wp.com\/etanec.fr\/wp-content\/uploads\/2022\/12\/r301221_610x610.jpg?fit=610%2C610&ssl=1","width":610,"height":610},{"@type":"BreadcrumbList","@id":"http:\/\/etanec.fr\/index.php\/produit\/point-dancrage-alu-2-trous\/#breadcrumb","itemListElement":[{"@type":"ListItem","position":1,"name":"Accueil","item":"https:\/\/etanec.fr\/"},{"@type":"ListItem","position":2,"name":"Gamme de produits","item":"https:\/\/etanec.fr\/index.php\/boutique\/"},{"@type":"ListItem","position":3,"name":"Point d&rsquo;ancrage alu 2 trous"}]},{"@type":"WebSite","@id":"https:\/\/etanec.fr\/#website","url":"https:\/\/etanec.fr\/","name":"etanec.fr","description":"Votre Solution en Outillage &amp; Fixation Enveloppe du batiment","publisher":{"@id":"https:\/\/etanec.fr\/#organization"},"potentialAction":[{"@type":"SearchAction","target":{"@type":"EntryPoint","urlTemplate":"https:\/\/etanec.fr\/?s={search_term_string}"},"query-input":{"@type":"PropertyValueSpecification","valueRequired":true,"valueName":"search_term_string"}}],"inLanguage":"fr-FR"},{"@type":"Organization","@id":"https:\/\/etanec.fr\/#organization","name":"etanec.fr","url":"https:\/\/etanec.fr\/","logo":{"@type":"ImageObject","inLanguage":"fr-FR","@id":"https:\/\/etanec.fr\/#\/schema\/logo\/image\/","url":"https:\/\/i0.wp.com\/etanec.fr\/wp-content\/uploads\/2017\/11\/cropped-cropped-cropped-ETANEC-LOGO-2017-RVBTRANSP-HD-e1509965316759.png?fit=350%2C75&ssl=1","contentUrl":"https:\/\/i0.wp.com\/etanec.fr\/wp-content\/uploads\/2017\/11\/cropped-cropped-cropped-ETANEC-LOGO-2017-RVBTRANSP-HD-e1509965316759.png?fit=350%2C75&ssl=1","width":350,"height":75,"caption":"etanec.fr"},"image":{"@id":"https:\/\/etanec.fr\/#\/schema\/logo\/image\/"},"sameAs":["https:\/\/www.linkedin.com\/company\/etanecgroup\/?viewAsMember=true"]}]}},"jetpack_publicize_connections":[],"jetpack_sharing_enabled":true,"_links":{"self":[{"href":"https:\/\/etanec.fr\/index.php\/wp-json\/wp\/v2\/product\/3674","targetHints":{"allow":["GET"]}}],"collection":[{"href":"https:\/\/etanec.fr\/index.php\/wp-json\/wp\/v2\/product"}],"about":[{"href":"https:\/\/etanec.fr\/index.php\/wp-json\/wp\/v2\/types\/product"}],"replies":[{"embeddable":true,"href":"https:\/\/etanec.fr\/index.php\/wp-json\/wp\/v2\/comments?post=3674"}],"version-history":[{"count":2,"href":"https:\/\/etanec.fr\/index.php\/wp-json\/wp\/v2\/product\/3674\/revisions"}],"predecessor-version":[{"id":6719,"href":"https:\/\/etanec.fr\/index.php\/wp-json\/wp\/v2\/product\/3674\/revisions\/6719"}],"wp:featuredmedia":[{"embeddable":true,"href":"https:\/\/etanec.fr\/index.php\/wp-json\/wp\/v2\/media\/3675"}],"wp:attachment":[{"href":"https:\/\/etanec.fr\/index.php\/wp-json\/wp\/v2\/media?parent=3674"}],"wp:term":[{"taxonomy":"product_brand","embeddable":true,"href":"https:\/\/etanec.fr\/index.php\/wp-json\/wp\/v2\/product_brand?post=3674"},{"taxonomy":"product_cat","embeddable":true,"href":"https:\/\/etanec.fr\/index.php\/wp-json\/wp\/v2\/product_cat?post=3674"},{"taxonomy":"product_tag","embeddable":true,"href":"https:\/\/etanec.fr\/index.php\/wp-json\/wp\/v2\/product_tag?post=3674"}],"curies":[{"name":"wp","href":"https:\/\/api.w.org\/{rel}","templated":true}]}}