{"id":3711,"date":"2023-06-15T13:38:30","date_gmt":"2023-06-15T11:38:30","guid":{"rendered":"http:\/\/etanec.fr\/?post_type=product&#038;p=3711"},"modified":"2023-06-15T13:38:30","modified_gmt":"2023-06-15T11:38:30","slug":"veste-de-pluie-tuna-olive","status":"publish","type":"product","link":"https:\/\/etanec.fr\/index.php\/produit\/veste-de-pluie-tuna-olive\/","title":{"rendered":"Veste de pluie TUNA Olive"},"content":{"rendered":"<p>Cette veste de pluie vous prot\u00e8ge de la pluie et des intemp\u00e9ries. Sa mati\u00e8re Flex est parfaitement waterproof et assure ainsi une \u00e9tanch\u00e9it\u00e9 maximale. Confortable gr\u00e2ce \u00e0 ses coutures soud\u00e9es et \u00e9tanches, ses poches avec rabats sont anti pluie et ses doubles poignets prot\u00e8gent au maximum de l\u2019humidit\u00e9. Elle est \u00e9galement munie d\u2019une capuche \u00e9tanche. Cette veste de pluie garantit la meilleure respirabilit\u00e9 gr\u00e2ce \u00e0 sa conception : Soufflets d\u2019a\u00e9rations, \u0153illets de ventilation. Cette veste de pluie certifi\u00e9e r\u00e9pond aux exigences de la norme EN 343, relative \u00e0 la protection contre la pluie. Elle assure protection, confort, \u00e9tanch\u00e9it\u00e9 et respirabilit\u00e9 optimum. Elle est particuli\u00e8rement recommand\u00e9e aux agriculteurs, p\u00e9pini\u00e9ristes et aux m\u00e9tiers en ext\u00e9rieur. Couleur: Olive .<\/p>\n<p>Tailles disponibles: S\/M\/L\/XL\/XXL.<\/p>\n","protected":false},"excerpt":{"rendered":"<p>Cette veste de pluie vous prot\u00e8ge de la pluie et des intemp\u00e9ries<\/p>\n<p>Sa mati\u00e8re Flex est parfaitement waterproof et assure ainsi une \u00e9tanch\u00e9it\u00e9 maximale<\/p>\n<p>Confortable gr\u00e2ce \u00e0 ses coutures soud\u00e9es et \u00e9tanches, ses poches avec rabats sont anti pluie et ses doubles poignets prot\u00e8gent au maximum de l\u2019humidit\u00e9<\/p>\n<p>Elle est \u00e9galement munie d\u2019une capuche \u00e9tanche<\/p>\n<p>Cette veste de pluie garantit la meilleure respirabilit\u00e9 gr\u00e2ce \u00e0 sa conception : Soufflets d\u2019a\u00e9rations, \u0153illets de ventilation<\/p>\n<p>Cette veste de pluie certifi\u00e9e r\u00e9pond aux exigences de la norme EN 343, relative \u00e0 la protection contre la pluie<\/p>\n<p>Elle assure protection, confort, \u00e9tanch\u00e9it\u00e9 et respirabilit\u00e9 optimum<\/p>\n<p>Elle est particuli\u00e8rement recommand\u00e9e aux agriculteurs, p\u00e9pini\u00e9ristes et aux m\u00e9tiers en ext\u00e9rieur<\/p>\n<p>Couleur: Olive<\/p>\n<p>Tailles disponibles: S\/M\/L\/XL\/XXL<\/p>\n","protected":false},"featured_media":3712,"comment_status":"open","ping_status":"closed","template":"","meta":{"_monsterinsights_skip_tracking":false,"_monsterinsights_sitenote_active":false,"_monsterinsights_sitenote_note":"","_monsterinsights_sitenote_category":0,"jetpack_publicize_message":"","jetpack_publicize_feature_enabled":true,"jetpack_social_post_already_shared":false,"jetpack_social_options":{"image_generator_settings":{"template":"highway","default_image_id":0,"font":"","enabled":false},"version":2}},"product_brand":[],"product_cat":[40],"product_tag":[],"class_list":{"0":"post-3711","1":"product","2":"type-product","3":"status-publish","6":"product_cat-epi","8":"first","9":"instock","10":"taxable","11":"shipping-taxable","12":"product-type-simple"},"yoast_head":"<!-- This site is optimized with the Yoast SEO plugin v26.6 - https:\/\/yoast.com\/wordpress\/plugins\/seo\/ -->\n<title>Veste de pluie TUNA Olive - ETANEC<\/title>\n<meta name=\"robots\" content=\"index, follow, max-snippet:-1, max-image-preview:large, max-video-preview:-1\" \/>\n<link rel=\"canonical\" href=\"http:\/\/etanec.fr\/index.php\/produit\/veste-de-pluie-tuna-olive\/\" \/>\n<meta property=\"og:locale\" content=\"fr_FR\" \/>\n<meta property=\"og:type\" content=\"article\" \/>\n<meta property=\"og:title\" content=\"Veste de pluie TUNA Olive - ETANEC\" \/>\n<meta property=\"og:description\" content=\"Cette veste de pluie vous prot\u00e8ge de la pluie et des intemp\u00e9ries  Sa mati\u00e8re Flex est parfaitement waterproof et assure ainsi une \u00e9tanch\u00e9it\u00e9 maximale  Confortable gr\u00e2ce \u00e0 ses coutures soud\u00e9es et \u00e9tanches, ses poches avec rabats sont anti pluie et ses doubles poignets prot\u00e8gent au maximum de l\u2019humidit\u00e9  Elle est \u00e9galement munie d\u2019une capuche \u00e9tanche  Cette veste de pluie garantit la meilleure respirabilit\u00e9 gr\u00e2ce \u00e0 sa conception : Soufflets d\u2019a\u00e9rations, \u0153illets de ventilation  Cette veste de pluie certifi\u00e9e r\u00e9pond aux exigences de la norme EN 343, relative \u00e0 la protection contre la pluie  Elle assure protection, confort, \u00e9tanch\u00e9it\u00e9 et respirabilit\u00e9 optimum  Elle est particuli\u00e8rement recommand\u00e9e aux agriculteurs, p\u00e9pini\u00e9ristes et aux m\u00e9tiers en ext\u00e9rieur  Couleur: Olive  Tailles disponibles: S\/M\/L\/XL\/XXL\" \/>\n<meta property=\"og:url\" content=\"http:\/\/etanec.fr\/index.php\/produit\/veste-de-pluie-tuna-olive\/\" \/>\n<meta property=\"og:site_name\" content=\"ETANEC\" \/>\n<meta property=\"og:image\" content=\"https:\/\/i0.wp.com\/etanec.fr\/wp-content\/uploads\/2022\/12\/1170_610x610.jpg?fit=610%2C610\" \/>\n\t<meta property=\"og:image:width\" content=\"610\" \/>\n\t<meta property=\"og:image:height\" content=\"610\" \/>\n\t<meta property=\"og:image:type\" content=\"image\/jpeg\" \/>\n<meta name=\"twitter:card\" content=\"summary_large_image\" \/>\n<meta name=\"twitter:label1\" content=\"Dur\u00e9e de lecture estim\u00e9e\" \/>\n\t<meta name=\"twitter:data1\" content=\"1 minute\" \/>\n<script type=\"application\/ld+json\" class=\"yoast-schema-graph\">{\"@context\":\"https:\/\/schema.org\",\"@graph\":[{\"@type\":\"WebPage\",\"@id\":\"http:\/\/etanec.fr\/index.php\/produit\/veste-de-pluie-tuna-olive\/\",\"url\":\"http:\/\/etanec.fr\/index.php\/produit\/veste-de-pluie-tuna-olive\/\",\"name\":\"Veste de pluie TUNA Olive - ETANEC\",\"isPartOf\":{\"@id\":\"https:\/\/etanec.fr\/#website\"},\"primaryImageOfPage\":{\"@id\":\"http:\/\/etanec.fr\/index.php\/produit\/veste-de-pluie-tuna-olive\/#primaryimage\"},\"image\":{\"@id\":\"http:\/\/etanec.fr\/index.php\/produit\/veste-de-pluie-tuna-olive\/#primaryimage\"},\"thumbnailUrl\":\"https:\/\/i0.wp.com\/etanec.fr\/wp-content\/uploads\/2022\/12\/1170_610x610.jpg?fit=610%2C610&ssl=1\",\"datePublished\":\"2023-06-15T11:38:30+00:00\",\"breadcrumb\":{\"@id\":\"http:\/\/etanec.fr\/index.php\/produit\/veste-de-pluie-tuna-olive\/#breadcrumb\"},\"inLanguage\":\"fr-FR\",\"potentialAction\":[{\"@type\":\"ReadAction\",\"target\":[\"http:\/\/etanec.fr\/index.php\/produit\/veste-de-pluie-tuna-olive\/\"]}]},{\"@type\":\"ImageObject\",\"inLanguage\":\"fr-FR\",\"@id\":\"http:\/\/etanec.fr\/index.php\/produit\/veste-de-pluie-tuna-olive\/#primaryimage\",\"url\":\"https:\/\/i0.wp.com\/etanec.fr\/wp-content\/uploads\/2022\/12\/1170_610x610.jpg?fit=610%2C610&ssl=1\",\"contentUrl\":\"https:\/\/i0.wp.com\/etanec.fr\/wp-content\/uploads\/2022\/12\/1170_610x610.jpg?fit=610%2C610&ssl=1\",\"width\":610,\"height\":610},{\"@type\":\"BreadcrumbList\",\"@id\":\"http:\/\/etanec.fr\/index.php\/produit\/veste-de-pluie-tuna-olive\/#breadcrumb\",\"itemListElement\":[{\"@type\":\"ListItem\",\"position\":1,\"name\":\"Accueil\",\"item\":\"https:\/\/etanec.fr\/\"},{\"@type\":\"ListItem\",\"position\":2,\"name\":\"Gamme de produits\",\"item\":\"https:\/\/etanec.fr\/index.php\/boutique\/\"},{\"@type\":\"ListItem\",\"position\":3,\"name\":\"Veste de pluie TUNA Olive\"}]},{\"@type\":\"WebSite\",\"@id\":\"https:\/\/etanec.fr\/#website\",\"url\":\"https:\/\/etanec.fr\/\",\"name\":\"etanec.fr\",\"description\":\"Votre Solution en Outillage &amp; Fixation Enveloppe du batiment\",\"publisher\":{\"@id\":\"https:\/\/etanec.fr\/#organization\"},\"potentialAction\":[{\"@type\":\"SearchAction\",\"target\":{\"@type\":\"EntryPoint\",\"urlTemplate\":\"https:\/\/etanec.fr\/?s={search_term_string}\"},\"query-input\":{\"@type\":\"PropertyValueSpecification\",\"valueRequired\":true,\"valueName\":\"search_term_string\"}}],\"inLanguage\":\"fr-FR\"},{\"@type\":\"Organization\",\"@id\":\"https:\/\/etanec.fr\/#organization\",\"name\":\"etanec.fr\",\"url\":\"https:\/\/etanec.fr\/\",\"logo\":{\"@type\":\"ImageObject\",\"inLanguage\":\"fr-FR\",\"@id\":\"https:\/\/etanec.fr\/#\/schema\/logo\/image\/\",\"url\":\"https:\/\/i0.wp.com\/etanec.fr\/wp-content\/uploads\/2017\/11\/cropped-cropped-cropped-ETANEC-LOGO-2017-RVBTRANSP-HD-e1509965316759.png?fit=350%2C75&ssl=1\",\"contentUrl\":\"https:\/\/i0.wp.com\/etanec.fr\/wp-content\/uploads\/2017\/11\/cropped-cropped-cropped-ETANEC-LOGO-2017-RVBTRANSP-HD-e1509965316759.png?fit=350%2C75&ssl=1\",\"width\":350,\"height\":75,\"caption\":\"etanec.fr\"},\"image\":{\"@id\":\"https:\/\/etanec.fr\/#\/schema\/logo\/image\/\"},\"sameAs\":[\"https:\/\/www.linkedin.com\/company\/etanecgroup\/?viewAsMember=true\"]}]}<\/script>\n<!-- \/ Yoast SEO plugin. -->","yoast_head_json":{"title":"Veste de pluie TUNA Olive - ETANEC","robots":{"index":"index","follow":"follow","max-snippet":"max-snippet:-1","max-image-preview":"max-image-preview:large","max-video-preview":"max-video-preview:-1"},"canonical":"http:\/\/etanec.fr\/index.php\/produit\/veste-de-pluie-tuna-olive\/","og_locale":"fr_FR","og_type":"article","og_title":"Veste de pluie TUNA Olive - ETANEC","og_description":"Cette veste de pluie vous prot\u00e8ge de la pluie et des intemp\u00e9ries  Sa mati\u00e8re Flex est parfaitement waterproof et assure ainsi une \u00e9tanch\u00e9it\u00e9 maximale  Confortable gr\u00e2ce \u00e0 ses coutures soud\u00e9es et \u00e9tanches, ses poches avec rabats sont anti pluie et ses doubles poignets prot\u00e8gent au maximum de l\u2019humidit\u00e9  Elle est \u00e9galement munie d\u2019une capuche \u00e9tanche  Cette veste de pluie garantit la meilleure respirabilit\u00e9 gr\u00e2ce \u00e0 sa conception : Soufflets d\u2019a\u00e9rations, \u0153illets de ventilation  Cette veste de pluie certifi\u00e9e r\u00e9pond aux exigences de la norme EN 343, relative \u00e0 la protection contre la pluie  Elle assure protection, confort, \u00e9tanch\u00e9it\u00e9 et respirabilit\u00e9 optimum  Elle est particuli\u00e8rement recommand\u00e9e aux agriculteurs, p\u00e9pini\u00e9ristes et aux m\u00e9tiers en ext\u00e9rieur  Couleur: Olive  Tailles disponibles: S\/M\/L\/XL\/XXL","og_url":"http:\/\/etanec.fr\/index.php\/produit\/veste-de-pluie-tuna-olive\/","og_site_name":"ETANEC","og_image":[{"width":610,"height":610,"url":"https:\/\/i0.wp.com\/etanec.fr\/wp-content\/uploads\/2022\/12\/1170_610x610.jpg?fit=610%2C610","type":"image\/jpeg"}],"twitter_card":"summary_large_image","twitter_misc":{"Dur\u00e9e de lecture estim\u00e9e":"1 minute"},"schema":{"@context":"https:\/\/schema.org","@graph":[{"@type":"WebPage","@id":"http:\/\/etanec.fr\/index.php\/produit\/veste-de-pluie-tuna-olive\/","url":"http:\/\/etanec.fr\/index.php\/produit\/veste-de-pluie-tuna-olive\/","name":"Veste de pluie TUNA Olive - ETANEC","isPartOf":{"@id":"https:\/\/etanec.fr\/#website"},"primaryImageOfPage":{"@id":"http:\/\/etanec.fr\/index.php\/produit\/veste-de-pluie-tuna-olive\/#primaryimage"},"image":{"@id":"http:\/\/etanec.fr\/index.php\/produit\/veste-de-pluie-tuna-olive\/#primaryimage"},"thumbnailUrl":"https:\/\/i0.wp.com\/etanec.fr\/wp-content\/uploads\/2022\/12\/1170_610x610.jpg?fit=610%2C610&ssl=1","datePublished":"2023-06-15T11:38:30+00:00","breadcrumb":{"@id":"http:\/\/etanec.fr\/index.php\/produit\/veste-de-pluie-tuna-olive\/#breadcrumb"},"inLanguage":"fr-FR","potentialAction":[{"@type":"ReadAction","target":["http:\/\/etanec.fr\/index.php\/produit\/veste-de-pluie-tuna-olive\/"]}]},{"@type":"ImageObject","inLanguage":"fr-FR","@id":"http:\/\/etanec.fr\/index.php\/produit\/veste-de-pluie-tuna-olive\/#primaryimage","url":"https:\/\/i0.wp.com\/etanec.fr\/wp-content\/uploads\/2022\/12\/1170_610x610.jpg?fit=610%2C610&ssl=1","contentUrl":"https:\/\/i0.wp.com\/etanec.fr\/wp-content\/uploads\/2022\/12\/1170_610x610.jpg?fit=610%2C610&ssl=1","width":610,"height":610},{"@type":"BreadcrumbList","@id":"http:\/\/etanec.fr\/index.php\/produit\/veste-de-pluie-tuna-olive\/#breadcrumb","itemListElement":[{"@type":"ListItem","position":1,"name":"Accueil","item":"https:\/\/etanec.fr\/"},{"@type":"ListItem","position":2,"name":"Gamme de produits","item":"https:\/\/etanec.fr\/index.php\/boutique\/"},{"@type":"ListItem","position":3,"name":"Veste de pluie TUNA Olive"}]},{"@type":"WebSite","@id":"https:\/\/etanec.fr\/#website","url":"https:\/\/etanec.fr\/","name":"etanec.fr","description":"Votre Solution en Outillage &amp; Fixation Enveloppe du batiment","publisher":{"@id":"https:\/\/etanec.fr\/#organization"},"potentialAction":[{"@type":"SearchAction","target":{"@type":"EntryPoint","urlTemplate":"https:\/\/etanec.fr\/?s={search_term_string}"},"query-input":{"@type":"PropertyValueSpecification","valueRequired":true,"valueName":"search_term_string"}}],"inLanguage":"fr-FR"},{"@type":"Organization","@id":"https:\/\/etanec.fr\/#organization","name":"etanec.fr","url":"https:\/\/etanec.fr\/","logo":{"@type":"ImageObject","inLanguage":"fr-FR","@id":"https:\/\/etanec.fr\/#\/schema\/logo\/image\/","url":"https:\/\/i0.wp.com\/etanec.fr\/wp-content\/uploads\/2017\/11\/cropped-cropped-cropped-ETANEC-LOGO-2017-RVBTRANSP-HD-e1509965316759.png?fit=350%2C75&ssl=1","contentUrl":"https:\/\/i0.wp.com\/etanec.fr\/wp-content\/uploads\/2017\/11\/cropped-cropped-cropped-ETANEC-LOGO-2017-RVBTRANSP-HD-e1509965316759.png?fit=350%2C75&ssl=1","width":350,"height":75,"caption":"etanec.fr"},"image":{"@id":"https:\/\/etanec.fr\/#\/schema\/logo\/image\/"},"sameAs":["https:\/\/www.linkedin.com\/company\/etanecgroup\/?viewAsMember=true"]}]}},"jetpack_publicize_connections":[],"jetpack_sharing_enabled":true,"_links":{"self":[{"href":"https:\/\/etanec.fr\/index.php\/wp-json\/wp\/v2\/product\/3711","targetHints":{"allow":["GET"]}}],"collection":[{"href":"https:\/\/etanec.fr\/index.php\/wp-json\/wp\/v2\/product"}],"about":[{"href":"https:\/\/etanec.fr\/index.php\/wp-json\/wp\/v2\/types\/product"}],"replies":[{"embeddable":true,"href":"https:\/\/etanec.fr\/index.php\/wp-json\/wp\/v2\/comments?post=3711"}],"version-history":[{"count":2,"href":"https:\/\/etanec.fr\/index.php\/wp-json\/wp\/v2\/product\/3711\/revisions"}],"predecessor-version":[{"id":6731,"href":"https:\/\/etanec.fr\/index.php\/wp-json\/wp\/v2\/product\/3711\/revisions\/6731"}],"wp:featuredmedia":[{"embeddable":true,"href":"https:\/\/etanec.fr\/index.php\/wp-json\/wp\/v2\/media\/3712"}],"wp:attachment":[{"href":"https:\/\/etanec.fr\/index.php\/wp-json\/wp\/v2\/media?parent=3711"}],"wp:term":[{"taxonomy":"product_brand","embeddable":true,"href":"https:\/\/etanec.fr\/index.php\/wp-json\/wp\/v2\/product_brand?post=3711"},{"taxonomy":"product_cat","embeddable":true,"href":"https:\/\/etanec.fr\/index.php\/wp-json\/wp\/v2\/product_cat?post=3711"},{"taxonomy":"product_tag","embeddable":true,"href":"https:\/\/etanec.fr\/index.php\/wp-json\/wp\/v2\/product_tag?post=3711"}],"curies":[{"name":"wp","href":"https:\/\/api.w.org\/{rel}","templated":true}]}}