{"id":3722,"date":"2023-06-16T11:45:51","date_gmt":"2023-06-16T09:45:51","guid":{"rendered":"http:\/\/etanec.fr\/?post_type=product&#038;p=3722"},"modified":"2023-06-16T11:45:52","modified_gmt":"2023-06-16T09:45:52","slug":"ensemble-rainy-pvc-100-polyamide","status":"publish","type":"product","link":"https:\/\/etanec.fr\/index.php\/produit\/ensemble-rainy-pvc-100-polyamide\/","title":{"rendered":"Ensemble Rainy PVC 100% Polyamide"},"content":{"rendered":"<p>L\u00e9ger et imperm\u00e9able, cet ensemble de pluie est id\u00e9al pour vous prot\u00e9ger de la t\u00eate au pied, gr\u00e2ce \u00e0 sa mati\u00e8re polyamide enduction PVC. Les coutures et les poches sont \u00e9tanches, la capuche ajustable prot\u00e8ge le travailleur contre la pluie. Le pantalon est fonctionnel, il poss\u00e8de des passe-mains, et est ajustable \u00e0 la cheville. Couvrant et l\u00e9ger, cet ensemble professionnel est conseill\u00e9 pour les agriculteurs, les p\u00e9pini\u00e9ristes, ou lors de tout travail en milieu ext\u00e9rieur humide. Couleur: Marine. Tailles disponibles: L\/XL\/XXL.<\/p>\n","protected":false},"excerpt":{"rendered":"<p>L\u00e9ger et imperm\u00e9able<\/p>\n<p>Ensemble de pluie est id\u00e9al pour vous prot\u00e9ger de la t\u00eate au pied, gr\u00e2ce \u00e0 sa mati\u00e8re polyamide enduction PVC<\/p>\n<p>Les coutures et les poches sont \u00e9tanches, la capuche ajustable prot\u00e8ge le travailleur contre la pluie<\/p>\n<p>Le pantalon est fonctionnel<\/p>\n<p>Il poss\u00e8de des passe-mains et est ajustable \u00e0 la cheville<\/p>\n<p>Couvrant et l\u00e9ger<\/p>\n<p>Cet ensemble professionnel est conseill\u00e9 pour tout travail en milieu ext\u00e9rieur humide<\/p>\n<p>Couleur: Marine<\/p>\n<p>Tailles disponibles: L\/XL\/XXL<\/p>\n","protected":false},"featured_media":3723,"comment_status":"open","ping_status":"closed","template":"","meta":{"_monsterinsights_skip_tracking":false,"_monsterinsights_sitenote_active":false,"_monsterinsights_sitenote_note":"","_monsterinsights_sitenote_category":0,"jetpack_publicize_message":"","jetpack_publicize_feature_enabled":true,"jetpack_social_post_already_shared":false,"jetpack_social_options":{"image_generator_settings":{"template":"highway","default_image_id":0,"font":"","enabled":false},"version":2}},"product_brand":[],"product_cat":[40],"product_tag":[],"class_list":{"0":"post-3722","1":"product","2":"type-product","3":"status-publish","6":"product_cat-epi","8":"first","9":"instock","10":"taxable","11":"shipping-taxable","12":"product-type-simple"},"yoast_head":"<!-- This site is optimized with the Yoast SEO plugin v26.6 - https:\/\/yoast.com\/wordpress\/plugins\/seo\/ -->\n<title>Ensemble Rainy PVC 100% Polyamide - ETANEC<\/title>\n<meta name=\"robots\" content=\"index, follow, max-snippet:-1, max-image-preview:large, max-video-preview:-1\" \/>\n<link rel=\"canonical\" href=\"http:\/\/etanec.fr\/index.php\/produit\/ensemble-rainy-pvc-100-polyamide\/\" \/>\n<meta property=\"og:locale\" content=\"fr_FR\" \/>\n<meta property=\"og:type\" content=\"article\" \/>\n<meta property=\"og:title\" content=\"Ensemble Rainy PVC 100% Polyamide - ETANEC\" \/>\n<meta property=\"og:description\" content=\"L\u00e9ger et imperm\u00e9able  Ensemble de pluie est id\u00e9al pour vous prot\u00e9ger de la t\u00eate au pied, gr\u00e2ce \u00e0 sa mati\u00e8re polyamide enduction PVC  Les coutures et les poches sont \u00e9tanches, la capuche ajustable prot\u00e8ge le travailleur contre la pluie  Le pantalon est fonctionnel  Il poss\u00e8de des passe-mains et est ajustable \u00e0 la cheville  Couvrant et l\u00e9ger  Cet ensemble professionnel est conseill\u00e9 pour tout travail en milieu ext\u00e9rieur humide  Couleur: Marine  Tailles disponibles: L\/XL\/XXL\" \/>\n<meta property=\"og:url\" content=\"http:\/\/etanec.fr\/index.php\/produit\/ensemble-rainy-pvc-100-polyamide\/\" \/>\n<meta property=\"og:site_name\" content=\"ETANEC\" \/>\n<meta property=\"article:modified_time\" content=\"2023-06-16T09:45:52+00:00\" \/>\n<meta property=\"og:image\" content=\"https:\/\/i0.wp.com\/etanec.fr\/wp-content\/uploads\/2022\/12\/ensemble-polyamide-rainy-004243015-product_zoom.jpg?fit=640%2C480\" \/>\n\t<meta property=\"og:image:width\" content=\"640\" \/>\n\t<meta property=\"og:image:height\" content=\"480\" \/>\n\t<meta property=\"og:image:type\" content=\"image\/jpeg\" \/>\n<meta name=\"twitter:card\" content=\"summary_large_image\" \/>\n<meta name=\"twitter:label1\" content=\"Dur\u00e9e de lecture estim\u00e9e\" \/>\n\t<meta name=\"twitter:data1\" content=\"1 minute\" \/>\n<script type=\"application\/ld+json\" class=\"yoast-schema-graph\">{\"@context\":\"https:\/\/schema.org\",\"@graph\":[{\"@type\":\"WebPage\",\"@id\":\"http:\/\/etanec.fr\/index.php\/produit\/ensemble-rainy-pvc-100-polyamide\/\",\"url\":\"http:\/\/etanec.fr\/index.php\/produit\/ensemble-rainy-pvc-100-polyamide\/\",\"name\":\"Ensemble Rainy PVC 100% Polyamide - ETANEC\",\"isPartOf\":{\"@id\":\"https:\/\/etanec.fr\/#website\"},\"primaryImageOfPage\":{\"@id\":\"http:\/\/etanec.fr\/index.php\/produit\/ensemble-rainy-pvc-100-polyamide\/#primaryimage\"},\"image\":{\"@id\":\"http:\/\/etanec.fr\/index.php\/produit\/ensemble-rainy-pvc-100-polyamide\/#primaryimage\"},\"thumbnailUrl\":\"https:\/\/i0.wp.com\/etanec.fr\/wp-content\/uploads\/2022\/12\/ensemble-polyamide-rainy-004243015-product_zoom.jpg?fit=640%2C480&ssl=1\",\"datePublished\":\"2023-06-16T09:45:51+00:00\",\"dateModified\":\"2023-06-16T09:45:52+00:00\",\"breadcrumb\":{\"@id\":\"http:\/\/etanec.fr\/index.php\/produit\/ensemble-rainy-pvc-100-polyamide\/#breadcrumb\"},\"inLanguage\":\"fr-FR\",\"potentialAction\":[{\"@type\":\"ReadAction\",\"target\":[\"http:\/\/etanec.fr\/index.php\/produit\/ensemble-rainy-pvc-100-polyamide\/\"]}]},{\"@type\":\"ImageObject\",\"inLanguage\":\"fr-FR\",\"@id\":\"http:\/\/etanec.fr\/index.php\/produit\/ensemble-rainy-pvc-100-polyamide\/#primaryimage\",\"url\":\"https:\/\/i0.wp.com\/etanec.fr\/wp-content\/uploads\/2022\/12\/ensemble-polyamide-rainy-004243015-product_zoom.jpg?fit=640%2C480&ssl=1\",\"contentUrl\":\"https:\/\/i0.wp.com\/etanec.fr\/wp-content\/uploads\/2022\/12\/ensemble-polyamide-rainy-004243015-product_zoom.jpg?fit=640%2C480&ssl=1\",\"width\":640,\"height\":480},{\"@type\":\"BreadcrumbList\",\"@id\":\"http:\/\/etanec.fr\/index.php\/produit\/ensemble-rainy-pvc-100-polyamide\/#breadcrumb\",\"itemListElement\":[{\"@type\":\"ListItem\",\"position\":1,\"name\":\"Accueil\",\"item\":\"https:\/\/etanec.fr\/\"},{\"@type\":\"ListItem\",\"position\":2,\"name\":\"Gamme de produits\",\"item\":\"https:\/\/etanec.fr\/index.php\/boutique\/\"},{\"@type\":\"ListItem\",\"position\":3,\"name\":\"Ensemble Rainy PVC 100% Polyamide\"}]},{\"@type\":\"WebSite\",\"@id\":\"https:\/\/etanec.fr\/#website\",\"url\":\"https:\/\/etanec.fr\/\",\"name\":\"etanec.fr\",\"description\":\"Votre Solution en Outillage &amp; Fixation Enveloppe du batiment\",\"publisher\":{\"@id\":\"https:\/\/etanec.fr\/#organization\"},\"potentialAction\":[{\"@type\":\"SearchAction\",\"target\":{\"@type\":\"EntryPoint\",\"urlTemplate\":\"https:\/\/etanec.fr\/?s={search_term_string}\"},\"query-input\":{\"@type\":\"PropertyValueSpecification\",\"valueRequired\":true,\"valueName\":\"search_term_string\"}}],\"inLanguage\":\"fr-FR\"},{\"@type\":\"Organization\",\"@id\":\"https:\/\/etanec.fr\/#organization\",\"name\":\"etanec.fr\",\"url\":\"https:\/\/etanec.fr\/\",\"logo\":{\"@type\":\"ImageObject\",\"inLanguage\":\"fr-FR\",\"@id\":\"https:\/\/etanec.fr\/#\/schema\/logo\/image\/\",\"url\":\"https:\/\/i0.wp.com\/etanec.fr\/wp-content\/uploads\/2017\/11\/cropped-cropped-cropped-ETANEC-LOGO-2017-RVBTRANSP-HD-e1509965316759.png?fit=350%2C75&ssl=1\",\"contentUrl\":\"https:\/\/i0.wp.com\/etanec.fr\/wp-content\/uploads\/2017\/11\/cropped-cropped-cropped-ETANEC-LOGO-2017-RVBTRANSP-HD-e1509965316759.png?fit=350%2C75&ssl=1\",\"width\":350,\"height\":75,\"caption\":\"etanec.fr\"},\"image\":{\"@id\":\"https:\/\/etanec.fr\/#\/schema\/logo\/image\/\"},\"sameAs\":[\"https:\/\/www.linkedin.com\/company\/etanecgroup\/?viewAsMember=true\"]}]}<\/script>\n<!-- \/ Yoast SEO plugin. -->","yoast_head_json":{"title":"Ensemble Rainy PVC 100% Polyamide - ETANEC","robots":{"index":"index","follow":"follow","max-snippet":"max-snippet:-1","max-image-preview":"max-image-preview:large","max-video-preview":"max-video-preview:-1"},"canonical":"http:\/\/etanec.fr\/index.php\/produit\/ensemble-rainy-pvc-100-polyamide\/","og_locale":"fr_FR","og_type":"article","og_title":"Ensemble Rainy PVC 100% Polyamide - ETANEC","og_description":"L\u00e9ger et imperm\u00e9able  Ensemble de pluie est id\u00e9al pour vous prot\u00e9ger de la t\u00eate au pied, gr\u00e2ce \u00e0 sa mati\u00e8re polyamide enduction PVC  Les coutures et les poches sont \u00e9tanches, la capuche ajustable prot\u00e8ge le travailleur contre la pluie  Le pantalon est fonctionnel  Il poss\u00e8de des passe-mains et est ajustable \u00e0 la cheville  Couvrant et l\u00e9ger  Cet ensemble professionnel est conseill\u00e9 pour tout travail en milieu ext\u00e9rieur humide  Couleur: Marine  Tailles disponibles: L\/XL\/XXL","og_url":"http:\/\/etanec.fr\/index.php\/produit\/ensemble-rainy-pvc-100-polyamide\/","og_site_name":"ETANEC","article_modified_time":"2023-06-16T09:45:52+00:00","og_image":[{"width":640,"height":480,"url":"https:\/\/i0.wp.com\/etanec.fr\/wp-content\/uploads\/2022\/12\/ensemble-polyamide-rainy-004243015-product_zoom.jpg?fit=640%2C480","type":"image\/jpeg"}],"twitter_card":"summary_large_image","twitter_misc":{"Dur\u00e9e de lecture estim\u00e9e":"1 minute"},"schema":{"@context":"https:\/\/schema.org","@graph":[{"@type":"WebPage","@id":"http:\/\/etanec.fr\/index.php\/produit\/ensemble-rainy-pvc-100-polyamide\/","url":"http:\/\/etanec.fr\/index.php\/produit\/ensemble-rainy-pvc-100-polyamide\/","name":"Ensemble Rainy PVC 100% Polyamide - ETANEC","isPartOf":{"@id":"https:\/\/etanec.fr\/#website"},"primaryImageOfPage":{"@id":"http:\/\/etanec.fr\/index.php\/produit\/ensemble-rainy-pvc-100-polyamide\/#primaryimage"},"image":{"@id":"http:\/\/etanec.fr\/index.php\/produit\/ensemble-rainy-pvc-100-polyamide\/#primaryimage"},"thumbnailUrl":"https:\/\/i0.wp.com\/etanec.fr\/wp-content\/uploads\/2022\/12\/ensemble-polyamide-rainy-004243015-product_zoom.jpg?fit=640%2C480&ssl=1","datePublished":"2023-06-16T09:45:51+00:00","dateModified":"2023-06-16T09:45:52+00:00","breadcrumb":{"@id":"http:\/\/etanec.fr\/index.php\/produit\/ensemble-rainy-pvc-100-polyamide\/#breadcrumb"},"inLanguage":"fr-FR","potentialAction":[{"@type":"ReadAction","target":["http:\/\/etanec.fr\/index.php\/produit\/ensemble-rainy-pvc-100-polyamide\/"]}]},{"@type":"ImageObject","inLanguage":"fr-FR","@id":"http:\/\/etanec.fr\/index.php\/produit\/ensemble-rainy-pvc-100-polyamide\/#primaryimage","url":"https:\/\/i0.wp.com\/etanec.fr\/wp-content\/uploads\/2022\/12\/ensemble-polyamide-rainy-004243015-product_zoom.jpg?fit=640%2C480&ssl=1","contentUrl":"https:\/\/i0.wp.com\/etanec.fr\/wp-content\/uploads\/2022\/12\/ensemble-polyamide-rainy-004243015-product_zoom.jpg?fit=640%2C480&ssl=1","width":640,"height":480},{"@type":"BreadcrumbList","@id":"http:\/\/etanec.fr\/index.php\/produit\/ensemble-rainy-pvc-100-polyamide\/#breadcrumb","itemListElement":[{"@type":"ListItem","position":1,"name":"Accueil","item":"https:\/\/etanec.fr\/"},{"@type":"ListItem","position":2,"name":"Gamme de produits","item":"https:\/\/etanec.fr\/index.php\/boutique\/"},{"@type":"ListItem","position":3,"name":"Ensemble Rainy PVC 100% Polyamide"}]},{"@type":"WebSite","@id":"https:\/\/etanec.fr\/#website","url":"https:\/\/etanec.fr\/","name":"etanec.fr","description":"Votre Solution en Outillage &amp; Fixation Enveloppe du batiment","publisher":{"@id":"https:\/\/etanec.fr\/#organization"},"potentialAction":[{"@type":"SearchAction","target":{"@type":"EntryPoint","urlTemplate":"https:\/\/etanec.fr\/?s={search_term_string}"},"query-input":{"@type":"PropertyValueSpecification","valueRequired":true,"valueName":"search_term_string"}}],"inLanguage":"fr-FR"},{"@type":"Organization","@id":"https:\/\/etanec.fr\/#organization","name":"etanec.fr","url":"https:\/\/etanec.fr\/","logo":{"@type":"ImageObject","inLanguage":"fr-FR","@id":"https:\/\/etanec.fr\/#\/schema\/logo\/image\/","url":"https:\/\/i0.wp.com\/etanec.fr\/wp-content\/uploads\/2017\/11\/cropped-cropped-cropped-ETANEC-LOGO-2017-RVBTRANSP-HD-e1509965316759.png?fit=350%2C75&ssl=1","contentUrl":"https:\/\/i0.wp.com\/etanec.fr\/wp-content\/uploads\/2017\/11\/cropped-cropped-cropped-ETANEC-LOGO-2017-RVBTRANSP-HD-e1509965316759.png?fit=350%2C75&ssl=1","width":350,"height":75,"caption":"etanec.fr"},"image":{"@id":"https:\/\/etanec.fr\/#\/schema\/logo\/image\/"},"sameAs":["https:\/\/www.linkedin.com\/company\/etanecgroup\/?viewAsMember=true"]}]}},"jetpack_publicize_connections":[],"jetpack_sharing_enabled":true,"_links":{"self":[{"href":"https:\/\/etanec.fr\/index.php\/wp-json\/wp\/v2\/product\/3722","targetHints":{"allow":["GET"]}}],"collection":[{"href":"https:\/\/etanec.fr\/index.php\/wp-json\/wp\/v2\/product"}],"about":[{"href":"https:\/\/etanec.fr\/index.php\/wp-json\/wp\/v2\/types\/product"}],"replies":[{"embeddable":true,"href":"https:\/\/etanec.fr\/index.php\/wp-json\/wp\/v2\/comments?post=3722"}],"version-history":[{"count":2,"href":"https:\/\/etanec.fr\/index.php\/wp-json\/wp\/v2\/product\/3722\/revisions"}],"predecessor-version":[{"id":6733,"href":"https:\/\/etanec.fr\/index.php\/wp-json\/wp\/v2\/product\/3722\/revisions\/6733"}],"wp:featuredmedia":[{"embeddable":true,"href":"https:\/\/etanec.fr\/index.php\/wp-json\/wp\/v2\/media\/3723"}],"wp:attachment":[{"href":"https:\/\/etanec.fr\/index.php\/wp-json\/wp\/v2\/media?parent=3722"}],"wp:term":[{"taxonomy":"product_brand","embeddable":true,"href":"https:\/\/etanec.fr\/index.php\/wp-json\/wp\/v2\/product_brand?post=3722"},{"taxonomy":"product_cat","embeddable":true,"href":"https:\/\/etanec.fr\/index.php\/wp-json\/wp\/v2\/product_cat?post=3722"},{"taxonomy":"product_tag","embeddable":true,"href":"https:\/\/etanec.fr\/index.php\/wp-json\/wp\/v2\/product_tag?post=3722"}],"curies":[{"name":"wp","href":"https:\/\/api.w.org\/{rel}","templated":true}]}}