{"id":3779,"date":"2023-06-19T11:59:02","date_gmt":"2023-06-19T09:59:02","guid":{"rendered":"http:\/\/etanec.fr\/?post_type=product&#038;p=3779"},"modified":"2023-06-19T11:59:02","modified_gmt":"2023-06-19T09:59:02","slug":"pantalon-de-travail-alfa","status":"publish","type":"product","link":"https:\/\/etanec.fr\/index.php\/produit\/pantalon-de-travail-alfa\/","title":{"rendered":"Pantalon de travail ALFA"},"content":{"rendered":"<p>Pantalon de travail avec 2 grandes poches italiennes, poche lat\u00e9rale porte outils, poche lat\u00e9rale multifonction, poche r\u00e9volver ferm\u00e9e par velcro; porte marteau, 2 poches genouill\u00e8re r\u00e9glables, \u00e9lastique \u00e0 la taille pour un confort maximum. Il se combine avec la veste Fox. Pantalon pour Soci\u00e9t\u00e9s de transport, Charpentiers, \u00c9lectriciens, Plombiers, Soci\u00e9t\u00e9s de nettoyage, Installateurs, Magasiniers, M\u00e9caniciens. Tailles disponibles: 38 \u00e0 52. Composition: 65% polyester, 35% coton, Twill 245gr\/m2.<\/p>\n","protected":false},"excerpt":{"rendered":"<p>Pantalon de travail avec 2 grandes poches italiennes, poche lat\u00e9rale porte outils, poche lat\u00e9rale multifonction, poche r\u00e9volver ferm\u00e9e par velcro<\/p>\n<p>Porte marteau, 2 poches genouill\u00e8re r\u00e9glables, \u00e9lastique \u00e0 la taille pour un confort maximum<\/p>\n<p>Il se combine avec la veste Fox<\/p>\n<p>Pantalon pour Soci\u00e9t\u00e9s de transport, Charpentiers, \u00c9lectriciens, Plombiers, Soci\u00e9t\u00e9s de nettoyage, Installateurs, Magasiniers, M\u00e9caniciens<\/p>\n<p>Composition: 65% polyester, 35% coton, Twill 245gr\/m2<\/p>\n<p>Tailles disponibles: 38 \u00e0 52<\/p>\n","protected":false},"featured_media":3783,"comment_status":"open","ping_status":"closed","template":"","meta":{"_monsterinsights_skip_tracking":false,"_monsterinsights_sitenote_active":false,"_monsterinsights_sitenote_note":"","_monsterinsights_sitenote_category":0,"jetpack_publicize_message":"","jetpack_publicize_feature_enabled":true,"jetpack_social_post_already_shared":false,"jetpack_social_options":{"image_generator_settings":{"template":"highway","default_image_id":0,"font":"","enabled":false},"version":2}},"product_brand":[],"product_cat":[40],"product_tag":[],"class_list":{"0":"post-3779","1":"product","2":"type-product","3":"status-publish","6":"product_cat-epi","8":"first","9":"instock","10":"taxable","11":"shipping-taxable","12":"purchasable","13":"product-type-variable"},"yoast_head":"<!-- This site is optimized with the Yoast SEO plugin v26.6 - https:\/\/yoast.com\/wordpress\/plugins\/seo\/ -->\n<title>Pantalon de travail ALFA - ETANEC<\/title>\n<meta name=\"robots\" content=\"index, follow, max-snippet:-1, max-image-preview:large, max-video-preview:-1\" \/>\n<link rel=\"canonical\" href=\"http:\/\/etanec.fr\/index.php\/produit\/pantalon-de-travail-alfa\/\" \/>\n<meta property=\"og:locale\" content=\"fr_FR\" \/>\n<meta property=\"og:type\" content=\"article\" \/>\n<meta property=\"og:title\" content=\"Pantalon de travail ALFA - ETANEC\" \/>\n<meta property=\"og:description\" content=\"Pantalon de travail avec 2 grandes poches italiennes, poche lat\u00e9rale porte outils, poche lat\u00e9rale multifonction, poche r\u00e9volver ferm\u00e9e par velcro  Porte marteau, 2 poches genouill\u00e8re r\u00e9glables, \u00e9lastique \u00e0 la taille pour un confort maximum  Il se combine avec la veste Fox  Pantalon pour Soci\u00e9t\u00e9s de transport, Charpentiers, \u00c9lectriciens, Plombiers, Soci\u00e9t\u00e9s de nettoyage, Installateurs, Magasiniers, M\u00e9caniciens  Composition: 65% polyester, 35% coton, Twill 245gr\/m2  Tailles disponibles: 38 \u00e0 52\" \/>\n<meta property=\"og:url\" content=\"http:\/\/etanec.fr\/index.php\/produit\/pantalon-de-travail-alfa\/\" \/>\n<meta property=\"og:site_name\" content=\"ETANEC\" \/>\n<meta property=\"og:image\" content=\"https:\/\/i0.wp.com\/etanec.fr\/wp-content\/uploads\/2022\/12\/1231_610x610.jpeg?fit=610%2C610\" \/>\n\t<meta property=\"og:image:width\" content=\"610\" \/>\n\t<meta property=\"og:image:height\" content=\"610\" \/>\n\t<meta property=\"og:image:type\" content=\"image\/jpeg\" \/>\n<meta name=\"twitter:card\" content=\"summary_large_image\" \/>\n<meta name=\"twitter:label1\" content=\"Dur\u00e9e de lecture estim\u00e9e\" \/>\n\t<meta name=\"twitter:data1\" content=\"1 minute\" \/>\n<script type=\"application\/ld+json\" class=\"yoast-schema-graph\">{\"@context\":\"https:\/\/schema.org\",\"@graph\":[{\"@type\":\"WebPage\",\"@id\":\"http:\/\/etanec.fr\/index.php\/produit\/pantalon-de-travail-alfa\/\",\"url\":\"http:\/\/etanec.fr\/index.php\/produit\/pantalon-de-travail-alfa\/\",\"name\":\"Pantalon de travail ALFA - ETANEC\",\"isPartOf\":{\"@id\":\"https:\/\/etanec.fr\/#website\"},\"primaryImageOfPage\":{\"@id\":\"http:\/\/etanec.fr\/index.php\/produit\/pantalon-de-travail-alfa\/#primaryimage\"},\"image\":{\"@id\":\"http:\/\/etanec.fr\/index.php\/produit\/pantalon-de-travail-alfa\/#primaryimage\"},\"thumbnailUrl\":\"https:\/\/i0.wp.com\/etanec.fr\/wp-content\/uploads\/2022\/12\/1231_610x610.jpeg?fit=610%2C610&ssl=1\",\"datePublished\":\"2023-06-19T09:59:02+00:00\",\"breadcrumb\":{\"@id\":\"http:\/\/etanec.fr\/index.php\/produit\/pantalon-de-travail-alfa\/#breadcrumb\"},\"inLanguage\":\"fr-FR\",\"potentialAction\":[{\"@type\":\"ReadAction\",\"target\":[\"http:\/\/etanec.fr\/index.php\/produit\/pantalon-de-travail-alfa\/\"]}]},{\"@type\":\"ImageObject\",\"inLanguage\":\"fr-FR\",\"@id\":\"http:\/\/etanec.fr\/index.php\/produit\/pantalon-de-travail-alfa\/#primaryimage\",\"url\":\"https:\/\/i0.wp.com\/etanec.fr\/wp-content\/uploads\/2022\/12\/1231_610x610.jpeg?fit=610%2C610&ssl=1\",\"contentUrl\":\"https:\/\/i0.wp.com\/etanec.fr\/wp-content\/uploads\/2022\/12\/1231_610x610.jpeg?fit=610%2C610&ssl=1\",\"width\":610,\"height\":610},{\"@type\":\"BreadcrumbList\",\"@id\":\"http:\/\/etanec.fr\/index.php\/produit\/pantalon-de-travail-alfa\/#breadcrumb\",\"itemListElement\":[{\"@type\":\"ListItem\",\"position\":1,\"name\":\"Accueil\",\"item\":\"https:\/\/etanec.fr\/\"},{\"@type\":\"ListItem\",\"position\":2,\"name\":\"Gamme de produits\",\"item\":\"https:\/\/etanec.fr\/index.php\/boutique\/\"},{\"@type\":\"ListItem\",\"position\":3,\"name\":\"Pantalon de travail ALFA\"}]},{\"@type\":\"WebSite\",\"@id\":\"https:\/\/etanec.fr\/#website\",\"url\":\"https:\/\/etanec.fr\/\",\"name\":\"etanec.fr\",\"description\":\"Votre Solution en Outillage &amp; Fixation Enveloppe du batiment\",\"publisher\":{\"@id\":\"https:\/\/etanec.fr\/#organization\"},\"potentialAction\":[{\"@type\":\"SearchAction\",\"target\":{\"@type\":\"EntryPoint\",\"urlTemplate\":\"https:\/\/etanec.fr\/?s={search_term_string}\"},\"query-input\":{\"@type\":\"PropertyValueSpecification\",\"valueRequired\":true,\"valueName\":\"search_term_string\"}}],\"inLanguage\":\"fr-FR\"},{\"@type\":\"Organization\",\"@id\":\"https:\/\/etanec.fr\/#organization\",\"name\":\"etanec.fr\",\"url\":\"https:\/\/etanec.fr\/\",\"logo\":{\"@type\":\"ImageObject\",\"inLanguage\":\"fr-FR\",\"@id\":\"https:\/\/etanec.fr\/#\/schema\/logo\/image\/\",\"url\":\"https:\/\/i0.wp.com\/etanec.fr\/wp-content\/uploads\/2017\/11\/cropped-cropped-cropped-ETANEC-LOGO-2017-RVBTRANSP-HD-e1509965316759.png?fit=350%2C75&ssl=1\",\"contentUrl\":\"https:\/\/i0.wp.com\/etanec.fr\/wp-content\/uploads\/2017\/11\/cropped-cropped-cropped-ETANEC-LOGO-2017-RVBTRANSP-HD-e1509965316759.png?fit=350%2C75&ssl=1\",\"width\":350,\"height\":75,\"caption\":\"etanec.fr\"},\"image\":{\"@id\":\"https:\/\/etanec.fr\/#\/schema\/logo\/image\/\"},\"sameAs\":[\"https:\/\/www.linkedin.com\/company\/etanecgroup\/?viewAsMember=true\"]}]}<\/script>\n<!-- \/ Yoast SEO plugin. -->","yoast_head_json":{"title":"Pantalon de travail ALFA - ETANEC","robots":{"index":"index","follow":"follow","max-snippet":"max-snippet:-1","max-image-preview":"max-image-preview:large","max-video-preview":"max-video-preview:-1"},"canonical":"http:\/\/etanec.fr\/index.php\/produit\/pantalon-de-travail-alfa\/","og_locale":"fr_FR","og_type":"article","og_title":"Pantalon de travail ALFA - ETANEC","og_description":"Pantalon de travail avec 2 grandes poches italiennes, poche lat\u00e9rale porte outils, poche lat\u00e9rale multifonction, poche r\u00e9volver ferm\u00e9e par velcro  Porte marteau, 2 poches genouill\u00e8re r\u00e9glables, \u00e9lastique \u00e0 la taille pour un confort maximum  Il se combine avec la veste Fox  Pantalon pour Soci\u00e9t\u00e9s de transport, Charpentiers, \u00c9lectriciens, Plombiers, Soci\u00e9t\u00e9s de nettoyage, Installateurs, Magasiniers, M\u00e9caniciens  Composition: 65% polyester, 35% coton, Twill 245gr\/m2  Tailles disponibles: 38 \u00e0 52","og_url":"http:\/\/etanec.fr\/index.php\/produit\/pantalon-de-travail-alfa\/","og_site_name":"ETANEC","og_image":[{"width":610,"height":610,"url":"https:\/\/i0.wp.com\/etanec.fr\/wp-content\/uploads\/2022\/12\/1231_610x610.jpeg?fit=610%2C610","type":"image\/jpeg"}],"twitter_card":"summary_large_image","twitter_misc":{"Dur\u00e9e de lecture estim\u00e9e":"1 minute"},"schema":{"@context":"https:\/\/schema.org","@graph":[{"@type":"WebPage","@id":"http:\/\/etanec.fr\/index.php\/produit\/pantalon-de-travail-alfa\/","url":"http:\/\/etanec.fr\/index.php\/produit\/pantalon-de-travail-alfa\/","name":"Pantalon de travail ALFA - ETANEC","isPartOf":{"@id":"https:\/\/etanec.fr\/#website"},"primaryImageOfPage":{"@id":"http:\/\/etanec.fr\/index.php\/produit\/pantalon-de-travail-alfa\/#primaryimage"},"image":{"@id":"http:\/\/etanec.fr\/index.php\/produit\/pantalon-de-travail-alfa\/#primaryimage"},"thumbnailUrl":"https:\/\/i0.wp.com\/etanec.fr\/wp-content\/uploads\/2022\/12\/1231_610x610.jpeg?fit=610%2C610&ssl=1","datePublished":"2023-06-19T09:59:02+00:00","breadcrumb":{"@id":"http:\/\/etanec.fr\/index.php\/produit\/pantalon-de-travail-alfa\/#breadcrumb"},"inLanguage":"fr-FR","potentialAction":[{"@type":"ReadAction","target":["http:\/\/etanec.fr\/index.php\/produit\/pantalon-de-travail-alfa\/"]}]},{"@type":"ImageObject","inLanguage":"fr-FR","@id":"http:\/\/etanec.fr\/index.php\/produit\/pantalon-de-travail-alfa\/#primaryimage","url":"https:\/\/i0.wp.com\/etanec.fr\/wp-content\/uploads\/2022\/12\/1231_610x610.jpeg?fit=610%2C610&ssl=1","contentUrl":"https:\/\/i0.wp.com\/etanec.fr\/wp-content\/uploads\/2022\/12\/1231_610x610.jpeg?fit=610%2C610&ssl=1","width":610,"height":610},{"@type":"BreadcrumbList","@id":"http:\/\/etanec.fr\/index.php\/produit\/pantalon-de-travail-alfa\/#breadcrumb","itemListElement":[{"@type":"ListItem","position":1,"name":"Accueil","item":"https:\/\/etanec.fr\/"},{"@type":"ListItem","position":2,"name":"Gamme de produits","item":"https:\/\/etanec.fr\/index.php\/boutique\/"},{"@type":"ListItem","position":3,"name":"Pantalon de travail ALFA"}]},{"@type":"WebSite","@id":"https:\/\/etanec.fr\/#website","url":"https:\/\/etanec.fr\/","name":"etanec.fr","description":"Votre Solution en Outillage &amp; Fixation Enveloppe du batiment","publisher":{"@id":"https:\/\/etanec.fr\/#organization"},"potentialAction":[{"@type":"SearchAction","target":{"@type":"EntryPoint","urlTemplate":"https:\/\/etanec.fr\/?s={search_term_string}"},"query-input":{"@type":"PropertyValueSpecification","valueRequired":true,"valueName":"search_term_string"}}],"inLanguage":"fr-FR"},{"@type":"Organization","@id":"https:\/\/etanec.fr\/#organization","name":"etanec.fr","url":"https:\/\/etanec.fr\/","logo":{"@type":"ImageObject","inLanguage":"fr-FR","@id":"https:\/\/etanec.fr\/#\/schema\/logo\/image\/","url":"https:\/\/i0.wp.com\/etanec.fr\/wp-content\/uploads\/2017\/11\/cropped-cropped-cropped-ETANEC-LOGO-2017-RVBTRANSP-HD-e1509965316759.png?fit=350%2C75&ssl=1","contentUrl":"https:\/\/i0.wp.com\/etanec.fr\/wp-content\/uploads\/2017\/11\/cropped-cropped-cropped-ETANEC-LOGO-2017-RVBTRANSP-HD-e1509965316759.png?fit=350%2C75&ssl=1","width":350,"height":75,"caption":"etanec.fr"},"image":{"@id":"https:\/\/etanec.fr\/#\/schema\/logo\/image\/"},"sameAs":["https:\/\/www.linkedin.com\/company\/etanecgroup\/?viewAsMember=true"]}]}},"jetpack_publicize_connections":[],"jetpack_sharing_enabled":true,"_links":{"self":[{"href":"https:\/\/etanec.fr\/index.php\/wp-json\/wp\/v2\/product\/3779","targetHints":{"allow":["GET"]}}],"collection":[{"href":"https:\/\/etanec.fr\/index.php\/wp-json\/wp\/v2\/product"}],"about":[{"href":"https:\/\/etanec.fr\/index.php\/wp-json\/wp\/v2\/types\/product"}],"replies":[{"embeddable":true,"href":"https:\/\/etanec.fr\/index.php\/wp-json\/wp\/v2\/comments?post=3779"}],"version-history":[{"count":2,"href":"https:\/\/etanec.fr\/index.php\/wp-json\/wp\/v2\/product\/3779\/revisions"}],"predecessor-version":[{"id":6748,"href":"https:\/\/etanec.fr\/index.php\/wp-json\/wp\/v2\/product\/3779\/revisions\/6748"}],"wp:featuredmedia":[{"embeddable":true,"href":"https:\/\/etanec.fr\/index.php\/wp-json\/wp\/v2\/media\/3783"}],"wp:attachment":[{"href":"https:\/\/etanec.fr\/index.php\/wp-json\/wp\/v2\/media?parent=3779"}],"wp:term":[{"taxonomy":"product_brand","embeddable":true,"href":"https:\/\/etanec.fr\/index.php\/wp-json\/wp\/v2\/product_brand?post=3779"},{"taxonomy":"product_cat","embeddable":true,"href":"https:\/\/etanec.fr\/index.php\/wp-json\/wp\/v2\/product_cat?post=3779"},{"taxonomy":"product_tag","embeddable":true,"href":"https:\/\/etanec.fr\/index.php\/wp-json\/wp\/v2\/product_tag?post=3779"}],"curies":[{"name":"wp","href":"https:\/\/api.w.org\/{rel}","templated":true}]}}

<p>Pantalon de travail avec 2 grandes poches italiennes, poche latérale porte outils, poche latérale multifonction, poche révolver fermée par velcro; porte marteau, 2 poches genouillère réglables, élastique à la taille pour un confort maximum. Il se combine avec la veste Fox. Pantalon pour Sociétés de transport, Charpentiers, Électriciens, Plombiers, Sociétés de nettoyage, Installateurs, Magasiniers, Mécaniciens. Tailles disponibles: 38 à 52. Composition: 65% polyester, 35% coton, Twill 245gr/m2.</p>

<p>Pantalon de travail avec 2 grandes poches italiennes, poche latérale porte outils, poche latérale multifonction, poche révolver fermée par velcro</p>
<p>Porte marteau, 2 poches genouillère réglables, élastique à la taille pour un confort maximum</p>
<p>Il se combine avec la veste Fox</p>
<p>Pantalon pour Sociétés de transport, Charpentiers, Électriciens, Plombiers, Sociétés de nettoyage, Installateurs, Magasiniers, Mécaniciens</p>
<p>Composition: 65% polyester, 35% coton, Twill 245gr/m2</p>
<p>Tailles disponibles: 38 à 52</p>

<!-- This site is optimized with the Yoast SEO plugin v26.6 - https://yoast.com/wordpress/plugins/seo/ -->
<title>Pantalon de travail ALFA - ETANEC</title>
<meta name="robots" content="index, follow, max-snippet:-1, max-image-preview:large, max-video-preview:-1" />
<link rel="canonical" href="http://etanec.fr/index.php/produit/pantalon-de-travail-alfa/" />
<meta property="og:locale" content="fr_FR" />
<meta property="og:type" content="article" />
<meta property="og:title" content="Pantalon de travail ALFA - ETANEC" />
<meta property="og:description" content="Pantalon de travail avec 2 grandes poches italiennes, poche latérale porte outils, poche latérale multifonction, poche révolver fermée par velcro  Porte marteau, 2 poches genouillère réglables, élastique à la taille pour un confort maximum  Il se combine avec la veste Fox  Pantalon pour Sociétés de transport, Charpentiers, Électriciens, Plombiers, Sociétés de nettoyage, Installateurs, Magasiniers, Mécaniciens  Composition: 65% polyester, 35% coton, Twill 245gr/m2  Tailles disponibles: 38 à 52" />
<meta property="og:url" content="http://etanec.fr/index.php/produit/pantalon-de-travail-alfa/" />
<meta property="og:site_name" content="ETANEC" />
<meta property="og:image" content="https://i0.wp.com/etanec.fr/wp-content/uploads/2022/12/1231_610x610.jpeg?fit=610%2C610" />
	<meta property="og:image:width" content="610" />
	<meta property="og:image:height" content="610" />
	<meta property="og:image:type" content="image/jpeg" />
<meta name="twitter:card" content="summary_large_image" />
<meta name="twitter:label1" content="Durée de lecture estimée" />
	<meta name="twitter:data1" content="1 minute" />
<script type="application/ld+json" class="yoast-schema-graph">{"@context":"https://schema.org","@graph":[{"@type":"WebPage","@id":"http://etanec.fr/index.php/produit/pantalon-de-travail-alfa/","url":"http://etanec.fr/index.php/produit/pantalon-de-travail-alfa/","name":"Pantalon de travail ALFA - ETANEC","isPartOf":{"@id":"https://etanec.fr/#website"},"primaryImageOfPage":{"@id":"http://etanec.fr/index.php/produit/pantalon-de-travail-alfa/#primaryimage"},"image":{"@id":"http://etanec.fr/index.php/produit/pantalon-de-travail-alfa/#primaryimage"},"thumbnailUrl":"https://i0.wp.com/etanec.fr/wp-content/uploads/2022/12/1231_610x610.jpeg?fit=610%2C610&ssl=1","datePublished":"2023-06-19T09:59:02+00:00","breadcrumb":{"@id":"http://etanec.fr/index.php/produit/pantalon-de-travail-alfa/#breadcrumb"},"inLanguage":"fr-FR","potentialAction":[{"@type":"ReadAction","target":["http://etanec.fr/index.php/produit/pantalon-de-travail-alfa/"]}]},{"@type":"ImageObject","inLanguage":"fr-FR","@id":"http://etanec.fr/index.php/produit/pantalon-de-travail-alfa/#primaryimage","url":"https://i0.wp.com/etanec.fr/wp-content/uploads/2022/12/1231_610x610.jpeg?fit=610%2C610&ssl=1","contentUrl":"https://i0.wp.com/etanec.fr/wp-content/uploads/2022/12/1231_610x610.jpeg?fit=610%2C610&ssl=1","width":610,"height":610},{"@type":"BreadcrumbList","@id":"http://etanec.fr/index.php/produit/pantalon-de-travail-alfa/#breadcrumb","itemListElement":[{"@type":"ListItem","position":1,"name":"Accueil","item":"https://etanec.fr/"},{"@type":"ListItem","position":2,"name":"Gamme de produits","item":"https://etanec.fr/index.php/boutique/"},{"@type":"ListItem","position":3,"name":"Pantalon de travail ALFA"}]},{"@type":"WebSite","@id":"https://etanec.fr/#website","url":"https://etanec.fr/","name":"etanec.fr","description":"Votre Solution en Outillage &amp; Fixation Enveloppe du batiment","publisher":{"@id":"https://etanec.fr/#organization"},"potentialAction":[{"@type":"SearchAction","target":{"@type":"EntryPoint","urlTemplate":"https://etanec.fr/?s={search_term_string}"},"query-input":{"@type":"PropertyValueSpecification","valueRequired":true,"valueName":"search_term_string"}}],"inLanguage":"fr-FR"},{"@type":"Organization","@id":"https://etanec.fr/#organization","name":"etanec.fr","url":"https://etanec.fr/","logo":{"@type":"ImageObject","inLanguage":"fr-FR","@id":"https://etanec.fr/#/schema/logo/image/","url":"https://i0.wp.com/etanec.fr/wp-content/uploads/2017/11/cropped-cropped-cropped-ETANEC-LOGO-2017-RVBTRANSP-HD-e1509965316759.png?fit=350%2C75&ssl=1","contentUrl":"https://i0.wp.com/etanec.fr/wp-content/uploads/2017/11/cropped-cropped-cropped-ETANEC-LOGO-2017-RVBTRANSP-HD-e1509965316759.png?fit=350%2C75&ssl=1","width":350,"height":75,"caption":"etanec.fr"},"image":{"@id":"https://etanec.fr/#/schema/logo/image/"},"sameAs":["https://www.linkedin.com/company/etanecgroup/?viewAsMember=true"]}]}</script>
<!-- / Yoast SEO plugin. -->

Pantalon de travail avec 2 grandes poches italiennes, poche latérale porte outils, poche latérale multifonction, poche révolver fermée par velcro  Porte marteau, 2 poches genouillère réglables, élastique à la taille pour un confort maximum  Il se combine avec la veste Fox  Pantalon pour Sociétés de transport, Charpentiers, Électriciens, Plombiers, Sociétés de nettoyage, Installateurs, Magasiniers, Mécaniciens  Composition: 65% polyester, 35% coton, Twill 245gr/m2  Tailles disponibles: 38 à 52
